{"id":4087,"date":"2017-09-27T12:29:16","date_gmt":"2017-09-27T11:29:16","guid":{"rendered":"https:\/\/bagesturisme.cat\/?post_type=restauracio&#038;p=4087"},"modified":"2021-02-19T10:40:36","modified_gmt":"2021-02-19T09:40:36","slug":"restaurant-cal-jaume","status":"publish","type":"restauracio","link":"https:\/\/www.bagesturisme.cat\/fr\/restauracio\/restaurant-cal-jaume\/","title":{"rendered":"Restaurant Cal Jaume"},"content":{"rendered":"Segona generaci\u00f3 del restaurant, situat al poble de\u00a0Marganell, als peus de la muntanya de\u00a0Montserrat, des d&rsquo;on podrem gaudir d&rsquo;un bon \u00e0pat mentre ens acomanyen unes meravelloses vistes de la muntanya de\u00a0Montserrat.<\/p>\n<p>La nostra gastronomia es caracteritza per la cuina tradicional catalana amb tocs de modernitat, respectant el producte de proximitat i de temporada amb especialitats en\u00a0arrossos,\u00a0carns\u00a0i\u00a0peixos\u00a0a la brasa de carb\u00f3 d&rsquo;alsina i tamb\u00e9 per la tradici\u00f3 \u00ab\u00a0matonera\u00a0\u00bb de la zona i la familia.<\/p>","protected":false},"author":17,"featured_media":8894,"template":"","class_list":["post-4087","restauracio","type-restauracio","status-publish","has-post-thumbnail","hentry","municipi-marganell","indicadors-restaurants-gastronomics"],"acf":{"adreca":"C. Sant Esteve, 38, Marganell","web":"http:\/\/www.restaurantcaljaume.com","email":"info@restaurantcaljaume.com","tel":"93 835 71 50","galeria":[{"ID":4088,"id":4088,"title":"","filename":"DSC_2868.jpg","filesize":239622,"url":"https:\/\/www.bagesturisme.cat\/wp-content\/uploads\/2017\/09\/DSC_2868.jpg","link":"https:\/\/www.bagesturisme.cat\/fr\/restauracio\/restaurant-cal-jaume\/dsc_2868\/","alt":"","author":"3","description":"","caption":"","name":"dsc_2868","status":"inherit","uploaded_to":4087,"date":"2017-09-27 11:29:08","modified":"2017-09-27 11:29:55","menu_order":0,"mime_type":"image\/jpeg","type":"image","subtype":"jpeg","icon":"https:\/\/www.bagesturisme.cat\/wp-includes\/images\/media\/default.png","width":1200,"height":797,"sizes":{"thumbnail":"https:\/\/www.bagesturisme.cat\/wp-content\/uploads\/2017\/09\/DSC_2868-150x150.jpg","thumbnail-width":150,"thumbnail-height":150,"medium":"https:\/\/www.bagesturisme.cat\/wp-content\/uploads\/2017\/09\/DSC_2868-602x400.jpg","medium-width":602,"medium-height":400,"medium_large":"https:\/\/www.bagesturisme.cat\/wp-content\/uploads\/2017\/09\/DSC_2868-768x510.jpg","medium_large-width":768,"medium_large-height":510,"large":"https:\/\/www.bagesturisme.cat\/wp-content\/uploads\/2017\/09\/DSC_2868.jpg","large-width":1170,"large-height":777,"1536x1536":"https:\/\/www.bagesturisme.cat\/wp-content\/uploads\/2017\/09\/DSC_2868.jpg","1536x1536-width":1200,"1536x1536-height":797,"2048x2048":"https:\/\/www.bagesturisme.cat\/wp-content\/uploads\/2017\/09\/DSC_2868.jpg","2048x2048-width":1200,"2048x2048-height":797,"blog-large":"https:\/\/www.bagesturisme.cat\/wp-content\/uploads\/2017\/09\/DSC_2868.jpg","blog-large-width":410,"blog-large-height":272,"blog-medium":"https:\/\/www.bagesturisme.cat\/wp-content\/uploads\/2017\/09\/DSC_2868.jpg","blog-medium-width":304,"blog-medium-height":202,"recent-posts":"https:\/\/www.bagesturisme.cat\/wp-content\/uploads\/2017\/09\/DSC_2868.jpg","recent-posts-width":664,"recent-posts-height":441,"recent-works-thumbnail":"https:\/\/www.bagesturisme.cat\/wp-content\/uploads\/2017\/09\/DSC_2868.jpg","recent-works-thumbnail-width":66,"recent-works-thumbnail-height":44,"fusion-200":"https:\/\/www.bagesturisme.cat\/wp-content\/uploads\/2017\/09\/DSC_2868.jpg","fusion-200-width":200,"fusion-200-height":133,"fusion-400":"https:\/\/www.bagesturisme.cat\/wp-content\/uploads\/2017\/09\/DSC_2868.jpg","fusion-400-width":400,"fusion-400-height":266,"fusion-600":"https:\/\/www.bagesturisme.cat\/wp-content\/uploads\/2017\/09\/DSC_2868.jpg","fusion-600-width":600,"fusion-600-height":399,"fusion-800":"https:\/\/www.bagesturisme.cat\/wp-content\/uploads\/2017\/09\/DSC_2868.jpg","fusion-800-width":800,"fusion-800-height":531,"fusion-1200":"https:\/\/www.bagesturisme.cat\/wp-content\/uploads\/2017\/09\/DSC_2868.jpg","fusion-1200-width":1200,"fusion-1200-height":797,"portfolio-full":"https:\/\/www.bagesturisme.cat\/wp-content\/uploads\/2017\/09\/DSC_2868.jpg","portfolio-full-width":602,"portfolio-full-height":400,"portfolio-one":"https:\/\/www.bagesturisme.cat\/wp-content\/uploads\/2017\/09\/DSC_2868.jpg","portfolio-one-width":410,"portfolio-one-height":272,"portfolio-two":"https:\/\/www.bagesturisme.cat\/wp-content\/uploads\/2017\/09\/DSC_2868.jpg","portfolio-two-width":444,"portfolio-two-height":295,"portfolio-three":"https:\/\/www.bagesturisme.cat\/wp-content\/uploads\/2017\/09\/DSC_2868.jpg","portfolio-three-width":300,"portfolio-three-height":199,"portfolio-five":"https:\/\/www.bagesturisme.cat\/wp-content\/uploads\/2017\/09\/DSC_2868.jpg","portfolio-five-width":177,"portfolio-five-height":118}},{"ID":4091,"id":4091,"title":"","filename":"DSC_3042.jpg","filesize":242160,"url":"https:\/\/www.bagesturisme.cat\/wp-content\/uploads\/2017\/09\/DSC_3042.jpg","link":"https:\/\/www.bagesturisme.cat\/fr\/restauracio\/restaurant-cal-jaume\/dsc_3042\/","alt":"","author":"3","description":"","caption":"","name":"dsc_3042","status":"inherit","uploaded_to":4087,"date":"2017-09-27 11:29:50","modified":"2017-09-27 11:29:58","menu_order":0,"mime_type":"image\/jpeg","type":"image","subtype":"jpeg","icon":"https:\/\/www.bagesturisme.cat\/wp-includes\/images\/media\/default.png","width":1200,"height":797,"sizes":{"thumbnail":"https:\/\/www.bagesturisme.cat\/wp-content\/uploads\/2017\/09\/DSC_3042-150x150.jpg","thumbnail-width":150,"thumbnail-height":150,"medium":"https:\/\/www.bagesturisme.cat\/wp-content\/uploads\/2017\/09\/DSC_3042-602x400.jpg","medium-width":602,"medium-height":400,"medium_large":"https:\/\/www.bagesturisme.cat\/wp-content\/uploads\/2017\/09\/DSC_3042-768x510.jpg","medium_large-width":768,"medium_large-height":510,"large":"https:\/\/www.bagesturisme.cat\/wp-content\/uploads\/2017\/09\/DSC_3042.jpg","large-width":1170,"large-height":777,"1536x1536":"https:\/\/www.bagesturisme.cat\/wp-content\/uploads\/2017\/09\/DSC_3042.jpg","1536x1536-width":1200,"1536x1536-height":797,"2048x2048":"https:\/\/www.bagesturisme.cat\/wp-content\/uploads\/2017\/09\/DSC_3042.jpg","2048x2048-width":1200,"2048x2048-height":797,"blog-large":"https:\/\/www.bagesturisme.cat\/wp-content\/uploads\/2017\/09\/DSC_3042.jpg","blog-large-width":410,"blog-large-height":272,"blog-medium":"https:\/\/www.bagesturisme.cat\/wp-content\/uploads\/2017\/09\/DSC_3042.jpg","blog-medium-width":304,"blog-medium-height":202,"recent-posts":"https:\/\/www.bagesturisme.cat\/wp-content\/uploads\/2017\/09\/DSC_3042.jpg","recent-posts-width":664,"recent-posts-height":441,"recent-works-thumbnail":"https:\/\/www.bagesturisme.cat\/wp-content\/uploads\/2017\/09\/DSC_3042.jpg","recent-works-thumbnail-width":66,"recent-works-thumbnail-height":44,"fusion-200":"https:\/\/www.bagesturisme.cat\/wp-content\/uploads\/2017\/09\/DSC_3042.jpg","fusion-200-width":200,"fusion-200-height":133,"fusion-400":"https:\/\/www.bagesturisme.cat\/wp-content\/uploads\/2017\/09\/DSC_3042.jpg","fusion-400-width":400,"fusion-400-height":266,"fusion-600":"https:\/\/www.bagesturisme.cat\/wp-content\/uploads\/2017\/09\/DSC_3042.jpg","fusion-600-width":600,"fusion-600-height":399,"fusion-800":"https:\/\/www.bagesturisme.cat\/wp-content\/uploads\/2017\/09\/DSC_3042.jpg","fusion-800-width":800,"fusion-800-height":531,"fusion-1200":"https:\/\/www.bagesturisme.cat\/wp-content\/uploads\/2017\/09\/DSC_3042.jpg","fusion-1200-width":1200,"fusion-1200-height":797,"portfolio-full":"https:\/\/www.bagesturisme.cat\/wp-content\/uploads\/2017\/09\/DSC_3042.jpg","portfolio-full-width":602,"portfolio-full-height":400,"portfolio-one":"https:\/\/www.bagesturisme.cat\/wp-content\/uploads\/2017\/09\/DSC_3042.jpg","portfolio-one-width":410,"portfolio-one-height":272,"portfolio-two":"https:\/\/www.bagesturisme.cat\/wp-content\/uploads\/2017\/09\/DSC_3042.jpg","portfolio-two-width":444,"portfolio-two-height":295,"portfolio-three":"https:\/\/www.bagesturisme.cat\/wp-content\/uploads\/2017\/09\/DSC_3042.jpg","portfolio-three-width":300,"portfolio-three-height":199,"portfolio-five":"https:\/\/www.bagesturisme.cat\/wp-content\/uploads\/2017\/09\/DSC_3042.jpg","portfolio-five-width":177,"portfolio-five-height":118}}],"ubicacio":{"address":"C. Sant Esteve, 38, Marganell","lat":"41.6404041","lng":"1.7900849000000107"}},"_links":{"self":[{"href":"https:\/\/www.bagesturisme.cat\/fr\/wp-json\/wp\/v2\/restauracio\/4087","targetHints":{"allow":["GET"]}}],"collection":[{"href":"https:\/\/www.bagesturisme.cat\/fr\/wp-json\/wp\/v2\/restauracio"}],"about":[{"href":"https:\/\/www.bagesturisme.cat\/fr\/wp-json\/wp\/v2\/types\/restauracio"}],"author":[{"embeddable":true,"href":"https:\/\/www.bagesturisme.cat\/fr\/wp-json\/wp\/v2\/users\/17"}],"version-history":[{"count":16,"href":"https:\/\/www.bagesturisme.cat\/fr\/wp-json\/wp\/v2\/restauracio\/4087\/revisions"}],"predecessor-version":[{"id":8895,"href":"https:\/\/www.bagesturisme.cat\/fr\/wp-json\/wp\/v2\/restauracio\/4087\/revisions\/8895"}],"wp:featuredmedia":[{"embeddable":true,"href":"https:\/\/www.bagesturisme.cat\/fr\/wp-json\/wp\/v2\/media\/8894"}],"wp:attachment":[{"href":"https:\/\/www.bagesturisme.cat\/fr\/wp-json\/wp\/v2\/media?parent=4087"}],"curies":[{"name":"wp","href":"https:\/\/api.w.org\/{rel}","templated":true}]}}

Segona generació del restaurant, situat al poble de Marganell, als peus de la muntanya de Montserrat, des d&rsquo;on podrem gaudir d&rsquo;un bon àpat mentre ens acomanyen unes meravelloses vistes de la muntanya de Montserrat.</p>
<p>La nostra gastronomia es caracteritza per la cuina tradicional catalana amb tocs de modernitat, respectant el producte de proximitat i de temporada amb especialitats en arrossos, carns i peixos a la brasa de carbó d&rsquo;alsina i també per la tradició « matonera » de la zona i la familia.</p>
