{"id":2538,"date":"2017-08-01T12:22:03","date_gmt":"2017-08-01T11:22:03","guid":{"rendered":"https:\/\/bagesturisme.cat\/?post_type=restauracio&#038;p=2538"},"modified":"2024-09-24T10:42:10","modified_gmt":"2024-09-24T09:42:10","slug":"restaurant-la-premsa","status":"publish","type":"restauracio","link":"https:\/\/www.bagesturisme.cat\/fr\/restauracio\/restaurant-la-premsa\/","title":{"rendered":"Restaurant La Premsa"},"content":{"rendered":"<p>La nostra \u00e9s una cuina amb arrel tradicional,\u00a0per\u00f2 amb elaboraci\u00f3 i presentaci\u00f3 d&rsquo;autor.<\/p>\n<p>La Premsa et presenta una gastronomia de temporada, inspirada en els productes fresos del pa\u00eds i en l&rsquo;alimentaci\u00f3 mediterr\u00e0nia de mar i muntanya. Alhora, hem volgut estar a l&rsquo;abast de totes les butxaques, amb l&rsquo;objectiu que qualsevol persona o fam\u00edlia pugui gaudir de les nostres especialitats.<\/p>\n<p>La nostra gastronomia no es pot entendre sense els lligams que ens uneixen amb l&rsquo;<strong>oli<\/strong>\u00a0i el\u00a0<strong>vi<\/strong>. Per aix\u00f2 procurem lligar els nostres plats amb aquests productes, i comptem amb una carta de vins seleccionada especialment per a les cartes de cada temporada. De fet, els nostres clients poden escollir el vi personalment, o degustar-lo simplement, al nostre celler. Tamb\u00e9 poden adquirir els seus productes directament, sense passar per la taula. La nostra \u00e9s, sense cap dubte, una aposta pels productes de la terra.<\/p>\n","protected":false},"author":10,"featured_media":8931,"template":"","class_list":["post-2538","restauracio","type-restauracio","status-publish","has-post-thumbnail","hentry","municipi-cardona","indicadors-restaurants-gastronomics"],"acf":{"adreca":"C. de l\u2019Esglesia, 53, Cardona","web":"http:\/\/www.lapremsahotelrural.com","email":"lapremsa@lapremsahotelrural.com","tel":"93 869 17 83","galeria":false,"ubicacio":{"address":"Carrer de l\u2019Esglesia, 53 08261 - La Coromina, Cardona","lat":"41.90925","lng":"1.6956599999999753"}},"_links":{"self":[{"href":"https:\/\/www.bagesturisme.cat\/fr\/wp-json\/wp\/v2\/restauracio\/2538","targetHints":{"allow":["GET"]}}],"collection":[{"href":"https:\/\/www.bagesturisme.cat\/fr\/wp-json\/wp\/v2\/restauracio"}],"about":[{"href":"https:\/\/www.bagesturisme.cat\/fr\/wp-json\/wp\/v2\/types\/restauracio"}],"author":[{"embeddable":true,"href":"https:\/\/www.bagesturisme.cat\/fr\/wp-json\/wp\/v2\/users\/10"}],"version-history":[{"count":13,"href":"https:\/\/www.bagesturisme.cat\/fr\/wp-json\/wp\/v2\/restauracio\/2538\/revisions"}],"predecessor-version":[{"id":12037,"href":"https:\/\/www.bagesturisme.cat\/fr\/wp-json\/wp\/v2\/restauracio\/2538\/revisions\/12037"}],"wp:featuredmedia":[{"embeddable":true,"href":"https:\/\/www.bagesturisme.cat\/fr\/wp-json\/wp\/v2\/media\/8931"}],"wp:attachment":[{"href":"https:\/\/www.bagesturisme.cat\/fr\/wp-json\/wp\/v2\/media?parent=2538"}],"curies":[{"name":"wp","href":"https:\/\/api.w.org\/{rel}","templated":true}]}}

<p>La nostra és una cuina amb arrel tradicional, però amb elaboració i presentació d&rsquo;autor.</p>
<p>La Premsa et presenta una gastronomia de temporada, inspirada en els productes fresos del país i en l&rsquo;alimentació mediterrània de mar i muntanya. Alhora, hem volgut estar a l&rsquo;abast de totes les butxaques, amb l&rsquo;objectiu que qualsevol persona o família pugui gaudir de les nostres especialitats.</p>
<p>La nostra gastronomia no es pot entendre sense els lligams que ens uneixen amb l&rsquo;<strong>oli</strong> i el <strong>vi</strong>. Per això procurem lligar els nostres plats amb aquests productes, i comptem amb una carta de vins seleccionada especialment per a les cartes de cada temporada. De fet, els nostres clients poden escollir el vi personalment, o degustar-lo simplement, al nostre celler. També poden adquirir els seus productes directament, sense passar per la taula. La nostra és, sense cap dubte, una aposta pels productes de la terra.</p>
