{"id":13796,"date":"2023-12-27T10:52:29","date_gmt":"2023-12-27T09:52:29","guid":{"rendered":"https:\/\/bagesturisme.cat\/?post_type=oci&#038;p=13796"},"modified":"2023-12-27T10:57:37","modified_gmt":"2023-12-27T09:57:37","slug":"pastorets-de-guardiola","status":"publish","type":"oci","link":"https:\/\/www.bagesturisme.cat\/fr\/oci\/pastorets-de-guardiola\/","title":{"rendered":"Pastorets de Guardiola"},"content":{"rendered":"<p>Enguany tornen els Pastorets de la m\u00e0 de Kr\u00e0pules on ens faran gaudir d&rsquo;aquesta tradicional obra d&rsquo;en Folch i Torres. Els Pastorets s\u00f3n una representaci\u00f3 teatral t\u00edpica de les festes de Nadal a molts indrets de Catalunya i els Pa\u00efsos Catalans. L&rsquo;argument combina els continguts del naixement de Jes\u00fas, la lluita del b\u00e9 i del mal entre \u00e0ngels i dimonis, i diverses hist\u00f2ries i di\u00e0legs dels pastors que rememoren el primer Nadal.<\/p>\n<p>Venda d&rsquo;entrades (actualitzaci\u00f3): esgotades. S&rsquo;ha obert una llista d&rsquo;espera per fer una funci\u00f3 extra del dia 7 de gener al mat\u00ed. Si vols apuntar-te pots fer-ho al Bar La Sala abans del 30 de desembre de 2023.<\/p>\n<p>Entrades: 10,00 \u20ac general i 6,00 \u20ac (menors de 8 anys)<\/p>\n<p>Funcions programades: 29 de desembre, 6 i 7 de gener<\/p>\n<p>Lloc: La Sala.<\/p>\n<p>Viu Sant Salvador de Guardiola!<\/p>\n","protected":false},"author":29,"featured_media":13794,"template":"","class_list":["post-13796","oci","type-oci","status-publish","has-post-thumbnail","hentry","municipi-sant-salvador-de-guardiola"],"acf":{"galeria":[{"ID":13795,"id":13795,"title":"WhatsApp_Image_2023-12-18_at_13.11.53","filename":"WhatsApp_Image_2023-12-18_at_13.11.53.jpeg","filesize":135610,"url":"https:\/\/www.bagesturisme.cat\/wp-content\/uploads\/2023\/12\/WhatsApp_Image_2023-12-18_at_13.11.53.jpeg","link":"https:\/\/www.bagesturisme.cat\/fr\/whatsapp_image_2023-12-18_at_13-11-53\/","alt":"","author":"29","description":"","caption":"","name":"whatsapp_image_2023-12-18_at_13-11-53","status":"inherit","uploaded_to":0,"date":"2023-12-27 09:49:20","modified":"2023-12-27 09:53:34","menu_order":0,"mime_type":"image\/jpeg","type":"image","subtype":"jpeg","icon":"https:\/\/www.bagesturisme.cat\/wp-includes\/images\/media\/default.png","width":1080,"height":1067,"sizes":{"thumbnail":"https:\/\/www.bagesturisme.cat\/wp-content\/uploads\/2023\/12\/WhatsApp_Image_2023-12-18_at_13.11.53-150x150.jpeg","thumbnail-width":150,"thumbnail-height":150,"medium":"https:\/\/www.bagesturisme.cat\/wp-content\/uploads\/2023\/12\/WhatsApp_Image_2023-12-18_at_13.11.53-405x400.jpeg","medium-width":405,"medium-height":400,"medium_large":"https:\/\/www.bagesturisme.cat\/wp-content\/uploads\/2023\/12\/WhatsApp_Image_2023-12-18_at_13.11.53-768x759.jpeg","medium_large-width":768,"medium_large-height":759,"large":"https:\/\/www.bagesturisme.cat\/wp-content\/uploads\/2023\/12\/WhatsApp_Image_2023-12-18_at_13.11.53-1036x1024.jpeg","large-width":1036,"large-height":1024,"1536x1536":"https:\/\/www.bagesturisme.cat\/wp-content\/uploads\/2023\/12\/WhatsApp_Image_2023-12-18_at_13.11.53.jpeg","1536x1536-width":1080,"1536x1536-height":1067,"2048x2048":"https:\/\/www.bagesturisme.cat\/wp-content\/uploads\/2023\/12\/WhatsApp_Image_2023-12-18_at_13.11.53.jpeg","2048x2048-width":1080,"2048x2048-height":1067,"blog-large":"https:\/\/www.bagesturisme.cat\/wp-content\/uploads\/2023\/12\/WhatsApp_Image_2023-12-18_at_13.11.53.jpeg","blog-large-width":275,"blog-large-height":272,"blog-medium":"https:\/\/www.bagesturisme.cat\/wp-content\/uploads\/2023\/12\/WhatsApp_Image_2023-12-18_at_13.11.53.jpeg","blog-medium-width":204,"blog-medium-height":202,"recent-posts":"https:\/\/www.bagesturisme.cat\/wp-content\/uploads\/2023\/12\/WhatsApp_Image_2023-12-18_at_13.11.53.jpeg","recent-posts-width":446,"recent-posts-height":441,"recent-works-thumbnail":"https:\/\/www.bagesturisme.cat\/wp-content\/uploads\/2023\/12\/WhatsApp_Image_2023-12-18_at_13.11.53.jpeg","recent-works-thumbnail-width":66,"recent-works-thumbnail-height":66,"fusion-200":"https:\/\/www.bagesturisme.cat\/wp-content\/uploads\/2023\/12\/WhatsApp_Image_2023-12-18_at_13.11.53.jpeg","fusion-200-width":200,"fusion-200-height":198,"fusion-400":"https:\/\/www.bagesturisme.cat\/wp-content\/uploads\/2023\/12\/WhatsApp_Image_2023-12-18_at_13.11.53.jpeg","fusion-400-width":400,"fusion-400-height":395,"fusion-600":"https:\/\/www.bagesturisme.cat\/wp-content\/uploads\/2023\/12\/WhatsApp_Image_2023-12-18_at_13.11.53.jpeg","fusion-600-width":600,"fusion-600-height":593,"fusion-800":"https:\/\/www.bagesturisme.cat\/wp-content\/uploads\/2023\/12\/WhatsApp_Image_2023-12-18_at_13.11.53.jpeg","fusion-800-width":800,"fusion-800-height":790,"fusion-1200":"https:\/\/www.bagesturisme.cat\/wp-content\/uploads\/2023\/12\/WhatsApp_Image_2023-12-18_at_13.11.53.jpeg","fusion-1200-width":1080,"fusion-1200-height":1067,"portfolio-full":"https:\/\/www.bagesturisme.cat\/wp-content\/uploads\/2023\/12\/WhatsApp_Image_2023-12-18_at_13.11.53.jpeg","portfolio-full-width":405,"portfolio-full-height":400,"portfolio-one":"https:\/\/www.bagesturisme.cat\/wp-content\/uploads\/2023\/12\/WhatsApp_Image_2023-12-18_at_13.11.53.jpeg","portfolio-one-width":275,"portfolio-one-height":272,"portfolio-two":"https:\/\/www.bagesturisme.cat\/wp-content\/uploads\/2023\/12\/WhatsApp_Image_2023-12-18_at_13.11.53.jpeg","portfolio-two-width":299,"portfolio-two-height":295,"portfolio-three":"https:\/\/www.bagesturisme.cat\/wp-content\/uploads\/2023\/12\/WhatsApp_Image_2023-12-18_at_13.11.53.jpeg","portfolio-three-width":217,"portfolio-three-height":214,"portfolio-five":"https:\/\/www.bagesturisme.cat\/wp-content\/uploads\/2023\/12\/WhatsApp_Image_2023-12-18_at_13.11.53.jpeg","portfolio-five-width":144,"portfolio-five-height":142}},{"ID":13794,"id":13794,"title":"1200_1702906605pastorets_ssg_1","filename":"1200_1702906605pastorets_ssg_1.webp","filesize":92708,"url":"https:\/\/www.bagesturisme.cat\/wp-content\/uploads\/2023\/12\/1200_1702906605pastorets_ssg_1.webp","link":"https:\/\/www.bagesturisme.cat\/fr\/1200_1702906605pastorets_ssg_1\/","alt":"","author":"29","description":"","caption":"","name":"1200_1702906605pastorets_ssg_1","status":"inherit","uploaded_to":0,"date":"2023-12-27 09:40:50","modified":"2023-12-27 09:50:50","menu_order":0,"mime_type":"image\/webp","type":"image","subtype":"webp","icon":"https:\/\/www.bagesturisme.cat\/wp-includes\/images\/media\/default.png","width":1200,"height":675,"sizes":{"thumbnail":"https:\/\/www.bagesturisme.cat\/wp-content\/uploads\/2023\/12\/1200_1702906605pastorets_ssg_1-150x150.webp","thumbnail-width":150,"thumbnail-height":150,"medium":"https:\/\/www.bagesturisme.cat\/wp-content\/uploads\/2023\/12\/1200_1702906605pastorets_ssg_1-711x400.webp","medium-width":711,"medium-height":400,"medium_large":"https:\/\/www.bagesturisme.cat\/wp-content\/uploads\/2023\/12\/1200_1702906605pastorets_ssg_1-768x432.webp","medium_large-width":768,"medium_large-height":432,"large":"https:\/\/www.bagesturisme.cat\/wp-content\/uploads\/2023\/12\/1200_1702906605pastorets_ssg_1.webp","large-width":1170,"large-height":658,"1536x1536":"https:\/\/www.bagesturisme.cat\/wp-content\/uploads\/2023\/12\/1200_1702906605pastorets_ssg_1.webp","1536x1536-width":1200,"1536x1536-height":675,"2048x2048":"https:\/\/www.bagesturisme.cat\/wp-content\/uploads\/2023\/12\/1200_1702906605pastorets_ssg_1.webp","2048x2048-width":1200,"2048x2048-height":675,"blog-large":"https:\/\/www.bagesturisme.cat\/wp-content\/uploads\/2023\/12\/1200_1702906605pastorets_ssg_1.webp","blog-large-width":484,"blog-large-height":272,"blog-medium":"https:\/\/www.bagesturisme.cat\/wp-content\/uploads\/2023\/12\/1200_1702906605pastorets_ssg_1.webp","blog-medium-width":320,"blog-medium-height":180,"recent-posts":"https:\/\/www.bagesturisme.cat\/wp-content\/uploads\/2023\/12\/1200_1702906605pastorets_ssg_1.webp","recent-posts-width":700,"recent-posts-height":394,"recent-works-thumbnail":"https:\/\/www.bagesturisme.cat\/wp-content\/uploads\/2023\/12\/1200_1702906605pastorets_ssg_1.webp","recent-works-thumbnail-width":66,"recent-works-thumbnail-height":37,"fusion-200":"https:\/\/www.bagesturisme.cat\/wp-content\/uploads\/2023\/12\/1200_1702906605pastorets_ssg_1.webp","fusion-200-width":200,"fusion-200-height":113,"fusion-400":"https:\/\/www.bagesturisme.cat\/wp-content\/uploads\/2023\/12\/1200_1702906605pastorets_ssg_1.webp","fusion-400-width":400,"fusion-400-height":225,"fusion-600":"https:\/\/www.bagesturisme.cat\/wp-content\/uploads\/2023\/12\/1200_1702906605pastorets_ssg_1.webp","fusion-600-width":600,"fusion-600-height":338,"fusion-800":"https:\/\/www.bagesturisme.cat\/wp-content\/uploads\/2023\/12\/1200_1702906605pastorets_ssg_1.webp","fusion-800-width":800,"fusion-800-height":450,"fusion-1200":"https:\/\/www.bagesturisme.cat\/wp-content\/uploads\/2023\/12\/1200_1702906605pastorets_ssg_1.webp","fusion-1200-width":1200,"fusion-1200-height":675,"portfolio-full":"https:\/\/www.bagesturisme.cat\/wp-content\/uploads\/2023\/12\/1200_1702906605pastorets_ssg_1.webp","portfolio-full-width":711,"portfolio-full-height":400,"portfolio-one":"https:\/\/www.bagesturisme.cat\/wp-content\/uploads\/2023\/12\/1200_1702906605pastorets_ssg_1.webp","portfolio-one-width":484,"portfolio-one-height":272,"portfolio-two":"https:\/\/www.bagesturisme.cat\/wp-content\/uploads\/2023\/12\/1200_1702906605pastorets_ssg_1.webp","portfolio-two-width":460,"portfolio-two-height":259,"portfolio-three":"https:\/\/www.bagesturisme.cat\/wp-content\/uploads\/2023\/12\/1200_1702906605pastorets_ssg_1.webp","portfolio-three-width":300,"portfolio-three-height":169,"portfolio-five":"https:\/\/www.bagesturisme.cat\/wp-content\/uploads\/2023\/12\/1200_1702906605pastorets_ssg_1.webp","portfolio-five-width":177,"portfolio-five-height":100}}],"adreca":"Organitza: Kr\u00e0pules. <br \/>\r\nCol\u00b7labora: Ajuntament de Sant Salvador de Guardiola<br \/>\r\nC\/ de la Creu, 8<br \/>\r\n<br \/>\r\n<br \/>\r\n<br \/>\r\n","web":"","email":"","tel":"933580258","ubicacio":false},"_links":{"self":[{"href":"https:\/\/www.bagesturisme.cat\/fr\/wp-json\/wp\/v2\/oci\/13796","targetHints":{"allow":["GET"]}}],"collection":[{"href":"https:\/\/www.bagesturisme.cat\/fr\/wp-json\/wp\/v2\/oci"}],"about":[{"href":"https:\/\/www.bagesturisme.cat\/fr\/wp-json\/wp\/v2\/types\/oci"}],"author":[{"embeddable":true,"href":"https:\/\/www.bagesturisme.cat\/fr\/wp-json\/wp\/v2\/users\/29"}],"version-history":[{"count":2,"href":"https:\/\/www.bagesturisme.cat\/fr\/wp-json\/wp\/v2\/oci\/13796\/revisions"}],"predecessor-version":[{"id":13801,"href":"https:\/\/www.bagesturisme.cat\/fr\/wp-json\/wp\/v2\/oci\/13796\/revisions\/13801"}],"wp:featuredmedia":[{"embeddable":true,"href":"https:\/\/www.bagesturisme.cat\/fr\/wp-json\/wp\/v2\/media\/13794"}],"wp:attachment":[{"href":"https:\/\/www.bagesturisme.cat\/fr\/wp-json\/wp\/v2\/media?parent=13796"}],"curies":[{"name":"wp","href":"https:\/\/api.w.org\/{rel}","templated":true}]}}

<p>Enguany tornen els Pastorets de la mà de Kràpules on ens faran gaudir d&rsquo;aquesta tradicional obra d&rsquo;en Folch i Torres. Els Pastorets són una representació teatral típica de les festes de Nadal a molts indrets de Catalunya i els Països Catalans. L&rsquo;argument combina els continguts del naixement de Jesús, la lluita del bé i del mal entre àngels i dimonis, i diverses històries i diàlegs dels pastors que rememoren el primer Nadal.</p>
<p>Venda d&rsquo;entrades (actualització): esgotades. S&rsquo;ha obert una llista d&rsquo;espera per fer una funció extra del dia 7 de gener al matí. Si vols apuntar-te pots fer-ho al Bar La Sala abans del 30 de desembre de 2023.</p>
<p>Entrades: 10,00 € general i 6,00 € (menors de 8 anys)</p>
<p>Funcions programades: 29 de desembre, 6 i 7 de gener</p>
<p>Lloc: La Sala.</p>
<p>Viu Sant Salvador de Guardiola!</p>

Organitza: Kràpules. <br />
Col·labora: Ajuntament de Sant Salvador de Guardiola<br />
C/ de la Creu, 8<br />
<br />
<br />
<br />
