{"id":17009,"date":"2025-08-13T08:33:12","date_gmt":"2025-08-13T07:33:12","guid":{"rendered":"https:\/\/www.bagesturisme.cat\/?post_type=avada_portfolio&#038;p=17009"},"modified":"2025-08-13T08:33:12","modified_gmt":"2025-08-13T07:33:12","slug":"monacalia-fira-de-labat","status":"publish","type":"avada_portfolio","link":"https:\/\/www.bagesturisme.cat\/fr\/portfolio-items\/monacalia-fira-de-labat\/","title":{"rendered":"Monac\u00e0lia. Fira de l&rsquo;Abat"},"content":{"rendered":"<p class=\"qtranxs-available-languages-message qtranxs-available-languages-message-fr\">D\u00e9sol\u00e9, cet article est seulement disponible en <a href=\"https:\/\/www.bagesturisme.cat\/ca\/wp-json\/wp\/v2\/avada_portfolio\/17009\" class=\"qtranxs-available-language-link qtranxs-available-language-link-ca\" title=\"Catal\u00e0\">Catal\u00e0<\/a>.<\/p>","protected":false},"excerpt":{"rendered":"D\u00e9sol\u00e9, cet article est seulement disponible en Catal\u00e0.","protected":false},"author":3,"featured_media":5467,"menu_order":0,"comment_status":"closed","ping_status":"closed","template":"","format":"standard","meta":{"_acf_changed":false,"_eb_attr":"","footnotes":""},"portfolio_category":[422],"portfolio_skills":[],"portfolio_tags":[],"class_list":["post-17009","avada_portfolio","type-avada_portfolio","status-publish","format-standard","has-post-thumbnail","hentry","portfolio_category-abril"],"acf":[],"_links":{"self":[{"href":"https:\/\/www.bagesturisme.cat\/fr\/wp-json\/wp\/v2\/avada_portfolio\/17009","targetHints":{"allow":["GET"]}}],"collection":[{"href":"https:\/\/www.bagesturisme.cat\/fr\/wp-json\/wp\/v2\/avada_portfolio"}],"about":[{"href":"https:\/\/www.bagesturisme.cat\/fr\/wp-json\/wp\/v2\/types\/avada_portfolio"}],"author":[{"embeddable":true,"href":"https:\/\/www.bagesturisme.cat\/fr\/wp-json\/wp\/v2\/users\/3"}],"replies":[{"embeddable":true,"href":"https:\/\/www.bagesturisme.cat\/fr\/wp-json\/wp\/v2\/comments?post=17009"}],"version-history":[{"count":1,"href":"https:\/\/www.bagesturisme.cat\/fr\/wp-json\/wp\/v2\/avada_portfolio\/17009\/revisions"}],"predecessor-version":[{"id":17010,"href":"https:\/\/www.bagesturisme.cat\/fr\/wp-json\/wp\/v2\/avada_portfolio\/17009\/revisions\/17010"}],"wp:featuredmedia":[{"embeddable":true,"href":"https:\/\/www.bagesturisme.cat\/fr\/wp-json\/wp\/v2\/media\/5467"}],"wp:attachment":[{"href":"https:\/\/www.bagesturisme.cat\/fr\/wp-json\/wp\/v2\/media?parent=17009"}],"wp:term":[{"taxonomy":"portfolio_category","embeddable":true,"href":"https:\/\/www.bagesturisme.cat\/fr\/wp-json\/wp\/v2\/portfolio_category?post=17009"},{"taxonomy":"portfolio_skills","embeddable":true,"href":"https:\/\/www.bagesturisme.cat\/fr\/wp-json\/wp\/v2\/portfolio_skills?post=17009"},{"taxonomy":"portfolio_tags","embeddable":true,"href":"https:\/\/www.bagesturisme.cat\/fr\/wp-json\/wp\/v2\/portfolio_tags?post=17009"}],"curies":[{"name":"wp","href":"https:\/\/api.w.org\/{rel}","templated":true}]}}

Monacàlia. Fira de l&rsquo;Abat

<p class="qtranxs-available-languages-message qtranxs-available-languages-message-fr">Désolé, cet article est seulement disponible en <a href="https://www.bagesturisme.cat/ca/wp-json/wp/v2/avada_portfolio/17009" class="qtranxs-available-language-link qtranxs-available-language-link-ca" title="Català">Català</a>.</p>

Désolé, cet article est seulement disponible en Català.
