{"id":16997,"date":"2025-08-13T08:13:38","date_gmt":"2025-08-13T07:13:38","guid":{"rendered":"https:\/\/www.bagesturisme.cat\/?post_type=avada_portfolio&#038;p=16997"},"modified":"2025-10-17T08:48:35","modified_gmt":"2025-10-17T07:48:35","slug":"caramelles-de-callus","status":"publish","type":"avada_portfolio","link":"https:\/\/www.bagesturisme.cat\/fr\/portfolio-items\/caramelles-de-callus\/","title":{"rendered":"Caramelles de Call\u00fas"},"content":{"rendered":"<p class=\"qtranxs-available-languages-message qtranxs-available-languages-message-fr\">D\u00e9sol\u00e9, cet article est seulement disponible en <a href=\"https:\/\/www.bagesturisme.cat\/ca\/wp-json\/wp\/v2\/avada_portfolio\/16997\" class=\"qtranxs-available-language-link qtranxs-available-language-link-ca\" title=\"Catal\u00e0\">Catal\u00e0<\/a>.<\/p>","protected":false},"excerpt":{"rendered":"D\u00e9sol\u00e9, cet article est seulement disponible en Catal\u00e0.","protected":false},"author":3,"featured_media":12689,"menu_order":0,"comment_status":"open","ping_status":"closed","template":"","format":"standard","meta":{"_acf_changed":false,"_eb_attr":"","footnotes":""},"portfolio_category":[421,422],"portfolio_skills":[],"portfolio_tags":[431],"class_list":["post-16997","avada_portfolio","type-avada_portfolio","status-publish","format-standard","has-post-thumbnail","hentry","portfolio_category-marc","portfolio_category-abril","portfolio_tags-pasqua"],"acf":[],"_links":{"self":[{"href":"https:\/\/www.bagesturisme.cat\/fr\/wp-json\/wp\/v2\/avada_portfolio\/16997","targetHints":{"allow":["GET"]}}],"collection":[{"href":"https:\/\/www.bagesturisme.cat\/fr\/wp-json\/wp\/v2\/avada_portfolio"}],"about":[{"href":"https:\/\/www.bagesturisme.cat\/fr\/wp-json\/wp\/v2\/types\/avada_portfolio"}],"author":[{"embeddable":true,"href":"https:\/\/www.bagesturisme.cat\/fr\/wp-json\/wp\/v2\/users\/3"}],"replies":[{"embeddable":true,"href":"https:\/\/www.bagesturisme.cat\/fr\/wp-json\/wp\/v2\/comments?post=16997"}],"version-history":[{"count":2,"href":"https:\/\/www.bagesturisme.cat\/fr\/wp-json\/wp\/v2\/avada_portfolio\/16997\/revisions"}],"predecessor-version":[{"id":17003,"href":"https:\/\/www.bagesturisme.cat\/fr\/wp-json\/wp\/v2\/avada_portfolio\/16997\/revisions\/17003"}],"wp:featuredmedia":[{"embeddable":true,"href":"https:\/\/www.bagesturisme.cat\/fr\/wp-json\/wp\/v2\/media\/12689"}],"wp:attachment":[{"href":"https:\/\/www.bagesturisme.cat\/fr\/wp-json\/wp\/v2\/media?parent=16997"}],"wp:term":[{"taxonomy":"portfolio_category","embeddable":true,"href":"https:\/\/www.bagesturisme.cat\/fr\/wp-json\/wp\/v2\/portfolio_category?post=16997"},{"taxonomy":"portfolio_skills","embeddable":true,"href":"https:\/\/www.bagesturisme.cat\/fr\/wp-json\/wp\/v2\/portfolio_skills?post=16997"},{"taxonomy":"portfolio_tags","embeddable":true,"href":"https:\/\/www.bagesturisme.cat\/fr\/wp-json\/wp\/v2\/portfolio_tags?post=16997"}],"curies":[{"name":"wp","href":"https:\/\/api.w.org\/{rel}","templated":true}]}}

Caramelles de Callús

<p class="qtranxs-available-languages-message qtranxs-available-languages-message-fr">Désolé, cet article est seulement disponible en <a href="https://www.bagesturisme.cat/ca/wp-json/wp/v2/avada_portfolio/16997" class="qtranxs-available-language-link qtranxs-available-language-link-ca" title="Català">Català</a>.</p>

Désolé, cet article est seulement disponible en Català.
