{"id":16975,"date":"2025-08-13T07:04:19","date_gmt":"2025-08-13T06:04:19","guid":{"rendered":"https:\/\/www.bagesturisme.cat\/?post_type=avada_portfolio&#038;p=16975"},"modified":"2025-10-17T08:42:45","modified_gmt":"2025-10-17T07:42:45","slug":"festa-dels-traginers","status":"publish","type":"avada_portfolio","link":"https:\/\/www.bagesturisme.cat\/fr\/portfolio-items\/festa-dels-traginers\/","title":{"rendered":"Festa dels traginers"},"content":{"rendered":"<p class=\"qtranxs-available-languages-message qtranxs-available-languages-message-fr\">D\u00e9sol\u00e9, cet article est seulement disponible en <a href=\"https:\/\/www.bagesturisme.cat\/ca\/wp-json\/wp\/v2\/avada_portfolio\/16975\" class=\"qtranxs-available-language-link qtranxs-available-language-link-ca\" title=\"Catal\u00e0\">Catal\u00e0<\/a>.<\/p>","protected":false},"excerpt":{"rendered":"D\u00e9sol\u00e9, cet article est seulement disponible en Catal\u00e0.","protected":false},"author":3,"featured_media":12529,"menu_order":0,"comment_status":"closed","ping_status":"closed","template":"","format":"standard","meta":{"_acf_changed":false,"_eb_attr":"","footnotes":""},"portfolio_category":[420],"portfolio_skills":[],"portfolio_tags":[440,441,442],"class_list":["post-16975","avada_portfolio","type-avada_portfolio","status-publish","format-standard","has-post-thumbnail","hentry","portfolio_category-febrer","portfolio_tags-festes-dinteres-turistic","portfolio_tags-festes-tradicionals-dinteres-nacional","portfolio_tags-cataleg-del-patrimoni-festiu-de-catalunya"],"acf":[],"_links":{"self":[{"href":"https:\/\/www.bagesturisme.cat\/fr\/wp-json\/wp\/v2\/avada_portfolio\/16975","targetHints":{"allow":["GET"]}}],"collection":[{"href":"https:\/\/www.bagesturisme.cat\/fr\/wp-json\/wp\/v2\/avada_portfolio"}],"about":[{"href":"https:\/\/www.bagesturisme.cat\/fr\/wp-json\/wp\/v2\/types\/avada_portfolio"}],"author":[{"embeddable":true,"href":"https:\/\/www.bagesturisme.cat\/fr\/wp-json\/wp\/v2\/users\/3"}],"replies":[{"embeddable":true,"href":"https:\/\/www.bagesturisme.cat\/fr\/wp-json\/wp\/v2\/comments?post=16975"}],"version-history":[{"count":7,"href":"https:\/\/www.bagesturisme.cat\/fr\/wp-json\/wp\/v2\/avada_portfolio\/16975\/revisions"}],"predecessor-version":[{"id":16999,"href":"https:\/\/www.bagesturisme.cat\/fr\/wp-json\/wp\/v2\/avada_portfolio\/16975\/revisions\/16999"}],"wp:featuredmedia":[{"embeddable":true,"href":"https:\/\/www.bagesturisme.cat\/fr\/wp-json\/wp\/v2\/media\/12529"}],"wp:attachment":[{"href":"https:\/\/www.bagesturisme.cat\/fr\/wp-json\/wp\/v2\/media?parent=16975"}],"wp:term":[{"taxonomy":"portfolio_category","embeddable":true,"href":"https:\/\/www.bagesturisme.cat\/fr\/wp-json\/wp\/v2\/portfolio_category?post=16975"},{"taxonomy":"portfolio_skills","embeddable":true,"href":"https:\/\/www.bagesturisme.cat\/fr\/wp-json\/wp\/v2\/portfolio_skills?post=16975"},{"taxonomy":"portfolio_tags","embeddable":true,"href":"https:\/\/www.bagesturisme.cat\/fr\/wp-json\/wp\/v2\/portfolio_tags?post=16975"}],"curies":[{"name":"wp","href":"https:\/\/api.w.org\/{rel}","templated":true}]}}

<p class="qtranxs-available-languages-message qtranxs-available-languages-message-fr">Désolé, cet article est seulement disponible en <a href="https://www.bagesturisme.cat/ca/wp-json/wp/v2/avada_portfolio/16975" class="qtranxs-available-language-link qtranxs-available-language-link-ca" title="Català">Català</a>.</p>

Désolé, cet article est seulement disponible en Català.
