{"id":5227,"date":"2017-12-29T09:19:23","date_gmt":"2017-12-29T08:19:23","guid":{"rendered":"https:\/\/bagesturisme.cat\/?post_type=allotjament&#038;p=5227"},"modified":"2021-04-06T11:36:17","modified_gmt":"2021-04-06T10:36:17","slug":"apartaments-la-fonda","status":"publish","type":"allotjament","link":"https:\/\/www.bagesturisme.cat\/fr\/allotjament\/apartaments-la-fonda\/","title":{"rendered":"Appartements La Fonda"},"content":{"rendered":"Appartements qui conservent la beaut\u00e9 et le charme du si\u00e8cle dernier, enti\u00e8rement adapt\u00e9s et actualis\u00e9s \u00e0 la vie moderne d&rsquo;aujourd&rsquo;hui.<\/p>\n<p>Id\u00e9ales pour des s\u00e9jours en famille ou en groupe, elles vous permettent de profiter d&rsquo;espaces spacieux, lumineux et enti\u00e8rement \u00e9quip\u00e9s avec le confort d&rsquo;\u00eatre au centre du village.<\/p>\n<p>Pour plus d&rsquo;informations et r\u00e9servations, appelez le (+34) 93 868 49 02 ou envoyez un email \u00e0 info@hotelbremon.com.Appartements qui conservent la beaut\u00e9 et le charme du si\u00e8cle dernier, enti\u00e8rement adapt\u00e9s et actualis\u00e9s \u00e0 la vie moderne d&rsquo;aujourd&rsquo;hui.<\/p>\n<p>Id\u00e9ales pour des s\u00e9jours en famille ou en groupe, elles vous permettent de profiter d&rsquo;espaces spacieux, lumineux et enti\u00e8rement \u00e9quip\u00e9s avec le confort d&rsquo;\u00eatre au centre du village.<\/p>\n<p>Pour plus d&rsquo;informations et r\u00e9servations, appelez le (+34) 93 868 49 02 ou envoyez un email \u00e0 info@hotelbremon.com.Appartements qui conservent la beaut\u00e9 et le charme du si\u00e8cle dernier, enti\u00e8rement adapt\u00e9s et actualis\u00e9s \u00e0 la vie moderne d&rsquo;aujourd&rsquo;hui.<\/p>\n<p>Id\u00e9ales pour des s\u00e9jours en famille ou en groupe, elles vous permettent de profiter d&rsquo;espaces spacieux, lumineux et enti\u00e8rement \u00e9quip\u00e9s avec le confort d&rsquo;\u00eatre au centre du village.<\/p>\n<p>Pour plus d&rsquo;informations et r\u00e9servations, appelez le (+34) 93 868 49 02 ou envoyez un email \u00e0 info@hotelbremon.com.Appartements qui conservent la beaut\u00e9 et le charme du si\u00e8cle dernier, enti\u00e8rement adapt\u00e9s et actualis\u00e9s \u00e0 la vie moderne d&rsquo;aujourd&rsquo;hui.<\/p>\n<p>Id\u00e9ales pour des s\u00e9jours en famille ou en groupe, elles vous permettent de profiter d&rsquo;espaces spacieux, lumineux et enti\u00e8rement \u00e9quip\u00e9s avec le confort d&rsquo;\u00eatre au centre du village.<\/p>\n<p>Pour plus d&rsquo;informations et r\u00e9servations, appelez le (+34) 93 868 49 02 ou envoyez un email \u00e0 info@hotelbremon.com.","protected":false},"author":10,"featured_media":9743,"template":"","class_list":["post-5227","allotjament","type-allotjament","status-publish","has-post-thumbnail","hentry","municipi-cardona","indicadors-familiar","indicadors-pagament-amb-targeta","tipus-allotjament-apartament"],"acf":{"email":"apartamentslafonda@gmail.com","adreca":"Carrer Nou, 1 i 10","web":"http:\/\/www.apartamentoslafonda.com\/","tel":"938684902","galeria":false,"ubicacio":{"address":"hotel bremon","lat":"41.91326","lng":"1.679640000000063"}},"_links":{"self":[{"href":"https:\/\/www.bagesturisme.cat\/fr\/wp-json\/wp\/v2\/allotjament\/5227","targetHints":{"allow":["GET"]}}],"collection":[{"href":"https:\/\/www.bagesturisme.cat\/fr\/wp-json\/wp\/v2\/allotjament"}],"about":[{"href":"https:\/\/www.bagesturisme.cat\/fr\/wp-json\/wp\/v2\/types\/allotjament"}],"author":[{"embeddable":true,"href":"https:\/\/www.bagesturisme.cat\/fr\/wp-json\/wp\/v2\/users\/10"}],"version-history":[{"count":13,"href":"https:\/\/www.bagesturisme.cat\/fr\/wp-json\/wp\/v2\/allotjament\/5227\/revisions"}],"predecessor-version":[{"id":9746,"href":"https:\/\/www.bagesturisme.cat\/fr\/wp-json\/wp\/v2\/allotjament\/5227\/revisions\/9746"}],"wp:featuredmedia":[{"embeddable":true,"href":"https:\/\/www.bagesturisme.cat\/fr\/wp-json\/wp\/v2\/media\/9743"}],"wp:attachment":[{"href":"https:\/\/www.bagesturisme.cat\/fr\/wp-json\/wp\/v2\/media?parent=5227"}],"curies":[{"name":"wp","href":"https:\/\/api.w.org\/{rel}","templated":true}]}}

Appartements qui conservent la beauté et le charme du siècle dernier, entièrement adaptés et actualisés à la vie moderne d&rsquo;aujourd&rsquo;hui.</p>
<p>Idéales pour des séjours en famille ou en groupe, elles vous permettent de profiter d&rsquo;espaces spacieux, lumineux et entièrement équipés avec le confort d&rsquo;être au centre du village.</p>
<p>Pour plus d&rsquo;informations et réservations, appelez le (+34) 93 868 49 02 ou envoyez un email à info@hotelbremon.com.Appartements qui conservent la beauté et le charme du siècle dernier, entièrement adaptés et actualisés à la vie moderne d&rsquo;aujourd&rsquo;hui.</p>
<p>Idéales pour des séjours en famille ou en groupe, elles vous permettent de profiter d&rsquo;espaces spacieux, lumineux et entièrement équipés avec le confort d&rsquo;être au centre du village.</p>
<p>Pour plus d&rsquo;informations et réservations, appelez le (+34) 93 868 49 02 ou envoyez un email à info@hotelbremon.com.Appartements qui conservent la beauté et le charme du siècle dernier, entièrement adaptés et actualisés à la vie moderne d&rsquo;aujourd&rsquo;hui.</p>
<p>Idéales pour des séjours en famille ou en groupe, elles vous permettent de profiter d&rsquo;espaces spacieux, lumineux et entièrement équipés avec le confort d&rsquo;être au centre du village.</p>
<p>Pour plus d&rsquo;informations et réservations, appelez le (+34) 93 868 49 02 ou envoyez un email à info@hotelbremon.com.Appartements qui conservent la beauté et le charme du siècle dernier, entièrement adaptés et actualisés à la vie moderne d&rsquo;aujourd&rsquo;hui.</p>
<p>Idéales pour des séjours en famille ou en groupe, elles vous permettent de profiter d&rsquo;espaces spacieux, lumineux et entièrement équipés avec le confort d&rsquo;être au centre du village.</p>
<p>Pour plus d&rsquo;informations et réservations, appelez le (+34) 93 868 49 02 ou envoyez un email à info@hotelbremon.com.
