{"id":14416,"date":"2024-07-04T10:07:37","date_gmt":"2024-07-04T09:07:37","guid":{"rendered":"https:\/\/bagesturisme.cat\/allotjament\/area-de-servei-autocaravanes-torre-roca-copy\/"},"modified":"2024-07-09T07:32:34","modified_gmt":"2024-07-09T06:32:34","slug":"area-de-servei-autocaravanes-manresa","status":"publish","type":"allotjament","link":"https:\/\/www.bagesturisme.cat\/fr\/allotjament\/area-de-servei-autocaravanes-manresa\/","title":{"rendered":"Aire de camping-car Manresa"},"content":{"rendered":"Aire de service et de s\u00e9jour pour camping-cars dans la zone sportive d&rsquo;El Congost, \u00e0 la p\u00e9riph\u00e9rie de Manresa.<\/p>\n<h4><strong>SITUATION<\/strong><\/h4>\n<ul>\n<li><a href=\"https:\/\/maps.app.goo.gl\/ocf7zkp2pSvTsFLd9\">Carte<\/a><\/li>\n<li><a href=\"https:\/\/park4night.com\/es\/place\/75190\">Park4Night<\/a><\/li>\n<li>Coordon\u00e9es: NN 41\u00b043\u201930.3204\u201d E 1\u00b048\u201937.7892\u201d<\/li>\n<\/ul>\n<p><strong>SERVICES<\/strong><\/p>\n<ul>\n<li id=\"tw-target-text\" class=\"tw-data-text tw-text-large tw-ta\" dir=\"ltr\" data-placeholder=\"Traducci\u00f3\">D\u00e9chargement des eaux grises et noires<\/li>\n<li class=\"tw-data-text tw-text-large tw-ta\" dir=\"ltr\" data-placeholder=\"Traducci\u00f3\">Chargement d&rsquo;eau propre<\/li>\n<li class=\"tw-data-text tw-text-large tw-ta\" dir=\"ltr\" data-placeholder=\"Traducci\u00f3\">Parking et nuit\u00e9e (maximum 72h)<\/li>\n<\/ul>\n<h3>AUTRES SERVICES \u00c0 PROXIMIT\u00c9<\/h3>\n<ul>\n<li>Centre du sport<\/li>\n<li class=\"tw-data-text tw-text-large tw-ta\" dir=\"ltr\" data-placeholder=\"Traducci\u00f3\"><a href=\"https:\/\/bagesturisme.cat\/restauracio\/?m=sallent&amp;r=&amp;c=\"><span class=\"Y2IQFc\" lang=\"fr\">Restauration <\/span><\/a><\/li>\n<li class=\"tw-data-text tw-text-large tw-ta\" dir=\"ltr\" data-placeholder=\"Traducci\u00f3\"><a href=\"https:\/\/bagesturisme.cat\/activitats\/cultura\/?m=sallent&amp;c=\">Patrimoine culturel<\/a><\/li>\n<li class=\"tw-data-text tw-text-large tw-ta\" dir=\"ltr\" data-placeholder=\"Traducci\u00f3\"><a href=\"https:\/\/bagesturisme.cat\/rutes\/?m=sallent&amp;d=\"><span class=\"Y2IQFc\" lang=\"fr\">Itin\u00e9raires environnants<\/span><\/a><\/li>\n<\/ul>","protected":false},"author":2,"featured_media":11234,"template":"","class_list":["post-14416","allotjament","type-allotjament","status-publish","has-post-thumbnail","hentry","municipi-manresa","tipus-allotjament-area-dautocaravanes"],"acf":{"galeria":false,"adreca":"Camp de Futbol de la Coromina","web":"http:\/\/www.manresaturisme.cat\/esp\/article\/15793-zona-d-autocaravanes-el-congost","email":" turisme@manresaturisme.cat","tel":"93 878 23 00","ubicacio":false},"_links":{"self":[{"href":"https:\/\/www.bagesturisme.cat\/fr\/wp-json\/wp\/v2\/allotjament\/14416","targetHints":{"allow":["GET"]}}],"collection":[{"href":"https:\/\/www.bagesturisme.cat\/fr\/wp-json\/wp\/v2\/allotjament"}],"about":[{"href":"https:\/\/www.bagesturisme.cat\/fr\/wp-json\/wp\/v2\/types\/allotjament"}],"author":[{"embeddable":true,"href":"https:\/\/www.bagesturisme.cat\/fr\/wp-json\/wp\/v2\/users\/2"}],"version-history":[{"count":5,"href":"https:\/\/www.bagesturisme.cat\/fr\/wp-json\/wp\/v2\/allotjament\/14416\/revisions"}],"predecessor-version":[{"id":14421,"href":"https:\/\/www.bagesturisme.cat\/fr\/wp-json\/wp\/v2\/allotjament\/14416\/revisions\/14421"}],"wp:featuredmedia":[{"embeddable":true,"href":"https:\/\/www.bagesturisme.cat\/fr\/wp-json\/wp\/v2\/media\/11234"}],"wp:attachment":[{"href":"https:\/\/www.bagesturisme.cat\/fr\/wp-json\/wp\/v2\/media?parent=14416"}],"curies":[{"name":"wp","href":"https:\/\/api.w.org\/{rel}","templated":true}]}}

Aire de service et de séjour pour camping-cars dans la zone sportive d&rsquo;El Congost, à la périphérie de Manresa.</p>
<h4><strong>SITUATION</strong></h4>
<ul>
<li><a href="https://maps.app.goo.gl/ocf7zkp2pSvTsFLd9">Carte</a></li>
<li><a href="https://park4night.com/es/place/75190">Park4Night</a></li>
<li>Coordonées: NN 41°43’30.3204” E 1°48’37.7892”</li>
</ul>
<p><strong>SERVICES</strong></p>
<ul>
<li id="tw-target-text" class="tw-data-text tw-text-large tw-ta" dir="ltr" data-placeholder="Traducció">Déchargement des eaux grises et noires</li>
<li class="tw-data-text tw-text-large tw-ta" dir="ltr" data-placeholder="Traducció">Chargement d&rsquo;eau propre</li>
<li class="tw-data-text tw-text-large tw-ta" dir="ltr" data-placeholder="Traducció">Parking et nuitée (maximum 72h)</li>
</ul>
<h3>AUTRES SERVICES À PROXIMITÉ</h3>
<ul>
<li>Centre du sport</li>
<li class="tw-data-text tw-text-large tw-ta" dir="ltr" data-placeholder="Traducció"><a href="https://bagesturisme.cat/restauracio/?m=sallent&amp;r=&amp;c="><span class="Y2IQFc" lang="fr">Restauration </span></a></li>
<li class="tw-data-text tw-text-large tw-ta" dir="ltr" data-placeholder="Traducció"><a href="https://bagesturisme.cat/activitats/cultura/?m=sallent&amp;c=">Patrimoine culturel</a></li>
<li class="tw-data-text tw-text-large tw-ta" dir="ltr" data-placeholder="Traducció"><a href="https://bagesturisme.cat/rutes/?m=sallent&amp;d="><span class="Y2IQFc" lang="fr">Itinéraires environnants</span></a></li>
</ul>
