{"id":13985,"date":"2024-03-25T08:40:34","date_gmt":"2024-03-25T07:40:34","guid":{"rendered":"https:\/\/bagesturisme.cat\/es\/?post_type=allotjament&#038;p=13985"},"modified":"2024-03-25T08:40:34","modified_gmt":"2024-03-25T07:40:34","slug":"hostal-la-masia-2","status":"publish","type":"allotjament","link":"https:\/\/www.bagesturisme.cat\/fr\/allotjament\/hostal-la-masia-2\/","title":{"rendered":"Hostal La Masia"},"content":{"rendered":"L&rsquo;Hostal La Masia dispose de chambres avec salle de bain priv\u00e9e, ascenseur, bureaux, wifi gratuit, t\u00e9l\u00e9vision et chauffage. En outre, cet h\u00e9bergement est accueillant et dispose de tout le confort n\u00e9cessaire pour un bon repos ou pour devenir le point de d\u00e9part ou d&rsquo;arriv\u00e9e pour d\u00e9couvrir notre ville et ses environs \u00e0 pied.<\/p>\n<p>Ce logement est situ\u00e9 \u00e0 Manresa, juste en face du mus\u00e9e baroque de Catalogne inaugur\u00e9 en f\u00e9vrier 2024 et de la grotte de Saint Ignace de Loyola. De plus, \u00e0 300 m\u00e8tres se trouve l&#8217;embl\u00e9matique basilique Santa Maria de Manresa (connue sous le nom de La Seu), \u00e0 500 m\u00e8tres des FGC, \u00e0 700 m\u00e8tres de la gare RENFE, ainsi qu&rsquo;\u00e0 15 km du massif de Montserrat, entre autres.","protected":false},"author":2,"featured_media":13986,"template":"","class_list":["post-13985","allotjament","type-allotjament","status-publish","has-post-thumbnail","hentry","municipi-manresa","tipus-allotjament-hostal-pensio"],"acf":{"email":"infohostallamasiamanresa@gmail.com","adreca":"Carrer Baixada dels drets, 3.","web":"https:\/\/www.booking.com\/hotel\/es\/hostal-la-masia-manresa.es.html?aid=2311236&label=es-es-booking-mobile-aeqglVtiJt6rtNbj1zEm8ASM652829002285%3Apl%3Ata%3Ap1%3Ap2%3Aac%3Aap%3Aneg%3Afi%3Atikwd-65526620%3Alp1005424%3Ali%3Adem%3Adm&sid=84f6ec39fadf5b8049e84bd5d2be6d81&all_sr_blocks=1174795903_390191918_2_0_0;checkin=2024-03-30;checkout=2024-03-31;dist=0;group_adults=2;group_children=0;hapos=1;highlighted_blocks=1174795903_390191918_2_0_0;hpos=1;matching_block_id=1174795903_390191918_2_0_0;no_rooms=1;req_adults=2;req_children=0;room1=A%2CA;sb_price_type=total;sr_order=distance_from_search;sr_pri_blocks=1174795903_390191918_2_0_0__7432;srepoch=1711316969;srpvid=55219973c59e0271;type=total;ucfs=1&","tel":"604 288 844","galeria":false,"ubicacio":false},"_links":{"self":[{"href":"https:\/\/www.bagesturisme.cat\/fr\/wp-json\/wp\/v2\/allotjament\/13985","targetHints":{"allow":["GET"]}}],"collection":[{"href":"https:\/\/www.bagesturisme.cat\/fr\/wp-json\/wp\/v2\/allotjament"}],"about":[{"href":"https:\/\/www.bagesturisme.cat\/fr\/wp-json\/wp\/v2\/types\/allotjament"}],"author":[{"embeddable":true,"href":"https:\/\/www.bagesturisme.cat\/fr\/wp-json\/wp\/v2\/users\/2"}],"version-history":[{"count":1,"href":"https:\/\/www.bagesturisme.cat\/fr\/wp-json\/wp\/v2\/allotjament\/13985\/revisions"}],"predecessor-version":[{"id":13987,"href":"https:\/\/www.bagesturisme.cat\/fr\/wp-json\/wp\/v2\/allotjament\/13985\/revisions\/13987"}],"wp:featuredmedia":[{"embeddable":true,"href":"https:\/\/www.bagesturisme.cat\/fr\/wp-json\/wp\/v2\/media\/13986"}],"wp:attachment":[{"href":"https:\/\/www.bagesturisme.cat\/fr\/wp-json\/wp\/v2\/media?parent=13985"}],"curies":[{"name":"wp","href":"https:\/\/api.w.org\/{rel}","templated":true}]}}

L&rsquo;Hostal La Masia dispose de chambres avec salle de bain privée, ascenseur, bureaux, wifi gratuit, télévision et chauffage. En outre, cet hébergement est accueillant et dispose de tout le confort nécessaire pour un bon repos ou pour devenir le point de départ ou d&rsquo;arrivée pour découvrir notre ville et ses environs à pied.</p>
<p>Ce logement est situé à Manresa, juste en face du musée baroque de Catalogne inauguré en février 2024 et de la grotte de Saint Ignace de Loyola. De plus, à 300 mètres se trouve l&#8217;emblématique basilique Santa Maria de Manresa (connue sous le nom de La Seu), à 500 mètres des FGC, à 700 mètres de la gare RENFE, ainsi qu&rsquo;à 15 km du massif de Montserrat, entre autres.
