{"id":13947,"date":"2024-03-20T07:59:13","date_gmt":"2024-03-20T06:59:13","guid":{"rendered":"https:\/\/bagesturisme.cat\/?post_type=allotjament&#038;p=13947"},"modified":"2024-03-20T07:59:13","modified_gmt":"2024-03-20T06:59:13","slug":"refugi-de-pelegrins-de-castellgali","status":"publish","type":"allotjament","link":"https:\/\/www.bagesturisme.cat\/fr\/allotjament\/refugi-de-pelegrins-de-castellgali\/","title":{"rendered":"REFUGE DES P\u00c8LERINS DE CASTELLGAL\u00cd"},"content":{"rendered":"Durant l&rsquo;ann\u00e9e 2017, le palier du Mas Pla, dat\u00e9 de la fin du XIX, a \u00e9t\u00e9 remodel\u00e9 pour devenir l&rsquo;actuel refuge de p\u00e8lerins, un espace o\u00f9 le p\u00e8lerin pourra reposer de son voyage vers Montserrat ou vers Manresa, suivant le Chemin de Saint Jacques, le Chemin de Saint-Ignace ou d&rsquo;autres routes traversant la commune, car Castellgal\u00ed est un chemin.<br \/>","protected":false},"author":13,"featured_media":13948,"template":"","class_list":["post-13947","allotjament","type-allotjament","status-publish","has-post-thumbnail","hentry","municipi-castellgali","indicadors-biosphere","indicadors-pit","indicadors-pagament-amb-targeta","tipus-allotjament-alberg-refugi"],"acf":{"email":"ctgl.refugi@castellgali.cat","adreca":"Masia El Pla<br \/>\r\n","web":"https:\/\/www.refugipelegrinscastellgali.com\/","tel":"938330021\/938331975","galeria":false,"ubicacio":false},"_links":{"self":[{"href":"https:\/\/www.bagesturisme.cat\/fr\/wp-json\/wp\/v2\/allotjament\/13947","targetHints":{"allow":["GET"]}}],"collection":[{"href":"https:\/\/www.bagesturisme.cat\/fr\/wp-json\/wp\/v2\/allotjament"}],"about":[{"href":"https:\/\/www.bagesturisme.cat\/fr\/wp-json\/wp\/v2\/types\/allotjament"}],"author":[{"embeddable":true,"href":"https:\/\/www.bagesturisme.cat\/fr\/wp-json\/wp\/v2\/users\/13"}],"version-history":[{"count":1,"href":"https:\/\/www.bagesturisme.cat\/fr\/wp-json\/wp\/v2\/allotjament\/13947\/revisions"}],"predecessor-version":[{"id":13950,"href":"https:\/\/www.bagesturisme.cat\/fr\/wp-json\/wp\/v2\/allotjament\/13947\/revisions\/13950"}],"wp:featuredmedia":[{"embeddable":true,"href":"https:\/\/www.bagesturisme.cat\/fr\/wp-json\/wp\/v2\/media\/13948"}],"wp:attachment":[{"href":"https:\/\/www.bagesturisme.cat\/fr\/wp-json\/wp\/v2\/media?parent=13947"}],"curies":[{"name":"wp","href":"https:\/\/api.w.org\/{rel}","templated":true}]}}

REFUGE DES PÈLERINS DE CASTELLGALÍ

Durant l&rsquo;année 2017, le palier du Mas Pla, daté de la fin du XIX, a été remodelé pour devenir l&rsquo;actuel refuge de pèlerins, un espace où le pèlerin pourra reposer de son voyage vers Montserrat ou vers Manresa, suivant le Chemin de Saint Jacques, le Chemin de Saint-Ignace ou d&rsquo;autres routes traversant la commune, car Castellgalí est un chemin.<br />
