{"id":10208,"date":"2021-07-02T07:12:58","date_gmt":"2021-07-02T06:12:58","guid":{"rendered":"https:\/\/bagesturisme.cat\/?post_type=allotjament&#038;p=10208"},"modified":"2025-05-05T08:14:02","modified_gmt":"2025-05-05T07:14:02","slug":"cal-teixidor-la-fusteria","status":"publish","type":"allotjament","link":"https:\/\/www.bagesturisme.cat\/fr\/allotjament\/cal-teixidor-la-fusteria\/","title":{"rendered":"Cal Teixidor &#8211; La Fusteria"},"content":{"rendered":"<p><span data-olk-copy-source=\"MessageBody\">L&rsquo;any 1922, Josep Esquius Portella va adquirir la casa amb l&rsquo;objectiu de crear una ind\u00fastria t\u00e8xtil que permet\u00e9s als habitants del poble seguir vivint aqu\u00ed. Posteriorment, la casa es va transformar en un caf\u00e8 on tamb\u00e9 hi havia una fusteria i una barberia. Tot i aix\u00f2, degut a l&#8217;emigraci\u00f3 de la poblaci\u00f3 cap a les col\u00f2nies t\u00e8xtils properes en busca de feina, aquests negocis van haver de tancar.<\/span><\/p>\n<p class=\"x_fg-color-1\">Avui, quatre generacions m\u00e9s tard, la casa ha estat restaurada per oferir una estan\u00e7a tranquil\u00b7la i agradable, rodejada de bonics boscos, on es preserva el llegat de la seva hist\u00f2ria.<\/p>\n<p class=\"x_fg-color-1\">Ubicada a Salo, a 22 km del Parc Cultural de la Muntanya de Sal de Cardona, ofereix un espai ideal per a una escapada rural. La casa compta amb aparcament privat gratu\u00eft i est\u00e0 en una zona perfecta per practicar activitats com senderisme i ciclisme.<\/p>\n<p class=\"x_fg-color-1\">L&rsquo;allotjament disposa de quatre habitacions amb bany, espai obert de cuina (la cuina est\u00e0 completament equipada), menjador i sala d&rsquo;estar, sala de ping-pong, sala de televisi\u00f3, zona de barbacoa i banyera n\u00f2rdica exterior. La casa est\u00e0 semiadaptada per a persones amb mobilitat redu\u00efda. No s&rsquo;accepten mascotes.<\/p>\n","protected":false},"author":28,"featured_media":10216,"template":"","class_list":["post-10208","allotjament","type-allotjament","status-publish","has-post-thumbnail","hentry","municipi-sant-mateu-de-bages","indicadors-familiar","tipus-allotjament-turisme-rural"],"acf":{"email":"info@turismeruralelmoli.es","adreca":"Casa Cal Teixidor - La Fusteria, S\/N<br \/>\r\nSalo - 08269","web":"https:\/\/turismeruralelmoli.es\/","tel":"647850162","galeria":[{"ID":10216,"id":10216,"title":"exterior cal teixidor","filename":"exterior.jpg","filesize":439118,"url":"https:\/\/www.bagesturisme.cat\/wp-content\/uploads\/2021\/07\/exterior.jpg","link":"https:\/\/www.bagesturisme.cat\/fr\/allotjament\/cal-teixidor-la-fusteria\/exterior-2\/","alt":"","author":"3","description":"","caption":"","name":"exterior-2","status":"inherit","uploaded_to":10208,"date":"2021-07-02 06:14:03","modified":"2021-08-17 08:31:40","menu_order":0,"mime_type":"image\/jpeg","type":"image","subtype":"jpeg","icon":"https:\/\/www.bagesturisme.cat\/wp-includes\/images\/media\/default.png","width":1920,"height":1440,"sizes":{"thumbnail":"https:\/\/www.bagesturisme.cat\/wp-content\/uploads\/2021\/07\/exterior-150x150.jpg","thumbnail-width":150,"thumbnail-height":150,"medium":"https:\/\/www.bagesturisme.cat\/wp-content\/uploads\/2021\/07\/exterior-533x400.jpg","medium-width":533,"medium-height":400,"medium_large":"https:\/\/www.bagesturisme.cat\/wp-content\/uploads\/2021\/07\/exterior-768x576.jpg","medium_large-width":768,"medium_large-height":576,"large":"https:\/\/www.bagesturisme.cat\/wp-content\/uploads\/2021\/07\/exterior-1280x960.jpg","large-width":1170,"large-height":878,"1536x1536":"https:\/\/www.bagesturisme.cat\/wp-content\/uploads\/2021\/07\/exterior-1536x1152.jpg","1536x1536-width":1536,"1536x1536-height":1152,"2048x2048":"https:\/\/www.bagesturisme.cat\/wp-content\/uploads\/2021\/07\/exterior.jpg","2048x2048-width":1920,"2048x2048-height":1440,"blog-large":"https:\/\/www.bagesturisme.cat\/wp-content\/uploads\/2021\/07\/exterior.jpg","blog-large-width":363,"blog-large-height":272,"blog-medium":"https:\/\/www.bagesturisme.cat\/wp-content\/uploads\/2021\/07\/exterior.jpg","blog-medium-width":269,"blog-medium-height":202,"recent-posts":"https:\/\/www.bagesturisme.cat\/wp-content\/uploads\/2021\/07\/exterior.jpg","recent-posts-width":588,"recent-posts-height":441,"recent-works-thumbnail":"https:\/\/www.bagesturisme.cat\/wp-content\/uploads\/2021\/07\/exterior.jpg","recent-works-thumbnail-width":66,"recent-works-thumbnail-height":50,"fusion-200":"https:\/\/www.bagesturisme.cat\/wp-content\/uploads\/2021\/07\/exterior.jpg","fusion-200-width":200,"fusion-200-height":150,"fusion-400":"https:\/\/www.bagesturisme.cat\/wp-content\/uploads\/2021\/07\/exterior.jpg","fusion-400-width":400,"fusion-400-height":300,"fusion-600":"https:\/\/www.bagesturisme.cat\/wp-content\/uploads\/2021\/07\/exterior.jpg","fusion-600-width":600,"fusion-600-height":450,"fusion-800":"https:\/\/www.bagesturisme.cat\/wp-content\/uploads\/2021\/07\/exterior.jpg","fusion-800-width":800,"fusion-800-height":600,"fusion-1200":"https:\/\/www.bagesturisme.cat\/wp-content\/uploads\/2021\/07\/exterior.jpg","fusion-1200-width":1200,"fusion-1200-height":900,"portfolio-full":"https:\/\/www.bagesturisme.cat\/wp-content\/uploads\/2021\/07\/exterior.jpg","portfolio-full-width":533,"portfolio-full-height":400,"portfolio-one":"https:\/\/www.bagesturisme.cat\/wp-content\/uploads\/2021\/07\/exterior.jpg","portfolio-one-width":363,"portfolio-one-height":272,"portfolio-two":"https:\/\/www.bagesturisme.cat\/wp-content\/uploads\/2021\/07\/exterior.jpg","portfolio-two-width":393,"portfolio-two-height":295,"portfolio-three":"https:\/\/www.bagesturisme.cat\/wp-content\/uploads\/2021\/07\/exterior.jpg","portfolio-three-width":285,"portfolio-three-height":214,"portfolio-five":"https:\/\/www.bagesturisme.cat\/wp-content\/uploads\/2021\/07\/exterior.jpg","portfolio-five-width":177,"portfolio-five-height":133}},{"ID":10425,"id":10425,"title":"Cal teixidor","filename":"Cal-teixidor.jpg","filesize":60852,"url":"https:\/\/www.bagesturisme.cat\/wp-content\/uploads\/2021\/07\/Cal-teixidor.jpg","link":"https:\/\/www.bagesturisme.cat\/fr\/allotjament\/cal-teixidor-la-fusteria\/cal-teixidor-3\/","alt":"","author":"3","description":"","caption":"","name":"cal-teixidor-3","status":"inherit","uploaded_to":10208,"date":"2021-08-17 08:31:05","modified":"2021-08-17 08:31:08","menu_order":0,"mime_type":"image\/jpeg","type":"image","subtype":"jpeg","icon":"https:\/\/www.bagesturisme.cat\/wp-includes\/images\/media\/default.png","width":1080,"height":810,"sizes":{"thumbnail":"https:\/\/www.bagesturisme.cat\/wp-content\/uploads\/2021\/07\/Cal-teixidor-150x150.jpg","thumbnail-width":150,"thumbnail-height":150,"medium":"https:\/\/www.bagesturisme.cat\/wp-content\/uploads\/2021\/07\/Cal-teixidor-533x400.jpg","medium-width":533,"medium-height":400,"medium_large":"https:\/\/www.bagesturisme.cat\/wp-content\/uploads\/2021\/07\/Cal-teixidor-768x576.jpg","medium_large-width":768,"medium_large-height":576,"large":"https:\/\/www.bagesturisme.cat\/wp-content\/uploads\/2021\/07\/Cal-teixidor.jpg","large-width":1080,"large-height":810,"1536x1536":"https:\/\/www.bagesturisme.cat\/wp-content\/uploads\/2021\/07\/Cal-teixidor.jpg","1536x1536-width":1080,"1536x1536-height":810,"2048x2048":"https:\/\/www.bagesturisme.cat\/wp-content\/uploads\/2021\/07\/Cal-teixidor.jpg","2048x2048-width":1080,"2048x2048-height":810,"blog-large":"https:\/\/www.bagesturisme.cat\/wp-content\/uploads\/2021\/07\/Cal-teixidor.jpg","blog-large-width":363,"blog-large-height":272,"blog-medium":"https:\/\/www.bagesturisme.cat\/wp-content\/uploads\/2021\/07\/Cal-teixidor.jpg","blog-medium-width":269,"blog-medium-height":202,"recent-posts":"https:\/\/www.bagesturisme.cat\/wp-content\/uploads\/2021\/07\/Cal-teixidor.jpg","recent-posts-width":588,"recent-posts-height":441,"recent-works-thumbnail":"https:\/\/www.bagesturisme.cat\/wp-content\/uploads\/2021\/07\/Cal-teixidor.jpg","recent-works-thumbnail-width":66,"recent-works-thumbnail-height":50,"fusion-200":"https:\/\/www.bagesturisme.cat\/wp-content\/uploads\/2021\/07\/Cal-teixidor.jpg","fusion-200-width":200,"fusion-200-height":150,"fusion-400":"https:\/\/www.bagesturisme.cat\/wp-content\/uploads\/2021\/07\/Cal-teixidor.jpg","fusion-400-width":400,"fusion-400-height":300,"fusion-600":"https:\/\/www.bagesturisme.cat\/wp-content\/uploads\/2021\/07\/Cal-teixidor.jpg","fusion-600-width":600,"fusion-600-height":450,"fusion-800":"https:\/\/www.bagesturisme.cat\/wp-content\/uploads\/2021\/07\/Cal-teixidor.jpg","fusion-800-width":800,"fusion-800-height":600,"fusion-1200":"https:\/\/www.bagesturisme.cat\/wp-content\/uploads\/2021\/07\/Cal-teixidor.jpg","fusion-1200-width":1080,"fusion-1200-height":810,"portfolio-full":"https:\/\/www.bagesturisme.cat\/wp-content\/uploads\/2021\/07\/Cal-teixidor.jpg","portfolio-full-width":533,"portfolio-full-height":400,"portfolio-one":"https:\/\/www.bagesturisme.cat\/wp-content\/uploads\/2021\/07\/Cal-teixidor.jpg","portfolio-one-width":363,"portfolio-one-height":272,"portfolio-two":"https:\/\/www.bagesturisme.cat\/wp-content\/uploads\/2021\/07\/Cal-teixidor.jpg","portfolio-two-width":393,"portfolio-two-height":295,"portfolio-three":"https:\/\/www.bagesturisme.cat\/wp-content\/uploads\/2021\/07\/Cal-teixidor.jpg","portfolio-three-width":285,"portfolio-three-height":214,"portfolio-five":"https:\/\/www.bagesturisme.cat\/wp-content\/uploads\/2021\/07\/Cal-teixidor.jpg","portfolio-five-width":177,"portfolio-five-height":133}},{"ID":10426,"id":10426,"title":"cal teixidor2","filename":"cal-teixidor2.jpg","filesize":156915,"url":"https:\/\/www.bagesturisme.cat\/wp-content\/uploads\/2021\/07\/cal-teixidor2.jpg","link":"https:\/\/www.bagesturisme.cat\/fr\/allotjament\/cal-teixidor-la-fusteria\/cal-teixidor2\/","alt":"","author":"3","description":"","caption":"","name":"cal-teixidor2","status":"inherit","uploaded_to":10208,"date":"2021-08-17 08:31:06","modified":"2021-08-17 08:31:06","menu_order":0,"mime_type":"image\/jpeg","type":"image","subtype":"jpeg","icon":"https:\/\/www.bagesturisme.cat\/wp-includes\/images\/media\/default.png","width":2048,"height":1536,"sizes":{"thumbnail":"https:\/\/www.bagesturisme.cat\/wp-content\/uploads\/2021\/07\/cal-teixidor2-150x150.jpg","thumbnail-width":150,"thumbnail-height":150,"medium":"https:\/\/www.bagesturisme.cat\/wp-content\/uploads\/2021\/07\/cal-teixidor2-533x400.jpg","medium-width":533,"medium-height":400,"medium_large":"https:\/\/www.bagesturisme.cat\/wp-content\/uploads\/2021\/07\/cal-teixidor2-768x576.jpg","medium_large-width":768,"medium_large-height":576,"large":"https:\/\/www.bagesturisme.cat\/wp-content\/uploads\/2021\/07\/cal-teixidor2-1280x960.jpg","large-width":1170,"large-height":878,"1536x1536":"https:\/\/www.bagesturisme.cat\/wp-content\/uploads\/2021\/07\/cal-teixidor2-1536x1152.jpg","1536x1536-width":1536,"1536x1536-height":1152,"2048x2048":"https:\/\/www.bagesturisme.cat\/wp-content\/uploads\/2021\/07\/cal-teixidor2.jpg","2048x2048-width":2048,"2048x2048-height":1536,"blog-large":"https:\/\/www.bagesturisme.cat\/wp-content\/uploads\/2021\/07\/cal-teixidor2.jpg","blog-large-width":363,"blog-large-height":272,"blog-medium":"https:\/\/www.bagesturisme.cat\/wp-content\/uploads\/2021\/07\/cal-teixidor2.jpg","blog-medium-width":269,"blog-medium-height":202,"recent-posts":"https:\/\/www.bagesturisme.cat\/wp-content\/uploads\/2021\/07\/cal-teixidor2.jpg","recent-posts-width":588,"recent-posts-height":441,"recent-works-thumbnail":"https:\/\/www.bagesturisme.cat\/wp-content\/uploads\/2021\/07\/cal-teixidor2.jpg","recent-works-thumbnail-width":66,"recent-works-thumbnail-height":50,"fusion-200":"https:\/\/www.bagesturisme.cat\/wp-content\/uploads\/2021\/07\/cal-teixidor2.jpg","fusion-200-width":200,"fusion-200-height":150,"fusion-400":"https:\/\/www.bagesturisme.cat\/wp-content\/uploads\/2021\/07\/cal-teixidor2.jpg","fusion-400-width":400,"fusion-400-height":300,"fusion-600":"https:\/\/www.bagesturisme.cat\/wp-content\/uploads\/2021\/07\/cal-teixidor2.jpg","fusion-600-width":600,"fusion-600-height":450,"fusion-800":"https:\/\/www.bagesturisme.cat\/wp-content\/uploads\/2021\/07\/cal-teixidor2.jpg","fusion-800-width":800,"fusion-800-height":600,"fusion-1200":"https:\/\/www.bagesturisme.cat\/wp-content\/uploads\/2021\/07\/cal-teixidor2.jpg","fusion-1200-width":1200,"fusion-1200-height":900,"portfolio-full":"https:\/\/www.bagesturisme.cat\/wp-content\/uploads\/2021\/07\/cal-teixidor2.jpg","portfolio-full-width":533,"portfolio-full-height":400,"portfolio-one":"https:\/\/www.bagesturisme.cat\/wp-content\/uploads\/2021\/07\/cal-teixidor2.jpg","portfolio-one-width":363,"portfolio-one-height":272,"portfolio-two":"https:\/\/www.bagesturisme.cat\/wp-content\/uploads\/2021\/07\/cal-teixidor2.jpg","portfolio-two-width":393,"portfolio-two-height":295,"portfolio-three":"https:\/\/www.bagesturisme.cat\/wp-content\/uploads\/2021\/07\/cal-teixidor2.jpg","portfolio-three-width":285,"portfolio-three-height":214,"portfolio-five":"https:\/\/www.bagesturisme.cat\/wp-content\/uploads\/2021\/07\/cal-teixidor2.jpg","portfolio-five-width":177,"portfolio-five-height":133}}],"ubicacio":false},"_links":{"self":[{"href":"https:\/\/www.bagesturisme.cat\/fr\/wp-json\/wp\/v2\/allotjament\/10208","targetHints":{"allow":["GET"]}}],"collection":[{"href":"https:\/\/www.bagesturisme.cat\/fr\/wp-json\/wp\/v2\/allotjament"}],"about":[{"href":"https:\/\/www.bagesturisme.cat\/fr\/wp-json\/wp\/v2\/types\/allotjament"}],"author":[{"embeddable":true,"href":"https:\/\/www.bagesturisme.cat\/fr\/wp-json\/wp\/v2\/users\/28"}],"version-history":[{"count":7,"href":"https:\/\/www.bagesturisme.cat\/fr\/wp-json\/wp\/v2\/allotjament\/10208\/revisions"}],"predecessor-version":[{"id":15456,"href":"https:\/\/www.bagesturisme.cat\/fr\/wp-json\/wp\/v2\/allotjament\/10208\/revisions\/15456"}],"wp:featuredmedia":[{"embeddable":true,"href":"https:\/\/www.bagesturisme.cat\/fr\/wp-json\/wp\/v2\/media\/10216"}],"wp:attachment":[{"href":"https:\/\/www.bagesturisme.cat\/fr\/wp-json\/wp\/v2\/media?parent=10208"}],"curies":[{"name":"wp","href":"https:\/\/api.w.org\/{rel}","templated":true}]}}

<p><span data-olk-copy-source="MessageBody">L&rsquo;any 1922, Josep Esquius Portella va adquirir la casa amb l&rsquo;objectiu de crear una indústria tèxtil que permetés als habitants del poble seguir vivint aquí. Posteriorment, la casa es va transformar en un cafè on també hi havia una fusteria i una barberia. Tot i això, degut a l&#8217;emigració de la població cap a les colònies tèxtils properes en busca de feina, aquests negocis van haver de tancar.</span></p>
<p class="x_fg-color-1">Avui, quatre generacions més tard, la casa ha estat restaurada per oferir una estança tranquil·la i agradable, rodejada de bonics boscos, on es preserva el llegat de la seva història.</p>
<p class="x_fg-color-1">Ubicada a Salo, a 22 km del Parc Cultural de la Muntanya de Sal de Cardona, ofereix un espai ideal per a una escapada rural. La casa compta amb aparcament privat gratuït i està en una zona perfecta per practicar activitats com senderisme i ciclisme.</p>
<p class="x_fg-color-1">L&rsquo;allotjament disposa de quatre habitacions amb bany, espai obert de cuina (la cuina està completament equipada), menjador i sala d&rsquo;estar, sala de ping-pong, sala de televisió, zona de barbacoa i banyera nòrdica exterior. La casa està semiadaptada per a persones amb mobilitat reduïda. No s&rsquo;accepten mascotes.</p>
