{"id":7186,"date":"2019-05-08T11:32:27","date_gmt":"2019-05-08T10:32:27","guid":{"rendered":"https:\/\/bagesturisme.cat\/es\/?post_type=activitats&#038;p=7186"},"modified":"2021-04-21T09:02:52","modified_gmt":"2021-04-21T08:02:52","slug":"descobriu-lessencia-geoparc-mundial-unesco-catalunya-central-mas-sala","status":"publish","type":"activitats","link":"https:\/\/www.bagesturisme.cat\/fr\/activitat\/descobriu-lessencia-geoparc-mundial-unesco-catalunya-central-mas-sala\/","title":{"rendered":"D\u00e9couvrez l&rsquo;essence du g\u00e9oparc mondial Unesco de la Catalogne centrale au Mas de la Sala"},"content":{"rendered":"Au Mas de la Sala, restaurant et h\u00f4tel, nous vous proposons gratuitement cette route AUDIO GUID\u00c9E<\/p>\n<p>Acc\u00e9dez \u00e0 la page Web www.speaktracks.com \u00e0 partir de votre ordinateur et enregistrez-vous.<br \/>\nVous recevrez un email avec un lien, cliquez dessus et vous serez enregistr\u00e9.<br \/>\nRecherchez le parcours \u00ab\u00a0Mas de la Sala\u00a0\u00bb et enregistrez-le dans les favoris.<br \/>\nT\u00e9l\u00e9chargez le t\u00e9l\u00e9phone de l&rsquo;application, puis l&rsquo;itin\u00e9raire.<br \/>\nVous \u00eates pr\u00eat \u00e0 d\u00e9marrer l&rsquo;itin\u00e9raire en \u00e9coutant des instructions et des explications sur l&rsquo;environnement.<\/p>\n<p>Bonne balade !!!","protected":false},"author":24,"featured_media":9868,"template":"","tags":[],"class_list":["post-7186","activitats","type-activitats","status-publish","has-post-thumbnail","hentry","municipi-sallent","tipus-cultura"],"acf":{"email":"info@masdelasala.com","adreca":"Ctra. C-16 sortida 59, Mas de la Sala08650 Sallent","web":"http:\/\/www.masdelasala.com\/pag\/hotel-directori-serveis\/","telefon":"","entitat":"Mas de la Sala i Speaktracks","galeria":[{"ID":9868,"id":9868,"title":"Muntanya de sal Sallent","filename":"la_sequia_juny_fortuny_01-1.jpg","filesize":721487,"url":"https:\/\/www.bagesturisme.cat\/wp-content\/uploads\/2019\/05\/la_sequia_juny_fortuny_01-1.jpg","link":"https:\/\/www.bagesturisme.cat\/fr\/activitat\/descobriu-lessencia-geoparc-mundial-unesco-catalunya-central-mas-sala\/la_sequia_juny_fortuny_01-1\/","alt":"","author":"3","description":"","caption":"","name":"la_sequia_juny_fortuny_01-1","status":"inherit","uploaded_to":7186,"date":"2021-04-21 08:02:37","modified":"2021-04-21 08:02:44","menu_order":0,"mime_type":"image\/jpeg","type":"image","subtype":"jpeg","icon":"https:\/\/www.bagesturisme.cat\/wp-includes\/images\/media\/default.png","width":900,"height":599,"sizes":{"thumbnail":"https:\/\/www.bagesturisme.cat\/wp-content\/uploads\/2019\/05\/la_sequia_juny_fortuny_01-1-150x150.jpg","thumbnail-width":150,"thumbnail-height":150,"medium":"https:\/\/www.bagesturisme.cat\/wp-content\/uploads\/2019\/05\/la_sequia_juny_fortuny_01-1-601x400.jpg","medium-width":601,"medium-height":400,"medium_large":"https:\/\/www.bagesturisme.cat\/wp-content\/uploads\/2019\/05\/la_sequia_juny_fortuny_01-1-768x511.jpg","medium_large-width":768,"medium_large-height":511,"large":"https:\/\/www.bagesturisme.cat\/wp-content\/uploads\/2019\/05\/la_sequia_juny_fortuny_01-1.jpg","large-width":900,"large-height":599,"1536x1536":"https:\/\/www.bagesturisme.cat\/wp-content\/uploads\/2019\/05\/la_sequia_juny_fortuny_01-1.jpg","1536x1536-width":900,"1536x1536-height":599,"2048x2048":"https:\/\/www.bagesturisme.cat\/wp-content\/uploads\/2019\/05\/la_sequia_juny_fortuny_01-1.jpg","2048x2048-width":900,"2048x2048-height":599,"blog-large":"https:\/\/www.bagesturisme.cat\/wp-content\/uploads\/2019\/05\/la_sequia_juny_fortuny_01-1.jpg","blog-large-width":409,"blog-large-height":272,"blog-medium":"https:\/\/www.bagesturisme.cat\/wp-content\/uploads\/2019\/05\/la_sequia_juny_fortuny_01-1.jpg","blog-medium-width":304,"blog-medium-height":202,"recent-posts":"https:\/\/www.bagesturisme.cat\/wp-content\/uploads\/2019\/05\/la_sequia_juny_fortuny_01-1.jpg","recent-posts-width":663,"recent-posts-height":441,"recent-works-thumbnail":"https:\/\/www.bagesturisme.cat\/wp-content\/uploads\/2019\/05\/la_sequia_juny_fortuny_01-1.jpg","recent-works-thumbnail-width":66,"recent-works-thumbnail-height":44,"fusion-200":"https:\/\/www.bagesturisme.cat\/wp-content\/uploads\/2019\/05\/la_sequia_juny_fortuny_01-1.jpg","fusion-200-width":200,"fusion-200-height":133,"fusion-400":"https:\/\/www.bagesturisme.cat\/wp-content\/uploads\/2019\/05\/la_sequia_juny_fortuny_01-1.jpg","fusion-400-width":400,"fusion-400-height":266,"fusion-600":"https:\/\/www.bagesturisme.cat\/wp-content\/uploads\/2019\/05\/la_sequia_juny_fortuny_01-1.jpg","fusion-600-width":600,"fusion-600-height":399,"fusion-800":"https:\/\/www.bagesturisme.cat\/wp-content\/uploads\/2019\/05\/la_sequia_juny_fortuny_01-1.jpg","fusion-800-width":800,"fusion-800-height":532,"fusion-1200":"https:\/\/www.bagesturisme.cat\/wp-content\/uploads\/2019\/05\/la_sequia_juny_fortuny_01-1.jpg","fusion-1200-width":900,"fusion-1200-height":599,"portfolio-full":"https:\/\/www.bagesturisme.cat\/wp-content\/uploads\/2019\/05\/la_sequia_juny_fortuny_01-1.jpg","portfolio-full-width":601,"portfolio-full-height":400,"portfolio-one":"https:\/\/www.bagesturisme.cat\/wp-content\/uploads\/2019\/05\/la_sequia_juny_fortuny_01-1.jpg","portfolio-one-width":409,"portfolio-one-height":272,"portfolio-two":"https:\/\/www.bagesturisme.cat\/wp-content\/uploads\/2019\/05\/la_sequia_juny_fortuny_01-1.jpg","portfolio-two-width":443,"portfolio-two-height":295,"portfolio-three":"https:\/\/www.bagesturisme.cat\/wp-content\/uploads\/2019\/05\/la_sequia_juny_fortuny_01-1.jpg","portfolio-three-width":300,"portfolio-three-height":200,"portfolio-five":"https:\/\/www.bagesturisme.cat\/wp-content\/uploads\/2019\/05\/la_sequia_juny_fortuny_01-1.jpg","portfolio-five-width":177,"portfolio-five-height":118}}],"ubicacio":false,"link-venda":""},"_links":{"self":[{"href":"https:\/\/www.bagesturisme.cat\/fr\/wp-json\/wp\/v2\/activitats\/7186","targetHints":{"allow":["GET"]}}],"collection":[{"href":"https:\/\/www.bagesturisme.cat\/fr\/wp-json\/wp\/v2\/activitats"}],"about":[{"href":"https:\/\/www.bagesturisme.cat\/fr\/wp-json\/wp\/v2\/types\/activitats"}],"author":[{"embeddable":true,"href":"https:\/\/www.bagesturisme.cat\/fr\/wp-json\/wp\/v2\/users\/24"}],"version-history":[{"count":3,"href":"https:\/\/www.bagesturisme.cat\/fr\/wp-json\/wp\/v2\/activitats\/7186\/revisions"}],"predecessor-version":[{"id":9870,"href":"https:\/\/www.bagesturisme.cat\/fr\/wp-json\/wp\/v2\/activitats\/7186\/revisions\/9870"}],"wp:featuredmedia":[{"embeddable":true,"href":"https:\/\/www.bagesturisme.cat\/fr\/wp-json\/wp\/v2\/media\/9868"}],"wp:attachment":[{"href":"https:\/\/www.bagesturisme.cat\/fr\/wp-json\/wp\/v2\/media?parent=7186"}],"wp:term":[{"taxonomy":"post_tag","embeddable":true,"href":"https:\/\/www.bagesturisme.cat\/fr\/wp-json\/wp\/v2\/tags?post=7186"}],"curies":[{"name":"wp","href":"https:\/\/api.w.org\/{rel}","templated":true}]}}

Découvrez l&rsquo;essence du géoparc mondial Unesco de la Catalogne centrale au Mas de la Sala

Au Mas de la Sala, restaurant et hôtel, nous vous proposons gratuitement cette route AUDIO GUIDÉE</p>
<p>Accédez à la page Web www.speaktracks.com à partir de votre ordinateur et enregistrez-vous.<br />
Vous recevrez un email avec un lien, cliquez dessus et vous serez enregistré.<br />
Recherchez le parcours « Mas de la Sala » et enregistrez-le dans les favoris.<br />
Téléchargez le téléphone de l&rsquo;application, puis l&rsquo;itinéraire.<br />
Vous êtes prêt à démarrer l&rsquo;itinéraire en écoutant des instructions et des explications sur l&rsquo;environnement.</p>
<p>Bonne balade !!!
