{"id":479,"date":"2017-01-24T17:37:17","date_gmt":"2017-01-24T16:37:17","guid":{"rendered":"https:\/\/bagesturisme.cat\/activitat\/itineraris-per-lanella-verda\/"},"modified":"2023-07-25T09:54:01","modified_gmt":"2023-07-25T08:54:01","slug":"itineraris-anella-verda","status":"publish","type":"activitats","link":"https:\/\/www.bagesturisme.cat\/fr\/activitat\/itineraris-anella-verda\/","title":{"rendered":"Itin\u00e9raires dans l\u2019Anneau Vert"},"content":{"rendered":"Manresa est entour\u00e9e d\u2019un ensemble d\u2019espaces que la ville veut prot\u00e9ger, relier et renforcer. Il s\u2019agit de l\u2019Anneau Vert, avec des itin\u00e9raires signalis\u00e9s aussi divers que la montagne du Colbaix, la rivi\u00e8re Cardener et le fleuve Llobregat, le torrent de Rajadell ou une route p\u00e9riurbaine.<\/p>\n<p>Parmi les diff\u00e9rents <a href=\"https:\/\/bagesturisme.cat\/en\/rutes\/?m=manresa&amp;d=\">itin\u00e9raires<\/a> disponibles dans la ville, ces parcours vous permettront de d\u00e9couvrir le c\u00f4t\u00e9 naturel et social du paysage.<\/p>\n<p>Vous pouvez les suivre seul ou avec un guide de l&rsquo;office du tourisme de Manresa, plus d&rsquo;informations <a href=\"http:\/\/www.manresaturisme.cat\/fra\/article\/6920-rutes-et-chemins\">ici<\/a>.","protected":false},"author":2,"featured_media":755,"template":"","tags":[],"class_list":["post-479","activitats","type-activitats","status-publish","has-post-thumbnail","hentry","municipi-manresa","tipus-natura","tipus-turisme-actiu","tipus-turisme-en-familia","tipus-senderisme-turisme-actiu","indicadors-activitat-guiada","indicadors-apte-per-totes-les-edats","indicadors-activitat-gratuita","idiomes-catala","idiomes-castella","idiomes-angles"],"acf":{"entitat":"Oficina de Turisme de Manresa","adreca":"Pl. Major, 10, Manresa","telefon":"93 878 40 90","email":"turisme@manresaturisme.cat","web":"http:\/\/www.manresaturisme.cat","galeria":false,"ubicacio":{"address":"Pl. Major, 10, Manresa","lat":"41.72364","lng":"1.8274099999999862"},"link-venda":""},"_links":{"self":[{"href":"https:\/\/www.bagesturisme.cat\/fr\/wp-json\/wp\/v2\/activitats\/479","targetHints":{"allow":["GET"]}}],"collection":[{"href":"https:\/\/www.bagesturisme.cat\/fr\/wp-json\/wp\/v2\/activitats"}],"about":[{"href":"https:\/\/www.bagesturisme.cat\/fr\/wp-json\/wp\/v2\/types\/activitats"}],"author":[{"embeddable":true,"href":"https:\/\/www.bagesturisme.cat\/fr\/wp-json\/wp\/v2\/users\/2"}],"version-history":[{"count":7,"href":"https:\/\/www.bagesturisme.cat\/fr\/wp-json\/wp\/v2\/activitats\/479\/revisions"}],"predecessor-version":[{"id":12957,"href":"https:\/\/www.bagesturisme.cat\/fr\/wp-json\/wp\/v2\/activitats\/479\/revisions\/12957"}],"wp:featuredmedia":[{"embeddable":true,"href":"https:\/\/www.bagesturisme.cat\/fr\/wp-json\/wp\/v2\/media\/755"}],"wp:attachment":[{"href":"https:\/\/www.bagesturisme.cat\/fr\/wp-json\/wp\/v2\/media?parent=479"}],"wp:term":[{"taxonomy":"post_tag","embeddable":true,"href":"https:\/\/www.bagesturisme.cat\/fr\/wp-json\/wp\/v2\/tags?post=479"}],"curies":[{"name":"wp","href":"https:\/\/api.w.org\/{rel}","templated":true}]}}

Itinéraires dans l’Anneau Vert

Manresa est entourée d’un ensemble d’espaces que la ville veut protéger, relier et renforcer. Il s’agit de l’Anneau Vert, avec des itinéraires signalisés aussi divers que la montagne du Colbaix, la rivière Cardener et le fleuve Llobregat, le torrent de Rajadell ou une route périurbaine.</p>
<p>Parmi les différents <a href="https://bagesturisme.cat/en/rutes/?m=manresa&amp;d=">itinéraires</a> disponibles dans la ville, ces parcours vous permettront de découvrir le côté naturel et social du paysage.</p>
<p>Vous pouvez les suivre seul ou avec un guide de l&rsquo;office du tourisme de Manresa, plus d&rsquo;informations <a href="http://www.manresaturisme.cat/fra/article/6920-rutes-et-chemins">ici</a>.
