{"id":14477,"date":"2024-07-24T12:01:42","date_gmt":"2024-07-24T11:01:42","guid":{"rendered":"https:\/\/bagesturisme.cat\/?post_type=activitats&#038;p=14477"},"modified":"2024-08-07T09:27:03","modified_gmt":"2024-08-07T08:27:03","slug":"el-vi-del-pla-de-bages-a-sant-fruitos-de-bages-paquet-turistic","status":"publish","type":"activitats","link":"https:\/\/www.bagesturisme.cat\/fr\/activitat\/el-vi-del-pla-de-bages-a-sant-fruitos-de-bages-paquet-turistic\/","title":{"rendered":"Vin Pla de Bages \u00e0 Sant Fruit\u00f3s de Bages &#8211; Forfait touristique"},"content":{"rendered":"<h1 id=\"tw-target-text\" class=\"tw-data-text tw-text-large tw-ta\" dir=\"ltr\" data-placeholder=\"Traducci\u00f3\" aria-label=\"Text tradu\u00eft\" data-ved=\"2ahUKEwjVr4z-teKHAxVSWkEAHWIWCyUQ3ewLegQIBxAU\">Le vin du Pla de Bages \u00e0 Sant Fruit\u00f3s de Bages<\/h1>\n<p>2 jours et 1 nuit \/ 2 personnes<\/p>\n<p>300 \u20ac 2 personnes.<\/p>\n<p>Tout commence par une promenade dans La Sagrera pour d\u00e9couvrir la vieille ville,<br \/>\npour continuer avec quelques verres de vin et une collation, dans une ambiance d\u00e9tendue au Nou Celler<br \/>\nou au Casino, selon votre choix. Passez la nuit \u00e0 l&rsquo;H\u00f4tel M\u00f3n, depuis M\u00f3n Sant Benet,<br \/>\no\u00f9 vous pourrez \u00e9galement profiter d&rsquo;un splendide petit-d\u00e9jeuner.<\/p>\n<p>Vous savez qu&rsquo;avant le phyllox\u00e9ra, le Bages \u00e9tait la r\u00e9gion qui poss\u00e9dait le plus de superficie<br \/>\nvignoble? Le territoire regorge de vestiges de pierres s\u00e8ches qui nous en parlent<br \/>\n\u00e2ge. D\u00e9couvrez-le lors de votre visite au Mus\u00e9e de la Vigne et du Vin.<br \/>\nEt apr\u00e8s vous \u00eatre \u00e9clair\u00e9, vous vous dirigez vers le Celler del Mond Obert, pour y rendre visite<br \/>\net d\u00e9guster leurs vins. Enfin, terminez la journ\u00e9e \u0153nologique par un repas \u00e0 La Cuina de l&rsquo;Era,<br \/>\narros\u00e9 de vin DO Pla de Bages, car il ne pouvait en \u00eatre autrement.<br \/>\nEt si l&rsquo;envie vous prend, c&rsquo;est sur place que vous pourrez faire une promenade sur le sentier de la S\u00e9quia.<\/p>\n<p><strong>1er jour apr\u00e8s midi<\/strong><br \/>\nPromenez-vous dans la Sagrera, le noyau germinal de Sant Fruit\u00f3s de Bages.<br \/>\nD\u00e9couvrez la vieille ville fortifi\u00e9e.<\/p>\n<p><strong>Soir\u00e9e-nuit (deux options)<\/strong><br \/>\nOption 1. Nouvelle cave<br \/>\nSaucisse et fromage avec vins DO Pla de Bages, chez Nou Celler. 2 verres de vin par personne et par table<br \/>\nsaucisses et fromage local avec pain aux tomates.<\/p>\n<p>Option 2. Le Casino<br \/>\nUn bon hamburger, accompagn\u00e9 de quelques verres de vin DO Pla de Bages, dans un<br \/>\natmosph\u00e8re d\u00e9tendue et avec les meilleures vues sur la Sagrera.<\/p>\n<p><strong>Nuit<\/strong><br \/>\nEn r\u00e9gime AE \u00e0 l\u2019H\u00f4tel M\u00f3n<br \/>\nEn chambre double et en formule chambre et petit-d\u00e9jeuner.<\/p>\n<p><strong>Matin 2\u00e8me jour<\/strong><br \/>\nMus\u00e9e de la Vigne et du Vin<br \/>\nLe Mus\u00e9e veut rendre hommage \u00e0 tous ceux qui ont travaill\u00e9 en prenant soin de la vigne, en cultivant<br \/>\nle et la collecte des fruits, pour faire du vin ou des d\u00e9riv\u00e9s. Avec la visite, nous plongerons dans le pass\u00e9<br \/>\nnon loin pour prendre conscience de l&rsquo;importance de cette culture dans la plaine du Bages.<\/p>\n<p>Visite et d\u00e9gustation de vins au domaine viticole Mond Obert<br \/>\nVisitez leurs vignobles au pied de S\u00e8quia de Manresa et d\u00e9gustez le meilleur de leurs vins, sans<br \/>\nmanquez le Picapoll, la vari\u00e9t\u00e9 locale de la r\u00e9gion.<\/p>\n<p><strong>Midi 2\u00e8me jour<\/strong><br \/>\nD\u00e9jeuner au restaurant La Cuina de l&rsquo;Era<br \/>\nD\u00e9gustation d&rsquo;entr\u00e9es, deuxi\u00e8me choix, dessert, eau et vin DO Pla de Bages.<\/p>\n<p><em>REMARQUE : Disponible le week-end, toujours sur r\u00e9servation pr\u00e9alable.<\/em><\/p>\n<p><a class=\"mes-info boto-comprar\" href=\"https:\/\/btiquets.com\/event\/el-vi-del-pla-de-bages-a-sant-fruitos\"> acheter<\/a>","protected":false},"author":26,"featured_media":14496,"template":"","tags":[123,129,316],"class_list":["post-14477","activitats","type-activitats","status-publish","has-post-thumbnail","hentry","tag-123","tag-ibers","tag-el-vi-del-pla-de-bages","municipi-sant-fruitos-de-bages","tipus-cultura","tipus-gastronomia","tipus-enoturisme","indicadors-do-pla-de-bages","indicadors-activitat-de-pagament","indicadors-ruta-del-vi-de-la-do-pla-de-bages"],"acf":{"galeria":[{"ID":14478,"id":14478,"title":"EL vi de pla de Bages","filename":"capcelera-EL-vi-de-pla-de-Bages.jpg","filesize":95813,"url":"https:\/\/www.bagesturisme.cat\/wp-content\/uploads\/2024\/07\/capcelera-EL-vi-de-pla-de-Bages.jpg","link":"https:\/\/www.bagesturisme.cat\/fr\/activitat\/el-vi-del-pla-de-bages-a-sant-fruitos-de-bages-paquet-turistic\/capcelera-el-vi-de-pla-de-bages\/","alt":"","author":"26","description":"","caption":"","name":"capcelera-el-vi-de-pla-de-bages","status":"inherit","uploaded_to":14477,"date":"2024-07-24 10:59:53","modified":"2024-07-24 11:02:36","menu_order":0,"mime_type":"image\/jpeg","type":"image","subtype":"jpeg","icon":"https:\/\/www.bagesturisme.cat\/wp-includes\/images\/media\/default.png","width":580,"height":828,"sizes":{"thumbnail":"https:\/\/www.bagesturisme.cat\/wp-content\/uploads\/2024\/07\/capcelera-EL-vi-de-pla-de-Bages-150x150.jpg","thumbnail-width":150,"thumbnail-height":150,"medium":"https:\/\/www.bagesturisme.cat\/wp-content\/uploads\/2024\/07\/capcelera-EL-vi-de-pla-de-Bages-280x400.jpg","medium-width":280,"medium-height":400,"medium_large":"https:\/\/www.bagesturisme.cat\/wp-content\/uploads\/2024\/07\/capcelera-EL-vi-de-pla-de-Bages.jpg","medium_large-width":580,"medium_large-height":828,"large":"https:\/\/www.bagesturisme.cat\/wp-content\/uploads\/2024\/07\/capcelera-EL-vi-de-pla-de-Bages.jpg","large-width":580,"large-height":828,"1536x1536":"https:\/\/www.bagesturisme.cat\/wp-content\/uploads\/2024\/07\/capcelera-EL-vi-de-pla-de-Bages.jpg","1536x1536-width":580,"1536x1536-height":828,"2048x2048":"https:\/\/www.bagesturisme.cat\/wp-content\/uploads\/2024\/07\/capcelera-EL-vi-de-pla-de-Bages.jpg","2048x2048-width":580,"2048x2048-height":828,"blog-large":"https:\/\/www.bagesturisme.cat\/wp-content\/uploads\/2024\/07\/capcelera-EL-vi-de-pla-de-Bages.jpg","blog-large-width":191,"blog-large-height":272,"blog-medium":"https:\/\/www.bagesturisme.cat\/wp-content\/uploads\/2024\/07\/capcelera-EL-vi-de-pla-de-Bages.jpg","blog-medium-width":141,"blog-medium-height":202,"recent-posts":"https:\/\/www.bagesturisme.cat\/wp-content\/uploads\/2024\/07\/capcelera-EL-vi-de-pla-de-Bages.jpg","recent-posts-width":309,"recent-posts-height":441,"recent-works-thumbnail":"https:\/\/www.bagesturisme.cat\/wp-content\/uploads\/2024\/07\/capcelera-EL-vi-de-pla-de-Bages.jpg","recent-works-thumbnail-width":46,"recent-works-thumbnail-height":66,"fusion-200":"https:\/\/www.bagesturisme.cat\/wp-content\/uploads\/2024\/07\/capcelera-EL-vi-de-pla-de-Bages.jpg","fusion-200-width":200,"fusion-200-height":286,"fusion-400":"https:\/\/www.bagesturisme.cat\/wp-content\/uploads\/2024\/07\/capcelera-EL-vi-de-pla-de-Bages.jpg","fusion-400-width":400,"fusion-400-height":571,"fusion-600":"https:\/\/www.bagesturisme.cat\/wp-content\/uploads\/2024\/07\/capcelera-EL-vi-de-pla-de-Bages.jpg","fusion-600-width":580,"fusion-600-height":828,"fusion-800":"https:\/\/www.bagesturisme.cat\/wp-content\/uploads\/2024\/07\/capcelera-EL-vi-de-pla-de-Bages.jpg","fusion-800-width":580,"fusion-800-height":828,"fusion-1200":"https:\/\/www.bagesturisme.cat\/wp-content\/uploads\/2024\/07\/capcelera-EL-vi-de-pla-de-Bages.jpg","fusion-1200-width":580,"fusion-1200-height":828,"portfolio-full":"https:\/\/www.bagesturisme.cat\/wp-content\/uploads\/2024\/07\/capcelera-EL-vi-de-pla-de-Bages.jpg","portfolio-full-width":280,"portfolio-full-height":400,"portfolio-one":"https:\/\/www.bagesturisme.cat\/wp-content\/uploads\/2024\/07\/capcelera-EL-vi-de-pla-de-Bages.jpg","portfolio-one-width":191,"portfolio-one-height":272,"portfolio-two":"https:\/\/www.bagesturisme.cat\/wp-content\/uploads\/2024\/07\/capcelera-EL-vi-de-pla-de-Bages.jpg","portfolio-two-width":207,"portfolio-two-height":295,"portfolio-three":"https:\/\/www.bagesturisme.cat\/wp-content\/uploads\/2024\/07\/capcelera-EL-vi-de-pla-de-Bages.jpg","portfolio-three-width":150,"portfolio-three-height":214,"portfolio-five":"https:\/\/www.bagesturisme.cat\/wp-content\/uploads\/2024\/07\/capcelera-EL-vi-de-pla-de-Bages.jpg","portfolio-five-width":99,"portfolio-five-height":142}}],"entitat":"Ajuntament de Sant Fruit\u00f3s","adreca":"","telefon":"","email":"sfb.turisme@santfruit\u00f3s.cat","web":"https:\/\/turismesantfruitos.cat\/","link-venda":"https:\/\/btiquets.com\/event\/el-vi-del-pla-de-bages-a-sant-fruitos","ubicacio":false},"_links":{"self":[{"href":"https:\/\/www.bagesturisme.cat\/fr\/wp-json\/wp\/v2\/activitats\/14477","targetHints":{"allow":["GET"]}}],"collection":[{"href":"https:\/\/www.bagesturisme.cat\/fr\/wp-json\/wp\/v2\/activitats"}],"about":[{"href":"https:\/\/www.bagesturisme.cat\/fr\/wp-json\/wp\/v2\/types\/activitats"}],"author":[{"embeddable":true,"href":"https:\/\/www.bagesturisme.cat\/fr\/wp-json\/wp\/v2\/users\/26"}],"version-history":[{"count":7,"href":"https:\/\/www.bagesturisme.cat\/fr\/wp-json\/wp\/v2\/activitats\/14477\/revisions"}],"predecessor-version":[{"id":14553,"href":"https:\/\/www.bagesturisme.cat\/fr\/wp-json\/wp\/v2\/activitats\/14477\/revisions\/14553"}],"wp:featuredmedia":[{"embeddable":true,"href":"https:\/\/www.bagesturisme.cat\/fr\/wp-json\/wp\/v2\/media\/14496"}],"wp:attachment":[{"href":"https:\/\/www.bagesturisme.cat\/fr\/wp-json\/wp\/v2\/media?parent=14477"}],"wp:term":[{"taxonomy":"post_tag","embeddable":true,"href":"https:\/\/www.bagesturisme.cat\/fr\/wp-json\/wp\/v2\/tags?post=14477"}],"curies":[{"name":"wp","href":"https:\/\/api.w.org\/{rel}","templated":true}]}}

Vin Pla de Bages à Sant Fruitós de Bages &#8211; Forfait touristique

<h1 id="tw-target-text" class="tw-data-text tw-text-large tw-ta" dir="ltr" data-placeholder="Traducció" aria-label="Text traduït" data-ved="2ahUKEwjVr4z-teKHAxVSWkEAHWIWCyUQ3ewLegQIBxAU">Le vin du Pla de Bages à Sant Fruitós de Bages</h1>
<p>2 jours et 1 nuit / 2 personnes</p>
<p>300 € 2 personnes.</p>
<p>Tout commence par une promenade dans La Sagrera pour découvrir la vieille ville,<br />
pour continuer avec quelques verres de vin et une collation, dans une ambiance détendue au Nou Celler<br />
ou au Casino, selon votre choix. Passez la nuit à l&rsquo;Hôtel Món, depuis Món Sant Benet,<br />
où vous pourrez également profiter d&rsquo;un splendide petit-déjeuner.</p>
<p>Vous savez qu&rsquo;avant le phylloxéra, le Bages était la région qui possédait le plus de superficie<br />
vignoble? Le territoire regorge de vestiges de pierres sèches qui nous en parlent<br />
âge. Découvrez-le lors de votre visite au Musée de la Vigne et du Vin.<br />
Et après vous être éclairé, vous vous dirigez vers le Celler del Mond Obert, pour y rendre visite<br />
et déguster leurs vins. Enfin, terminez la journée œnologique par un repas à La Cuina de l&rsquo;Era,<br />
arrosé de vin DO Pla de Bages, car il ne pouvait en être autrement.<br />
Et si l&rsquo;envie vous prend, c&rsquo;est sur place que vous pourrez faire une promenade sur le sentier de la Séquia.</p>
<p><strong>1er jour après midi</strong><br />
Promenez-vous dans la Sagrera, le noyau germinal de Sant Fruitós de Bages.<br />
Découvrez la vieille ville fortifiée.</p>
<p><strong>Soirée-nuit (deux options)</strong><br />
Option 1. Nouvelle cave<br />
Saucisse et fromage avec vins DO Pla de Bages, chez Nou Celler. 2 verres de vin par personne et par table<br />
saucisses et fromage local avec pain aux tomates.</p>
<p>Option 2. Le Casino<br />
Un bon hamburger, accompagné de quelques verres de vin DO Pla de Bages, dans un<br />
atmosphère détendue et avec les meilleures vues sur la Sagrera.</p>
<p><strong>Nuit</strong><br />
En régime AE à l’Hôtel Món<br />
En chambre double et en formule chambre et petit-déjeuner.</p>
<p><strong>Matin 2ème jour</strong><br />
Musée de la Vigne et du Vin<br />
Le Musée veut rendre hommage à tous ceux qui ont travaillé en prenant soin de la vigne, en cultivant<br />
le et la collecte des fruits, pour faire du vin ou des dérivés. Avec la visite, nous plongerons dans le passé<br />
non loin pour prendre conscience de l&rsquo;importance de cette culture dans la plaine du Bages.</p>
<p>Visite et dégustation de vins au domaine viticole Mond Obert<br />
Visitez leurs vignobles au pied de Sèquia de Manresa et dégustez le meilleur de leurs vins, sans<br />
manquez le Picapoll, la variété locale de la région.</p>
<p><strong>Midi 2ème jour</strong><br />
Déjeuner au restaurant La Cuina de l&rsquo;Era<br />
Dégustation d&rsquo;entrées, deuxième choix, dessert, eau et vin DO Pla de Bages.</p>
<p><em>REMARQUE : Disponible le week-end, toujours sur réservation préalable.</em></p>
<p><a class="mes-info boto-comprar" href="https://btiquets.com/event/el-vi-del-pla-de-bages-a-sant-fruitos"> acheter</a>

Ajuntament de Sant Fruitós

sfb.turisme@santfruitós.cat
