{"id":12263,"date":"2022-12-02T08:17:29","date_gmt":"2022-12-02T07:17:29","guid":{"rendered":"https:\/\/bagesturisme.cat\/?post_type=activitats&#038;p=12263"},"modified":"2022-12-02T08:17:30","modified_gmt":"2022-12-02T07:17:30","slug":"visita-guiada-a-lexposicio-el-que-diuen-les-pedres-callen-els-arbres","status":"publish","type":"activitats","link":"https:\/\/www.bagesturisme.cat\/fr\/activitat\/visita-guiada-a-lexposicio-el-que-diuen-les-pedres-callen-els-arbres\/","title":{"rendered":"Envia&rsquo;ns coVisite guid\u00e9e de l&rsquo;exposition &lsquo;Ce que disent les pierres, les arbres se taisent&rsquo;ntingut"},"content":{"rendered":"Visite guid\u00e9e des emplacements des \u00e9glises d\u00e9molies de la ville et de l&rsquo;exposition de l&rsquo;artiste Jes\u00fas Gald\u00f3n \u00ab\u00a0Ce que disent les pierres, les arbres se taisent\u00a0\u00bb dans l&rsquo;Espace M\u00e9moires &#8211; eMM2, Magatzem Lapidari, o\u00f9 la col\u00b7 collection d&rsquo;\u00e9l\u00e9ments en pierre du Mus\u00e9e de Manresa principalement de la destruction des \u00e9glises pendant la guerre civile.<\/p>\n<p>Dimanche 11 d\u00e9cembre, de 11h \u00e0 12h30<\/p>\n<p>Sur inscription pr\u00e9alable \u00e0 museu@ajmanresa.cat et t\u00e9l. 93 874 11 55, jusqu&rsquo;au vendredi 9 d\u00e9cembre \u00e0 14h<\/p>\n<p>D\u00e9but de la visite \u00e0 Espai Manresa 1522, Carrer Mestre Blanch, 4 (Teatre Conservatori)","protected":false},"author":2,"featured_media":12264,"template":"","tags":[],"class_list":["post-12263","activitats","type-activitats","status-publish","has-post-thumbnail","hentry","municipi-manresa","tipus-turisme-actiu","tipus-guiatges","indicadors-biosphere"],"acf":{"email":"museu@ajmanresa.org","adreca":"Espai Manresa 1522, Carrer Mestre Blanch, 4 (Teatre Conservatori). Manresa","web":"http:\/\/museudemanresa.cat\/activitats\/1","telefon":"93 874 11 55","entitat":"Museu de Manresa","galeria":false,"link-venda":"","ubicacio":false},"_links":{"self":[{"href":"https:\/\/www.bagesturisme.cat\/fr\/wp-json\/wp\/v2\/activitats\/12263","targetHints":{"allow":["GET"]}}],"collection":[{"href":"https:\/\/www.bagesturisme.cat\/fr\/wp-json\/wp\/v2\/activitats"}],"about":[{"href":"https:\/\/www.bagesturisme.cat\/fr\/wp-json\/wp\/v2\/types\/activitats"}],"author":[{"embeddable":true,"href":"https:\/\/www.bagesturisme.cat\/fr\/wp-json\/wp\/v2\/users\/2"}],"version-history":[{"count":1,"href":"https:\/\/www.bagesturisme.cat\/fr\/wp-json\/wp\/v2\/activitats\/12263\/revisions"}],"predecessor-version":[{"id":12281,"href":"https:\/\/www.bagesturisme.cat\/fr\/wp-json\/wp\/v2\/activitats\/12263\/revisions\/12281"}],"wp:featuredmedia":[{"embeddable":true,"href":"https:\/\/www.bagesturisme.cat\/fr\/wp-json\/wp\/v2\/media\/12264"}],"wp:attachment":[{"href":"https:\/\/www.bagesturisme.cat\/fr\/wp-json\/wp\/v2\/media?parent=12263"}],"wp:term":[{"taxonomy":"post_tag","embeddable":true,"href":"https:\/\/www.bagesturisme.cat\/fr\/wp-json\/wp\/v2\/tags?post=12263"}],"curies":[{"name":"wp","href":"https:\/\/api.w.org\/{rel}","templated":true}]}}

Envia&rsquo;ns coVisite guidée de l&rsquo;exposition &lsquo;Ce que disent les pierres, les arbres se taisent&rsquo;ntingut

Visite guidée des emplacements des églises démolies de la ville et de l&rsquo;exposition de l&rsquo;artiste Jesús Galdón « Ce que disent les pierres, les arbres se taisent » dans l&rsquo;Espace Mémoires &#8211; eMM2, Magatzem Lapidari, où la col· collection d&rsquo;éléments en pierre du Musée de Manresa principalement de la destruction des églises pendant la guerre civile.</p>
<p>Dimanche 11 décembre, de 11h à 12h30</p>
<p>Sur inscription préalable à museu@ajmanresa.cat et tél. 93 874 11 55, jusqu&rsquo;au vendredi 9 décembre à 14h</p>
<p>Début de la visite à Espai Manresa 1522, Carrer Mestre Blanch, 4 (Teatre Conservatori)
