{"id":17648,"date":"2026-03-09T13:33:06","date_gmt":"2026-03-09T12:33:06","guid":{"rendered":"https:\/\/www.bagesturisme.cat\/?post_type=tribe_events&#038;p=17648"},"modified":"2026-03-09T13:33:06","modified_gmt":"2026-03-09T12:33:06","slug":"visita-guiada-al-museu-del-barroc-de-catalunya","status":"publish","type":"tribe_events","link":"https:\/\/www.bagesturisme.cat\/es\/agenda\/visita-guiada-al-museu-del-barroc-de-catalunya\/","title":{"rendered":"Visita guiada al Museu del Barroc de Catalunya"},"content":{"rendered":"<p class=\"qtranxs-available-languages-message qtranxs-available-languages-message-es\">Disculpa, pero esta entrada est\u00e1 disponible s\u00f3lo en <a href=\"https:\/\/www.bagesturisme.cat\/ca\/wp-json\/wp\/v2\/tribe_events\/17648\" class=\"qtranxs-available-language-link qtranxs-available-language-link-ca\" title=\"Catal\u00e0\">Catal\u00e0<\/a>.<\/p>","protected":false},"excerpt":{"rendered":"<p>Disculpa, pero esta entrada est\u00e1 disponible s\u00f3lo en Catal\u00e0.<\/p>\n","protected":false},"author":3,"featured_media":17649,"template":"","meta":{"_acf_changed":false,"_eb_attr":"","_tribe_events_status":"","_tribe_events_status_reason":"","footnotes":""},"tags":[],"tribe_events_cat":[],"class_list":["post-17648","tribe_events","type-tribe_events","status-publish","has-post-thumbnail","hentry"],"acf":[],"_links":{"self":[{"href":"https:\/\/www.bagesturisme.cat\/es\/wp-json\/wp\/v2\/tribe_events\/17648","targetHints":{"allow":["GET"]}}],"collection":[{"href":"https:\/\/www.bagesturisme.cat\/es\/wp-json\/wp\/v2\/tribe_events"}],"about":[{"href":"https:\/\/www.bagesturisme.cat\/es\/wp-json\/wp\/v2\/types\/tribe_events"}],"author":[{"embeddable":true,"href":"https:\/\/www.bagesturisme.cat\/es\/wp-json\/wp\/v2\/users\/3"}],"version-history":[{"count":1,"href":"https:\/\/www.bagesturisme.cat\/es\/wp-json\/wp\/v2\/tribe_events\/17648\/revisions"}],"predecessor-version":[{"id":17650,"href":"https:\/\/www.bagesturisme.cat\/es\/wp-json\/wp\/v2\/tribe_events\/17648\/revisions\/17650"}],"wp:featuredmedia":[{"embeddable":true,"href":"https:\/\/www.bagesturisme.cat\/es\/wp-json\/wp\/v2\/media\/17649"}],"wp:attachment":[{"href":"https:\/\/www.bagesturisme.cat\/es\/wp-json\/wp\/v2\/media?parent=17648"}],"wp:term":[{"taxonomy":"post_tag","embeddable":true,"href":"https:\/\/www.bagesturisme.cat\/es\/wp-json\/wp\/v2\/tags?post=17648"},{"taxonomy":"tribe_events_cat","embeddable":true,"href":"https:\/\/www.bagesturisme.cat\/es\/wp-json\/wp\/v2\/tribe_events_cat?post=17648"}],"curies":[{"name":"wp","href":"https:\/\/api.w.org\/{rel}","templated":true}]}}

<p class="qtranxs-available-languages-message qtranxs-available-languages-message-es">Disculpa, pero esta entrada está disponible sólo en <a href="https://www.bagesturisme.cat/ca/wp-json/wp/v2/tribe_events/17648" class="qtranxs-available-language-link qtranxs-available-language-link-ca" title="Català">Català</a>.</p>

<p>Disculpa, pero esta entrada está disponible sólo en Català.</p>
