{"id":4535,"date":"2017-09-29T13:01:56","date_gmt":"2017-09-29T12:01:56","guid":{"rendered":"https:\/\/bagesturisme.cat\/?post_type=restauracio&#038;p=4535"},"modified":"2021-02-19T09:40:43","modified_gmt":"2021-02-19T08:40:43","slug":"restaurant-la-sala","status":"publish","type":"restauracio","link":"https:\/\/www.bagesturisme.cat\/es\/restauracio\/restaurant-la-sala\/","title":{"rendered":"Restaurant La Sala"},"content":{"rendered":"<p>El restaurant La Sala s&#8217;ubica en el mas de La Sala de Sant Pon\u00e7, antiga masia t\u00edpica catalana d&#8217;or\u00edgen medieval Es troba a les proximitats de la carretera C-16, a tocar del Karing Sallent i molt proper al cam\u00ed de la S\u00e8quia en un dels seus trams m\u00e9s emboscats i suggerents.<\/p>\n<p>Ofereixen cuina tradicional i de Mercat, peix fresc, marisc, varietat en Vins i caves, una agradable terrassa i zona per grups.<\/p>\n<p>Dilluns a diumenge de 09:00 A 18:00 Divendres i dissabte de 20:30 A 00:30<\/p>\n","protected":false},"author":24,"featured_media":8889,"template":"","class_list":["post-4535","restauracio","type-restauracio","status-publish","has-post-thumbnail","hentry","municipi-sallent"],"acf":{"adreca":"Ctra. C-16, sortida 59 -  08650 Sallent","web":"https:\/\/www.restaurantlasala.cat","email":"info@restaurantlasala.cat","tel":"931 31 17 91 \/ 679 92 48 95","galeria":[{"ID":4542,"id":4542,"title":"La Sala. Terrassa","filename":"La-Sala-terrassa.jpg","filesize":0,"url":"https:\/\/www.bagesturisme.cat\/wp-content\/uploads\/2017\/09\/La-Sala-terrassa.jpg","link":"https:\/\/www.bagesturisme.cat\/es\/restauracio\/restaurant-la-sala\/la-sala-terrassa\/","alt":"","author":"24","description":"","caption":"","name":"la-sala-terrassa","status":"inherit","uploaded_to":4535,"date":"2017-09-29 11:58:12","modified":"2017-09-29 12:01:08","menu_order":0,"mime_type":"image\/jpeg","type":"image","subtype":"jpeg","icon":"https:\/\/www.bagesturisme.cat\/wp-includes\/images\/media\/default.png","width":1500,"height":1125,"sizes":{"thumbnail":"https:\/\/www.bagesturisme.cat\/wp-content\/uploads\/2017\/09\/La-Sala-terrassa-150x150.jpg","thumbnail-width":150,"thumbnail-height":150,"medium":"https:\/\/www.bagesturisme.cat\/wp-content\/uploads\/2017\/09\/La-Sala-terrassa-533x400.jpg","medium-width":533,"medium-height":400,"medium_large":"https:\/\/www.bagesturisme.cat\/wp-content\/uploads\/2017\/09\/La-Sala-terrassa-768x576.jpg","medium_large-width":768,"medium_large-height":576,"large":"https:\/\/www.bagesturisme.cat\/wp-content\/uploads\/2017\/09\/La-Sala-terrassa-1280x960.jpg","large-width":1170,"large-height":878,"1536x1536":"https:\/\/www.bagesturisme.cat\/wp-content\/uploads\/2017\/09\/La-Sala-terrassa.jpg","1536x1536-width":1500,"1536x1536-height":1125,"2048x2048":"https:\/\/www.bagesturisme.cat\/wp-content\/uploads\/2017\/09\/La-Sala-terrassa.jpg","2048x2048-width":1500,"2048x2048-height":1125,"blog-large":"https:\/\/www.bagesturisme.cat\/wp-content\/uploads\/2017\/09\/La-Sala-terrassa.jpg","blog-large-width":363,"blog-large-height":272,"blog-medium":"https:\/\/www.bagesturisme.cat\/wp-content\/uploads\/2017\/09\/La-Sala-terrassa.jpg","blog-medium-width":269,"blog-medium-height":202,"recent-posts":"https:\/\/www.bagesturisme.cat\/wp-content\/uploads\/2017\/09\/La-Sala-terrassa.jpg","recent-posts-width":588,"recent-posts-height":441,"recent-works-thumbnail":"https:\/\/www.bagesturisme.cat\/wp-content\/uploads\/2017\/09\/La-Sala-terrassa.jpg","recent-works-thumbnail-width":66,"recent-works-thumbnail-height":50,"fusion-200":"https:\/\/www.bagesturisme.cat\/wp-content\/uploads\/2017\/09\/La-Sala-terrassa.jpg","fusion-200-width":200,"fusion-200-height":150,"fusion-400":"https:\/\/www.bagesturisme.cat\/wp-content\/uploads\/2017\/09\/La-Sala-terrassa.jpg","fusion-400-width":400,"fusion-400-height":300,"fusion-600":"https:\/\/www.bagesturisme.cat\/wp-content\/uploads\/2017\/09\/La-Sala-terrassa.jpg","fusion-600-width":600,"fusion-600-height":450,"fusion-800":"https:\/\/www.bagesturisme.cat\/wp-content\/uploads\/2017\/09\/La-Sala-terrassa.jpg","fusion-800-width":800,"fusion-800-height":600,"fusion-1200":"https:\/\/www.bagesturisme.cat\/wp-content\/uploads\/2017\/09\/La-Sala-terrassa.jpg","fusion-1200-width":1200,"fusion-1200-height":900,"portfolio-full":"https:\/\/www.bagesturisme.cat\/wp-content\/uploads\/2017\/09\/La-Sala-terrassa.jpg","portfolio-full-width":533,"portfolio-full-height":400,"portfolio-one":"https:\/\/www.bagesturisme.cat\/wp-content\/uploads\/2017\/09\/La-Sala-terrassa.jpg","portfolio-one-width":363,"portfolio-one-height":272,"portfolio-two":"https:\/\/www.bagesturisme.cat\/wp-content\/uploads\/2017\/09\/La-Sala-terrassa.jpg","portfolio-two-width":393,"portfolio-two-height":295,"portfolio-three":"https:\/\/www.bagesturisme.cat\/wp-content\/uploads\/2017\/09\/La-Sala-terrassa.jpg","portfolio-three-width":285,"portfolio-three-height":214,"portfolio-five":"https:\/\/www.bagesturisme.cat\/wp-content\/uploads\/2017\/09\/La-Sala-terrassa.jpg","portfolio-five-width":177,"portfolio-five-height":133}},{"ID":4544,"id":4544,"title":"La Sala. Entrada","filename":"La-Sala-entrada.jpg","filesize":0,"url":"https:\/\/www.bagesturisme.cat\/wp-content\/uploads\/2017\/09\/La-Sala-entrada.jpg","link":"https:\/\/www.bagesturisme.cat\/es\/restauracio\/restaurant-la-sala\/la-sala-entrada\/","alt":"","author":"24","description":"","caption":"","name":"la-sala-entrada","status":"inherit","uploaded_to":4535,"date":"2017-09-29 12:00:49","modified":"2017-09-29 12:01:03","menu_order":0,"mime_type":"image\/jpeg","type":"image","subtype":"jpeg","icon":"https:\/\/www.bagesturisme.cat\/wp-includes\/images\/media\/default.png","width":4352,"height":3264,"sizes":{"thumbnail":"https:\/\/www.bagesturisme.cat\/wp-content\/uploads\/2017\/09\/La-Sala-entrada-150x150.jpg","thumbnail-width":150,"thumbnail-height":150,"medium":"https:\/\/www.bagesturisme.cat\/wp-content\/uploads\/2017\/09\/La-Sala-entrada-533x400.jpg","medium-width":533,"medium-height":400,"medium_large":"https:\/\/www.bagesturisme.cat\/wp-content\/uploads\/2017\/09\/La-Sala-entrada-768x576.jpg","medium_large-width":768,"medium_large-height":576,"large":"https:\/\/www.bagesturisme.cat\/wp-content\/uploads\/2017\/09\/La-Sala-entrada-1280x960.jpg","large-width":1170,"large-height":878,"1536x1536":"https:\/\/www.bagesturisme.cat\/wp-content\/uploads\/2017\/09\/La-Sala-entrada.jpg","1536x1536-width":1536,"1536x1536-height":1152,"2048x2048":"https:\/\/www.bagesturisme.cat\/wp-content\/uploads\/2017\/09\/La-Sala-entrada.jpg","2048x2048-width":2048,"2048x2048-height":1536,"blog-large":"https:\/\/www.bagesturisme.cat\/wp-content\/uploads\/2017\/09\/La-Sala-entrada.jpg","blog-large-width":363,"blog-large-height":272,"blog-medium":"https:\/\/www.bagesturisme.cat\/wp-content\/uploads\/2017\/09\/La-Sala-entrada.jpg","blog-medium-width":269,"blog-medium-height":202,"recent-posts":"https:\/\/www.bagesturisme.cat\/wp-content\/uploads\/2017\/09\/La-Sala-entrada.jpg","recent-posts-width":588,"recent-posts-height":441,"recent-works-thumbnail":"https:\/\/www.bagesturisme.cat\/wp-content\/uploads\/2017\/09\/La-Sala-entrada.jpg","recent-works-thumbnail-width":66,"recent-works-thumbnail-height":50,"fusion-200":"https:\/\/www.bagesturisme.cat\/wp-content\/uploads\/2017\/09\/La-Sala-entrada.jpg","fusion-200-width":200,"fusion-200-height":150,"fusion-400":"https:\/\/www.bagesturisme.cat\/wp-content\/uploads\/2017\/09\/La-Sala-entrada.jpg","fusion-400-width":400,"fusion-400-height":300,"fusion-600":"https:\/\/www.bagesturisme.cat\/wp-content\/uploads\/2017\/09\/La-Sala-entrada.jpg","fusion-600-width":600,"fusion-600-height":450,"fusion-800":"https:\/\/www.bagesturisme.cat\/wp-content\/uploads\/2017\/09\/La-Sala-entrada.jpg","fusion-800-width":800,"fusion-800-height":600,"fusion-1200":"https:\/\/www.bagesturisme.cat\/wp-content\/uploads\/2017\/09\/La-Sala-entrada.jpg","fusion-1200-width":1200,"fusion-1200-height":900,"portfolio-full":"https:\/\/www.bagesturisme.cat\/wp-content\/uploads\/2017\/09\/La-Sala-entrada.jpg","portfolio-full-width":533,"portfolio-full-height":400,"portfolio-one":"https:\/\/www.bagesturisme.cat\/wp-content\/uploads\/2017\/09\/La-Sala-entrada.jpg","portfolio-one-width":363,"portfolio-one-height":272,"portfolio-two":"https:\/\/www.bagesturisme.cat\/wp-content\/uploads\/2017\/09\/La-Sala-entrada.jpg","portfolio-two-width":393,"portfolio-two-height":295,"portfolio-three":"https:\/\/www.bagesturisme.cat\/wp-content\/uploads\/2017\/09\/La-Sala-entrada.jpg","portfolio-three-width":285,"portfolio-three-height":214,"portfolio-five":"https:\/\/www.bagesturisme.cat\/wp-content\/uploads\/2017\/09\/La-Sala-entrada.jpg","portfolio-five-width":177,"portfolio-five-height":133}}],"ubicacio":{"address":"C-16, 08650 Sallent de Llobregat, Barcelona, Sallent de Llobregat, Espa\u00f1a","lat":"41.78750501800571","lng":"1.8911075592041016"}},"_links":{"self":[{"href":"https:\/\/www.bagesturisme.cat\/es\/wp-json\/wp\/v2\/restauracio\/4535","targetHints":{"allow":["GET"]}}],"collection":[{"href":"https:\/\/www.bagesturisme.cat\/es\/wp-json\/wp\/v2\/restauracio"}],"about":[{"href":"https:\/\/www.bagesturisme.cat\/es\/wp-json\/wp\/v2\/types\/restauracio"}],"author":[{"embeddable":true,"href":"https:\/\/www.bagesturisme.cat\/es\/wp-json\/wp\/v2\/users\/24"}],"version-history":[{"count":7,"href":"https:\/\/www.bagesturisme.cat\/es\/wp-json\/wp\/v2\/restauracio\/4535\/revisions"}],"predecessor-version":[{"id":7547,"href":"https:\/\/www.bagesturisme.cat\/es\/wp-json\/wp\/v2\/restauracio\/4535\/revisions\/7547"}],"wp:featuredmedia":[{"embeddable":true,"href":"https:\/\/www.bagesturisme.cat\/es\/wp-json\/wp\/v2\/media\/8889"}],"wp:attachment":[{"href":"https:\/\/www.bagesturisme.cat\/es\/wp-json\/wp\/v2\/media?parent=4535"}],"curies":[{"name":"wp","href":"https:\/\/api.w.org\/{rel}","templated":true}]}}

<p>El restaurant La Sala s&#8217;ubica en el mas de La Sala de Sant Ponç, antiga masia típica catalana d&#8217;orígen medieval Es troba a les proximitats de la carretera C-16, a tocar del Karing Sallent i molt proper al camí de la Sèquia en un dels seus trams més emboscats i suggerents.</p>
<p>Ofereixen cuina tradicional i de Mercat, peix fresc, marisc, varietat en Vins i caves, una agradable terrassa i zona per grups.</p>
<p>Dilluns a diumenge de 09:00 A 18:00 Divendres i dissabte de 20:30 A 00:30</p>

C-16, 08650 Sallent de Llobregat, Barcelona, Sallent de Llobregat, España
