{"id":293,"date":"2016-12-15T14:23:21","date_gmt":"2016-12-15T13:23:21","guid":{"rendered":"https:\/\/bagesturisme.cat\/restauracio\/restaurant-el-moli-de-boixeda\/"},"modified":"2021-02-23T11:12:49","modified_gmt":"2021-02-23T10:12:49","slug":"restaurant-moli-boixeda","status":"publish","type":"restauracio","link":"https:\/\/www.bagesturisme.cat\/es\/restauracio\/restaurant-moli-boixeda\/","title":{"rendered":"Restaurant El Mol\u00ed de Boixeda"},"content":{"rendered":"Cuina tradicional i de temporada, entorn i vistes immillorables. Casa feta al 1917, havia sigut un mol\u00ed i centre neur\u00e0lgic del poble des l\u2019any 1920 fins el 1950.<\/p>\n<p>Amb productes de qualitat i de la terra, elaborem una cuina tradicional i catalana, plats de cuina actual respectant i aprofitant al m\u00e0xim els productes de temporada, ca\u00e7a, bolets, verdures i fruites.\u00a0Us suggerim la nostra carta de postres artesanals d&#8217;ara i de sempre. A la carta de vins podeu descobrir vins aut\u00f2ctons de la zona de Fonollosa.<\/p>\n<p>El restaurant disposa d&#8217;un ampl\u00edssim aparcament propi pels nostres clients, parc infantil, taules exteriors on \u00e9s perm\u00e8s fumar, cafeteria amb llar de foc i zona wifi.<\/p>\n<p>Horaris:<\/p>\n<p>Dilluns &#8211; diumenge: 8:30h &#8211; 17.00h<\/p>\n<p>Dissabtes: 8:30h &#8211; 23.00h<\/p>\n<p>Divendres a la nit tancat, excepte amb reserva pr\u00e8via per a grups (m\u00ednim 20 persones)<\/p>\n<p>Dimecres tancat per descans setmanal, excepte festius.","protected":false},"author":15,"featured_media":8955,"template":"","class_list":["post-293","restauracio","type-restauracio","status-publish","has-post-thumbnail","hentry","municipi-fonollosa","indicadors-familiar","indicadors-mobilitat-reduida"],"acf":{"adreca":"Ctra. Calaf (BV-3008) km 8,7- 08259 - Fals (Fonollosa)","web":"http:\/\/www.molideboixeda.com","email":"molideboixeda@hotmail.com","tel":"93 836 81 26 \u00b7 627 98 42 29","galeria":[{"ID":3742,"id":3742,"title":"Mol\u00ed de Boixeda","filename":"11.-Mol\u00ed-de-Boixeda-1.jpg","filesize":0,"url":"https:\/\/www.bagesturisme.cat\/wp-content\/uploads\/2016\/12\/11.-Mol\u00ed-de-Boixeda-1.jpg","link":"https:\/\/www.bagesturisme.cat\/es\/restauracio\/restaurant-moli-boixeda\/11-moli-de-boixeda-2\/","alt":"","author":"15","description":"","caption":"","name":"11-moli-de-boixeda-2","status":"inherit","uploaded_to":293,"date":"2017-09-20 22:58:50","modified":"2017-09-20 22:58:56","menu_order":0,"mime_type":"image\/jpeg","type":"image","subtype":"jpeg","icon":"https:\/\/www.bagesturisme.cat\/wp-includes\/images\/media\/default.png","width":600,"height":296,"sizes":{"thumbnail":"https:\/\/www.bagesturisme.cat\/wp-content\/uploads\/2016\/12\/11.-Mol\u00ed-de-Boixeda-1-150x150.jpg","thumbnail-width":150,"thumbnail-height":150,"medium":"https:\/\/www.bagesturisme.cat\/wp-content\/uploads\/2016\/12\/11.-Mol\u00ed-de-Boixeda-1.jpg","medium-width":600,"medium-height":296,"medium_large":"https:\/\/www.bagesturisme.cat\/wp-content\/uploads\/2016\/12\/11.-Mol\u00ed-de-Boixeda-1.jpg","medium_large-width":600,"medium_large-height":296,"large":"https:\/\/www.bagesturisme.cat\/wp-content\/uploads\/2016\/12\/11.-Mol\u00ed-de-Boixeda-1.jpg","large-width":600,"large-height":296,"1536x1536":"https:\/\/www.bagesturisme.cat\/wp-content\/uploads\/2016\/12\/11.-Mol\u00ed-de-Boixeda-1.jpg","1536x1536-width":600,"1536x1536-height":296,"2048x2048":"https:\/\/www.bagesturisme.cat\/wp-content\/uploads\/2016\/12\/11.-Mol\u00ed-de-Boixeda-1.jpg","2048x2048-width":600,"2048x2048-height":296,"blog-large":"https:\/\/www.bagesturisme.cat\/wp-content\/uploads\/2016\/12\/11.-Mol\u00ed-de-Boixeda-1.jpg","blog-large-width":551,"blog-large-height":272,"blog-medium":"https:\/\/www.bagesturisme.cat\/wp-content\/uploads\/2016\/12\/11.-Mol\u00ed-de-Boixeda-1.jpg","blog-medium-width":320,"blog-medium-height":158,"recent-posts":"https:\/\/www.bagesturisme.cat\/wp-content\/uploads\/2016\/12\/11.-Mol\u00ed-de-Boixeda-1.jpg","recent-posts-width":600,"recent-posts-height":296,"recent-works-thumbnail":"https:\/\/www.bagesturisme.cat\/wp-content\/uploads\/2016\/12\/11.-Mol\u00ed-de-Boixeda-1.jpg","recent-works-thumbnail-width":66,"recent-works-thumbnail-height":33,"fusion-200":"https:\/\/www.bagesturisme.cat\/wp-content\/uploads\/2016\/12\/11.-Mol\u00ed-de-Boixeda-1.jpg","fusion-200-width":200,"fusion-200-height":99,"fusion-400":"https:\/\/www.bagesturisme.cat\/wp-content\/uploads\/2016\/12\/11.-Mol\u00ed-de-Boixeda-1.jpg","fusion-400-width":400,"fusion-400-height":197,"fusion-600":"https:\/\/www.bagesturisme.cat\/wp-content\/uploads\/2016\/12\/11.-Mol\u00ed-de-Boixeda-1.jpg","fusion-600-width":600,"fusion-600-height":296,"fusion-800":"https:\/\/www.bagesturisme.cat\/wp-content\/uploads\/2016\/12\/11.-Mol\u00ed-de-Boixeda-1.jpg","fusion-800-width":600,"fusion-800-height":296,"fusion-1200":"https:\/\/www.bagesturisme.cat\/wp-content\/uploads\/2016\/12\/11.-Mol\u00ed-de-Boixeda-1.jpg","fusion-1200-width":600,"fusion-1200-height":296,"portfolio-full":"https:\/\/www.bagesturisme.cat\/wp-content\/uploads\/2016\/12\/11.-Mol\u00ed-de-Boixeda-1.jpg","portfolio-full-width":600,"portfolio-full-height":296,"portfolio-one":"https:\/\/www.bagesturisme.cat\/wp-content\/uploads\/2016\/12\/11.-Mol\u00ed-de-Boixeda-1.jpg","portfolio-one-width":540,"portfolio-one-height":266,"portfolio-two":"https:\/\/www.bagesturisme.cat\/wp-content\/uploads\/2016\/12\/11.-Mol\u00ed-de-Boixeda-1.jpg","portfolio-two-width":460,"portfolio-two-height":227,"portfolio-three":"https:\/\/www.bagesturisme.cat\/wp-content\/uploads\/2016\/12\/11.-Mol\u00ed-de-Boixeda-1.jpg","portfolio-three-width":300,"portfolio-three-height":148,"portfolio-five":"https:\/\/www.bagesturisme.cat\/wp-content\/uploads\/2016\/12\/11.-Mol\u00ed-de-Boixeda-1.jpg","portfolio-five-width":177,"portfolio-five-height":87}},{"ID":6410,"id":6410,"title":"menjador el mol\u00ed de boixeda","filename":"menjador-2.jpg","filesize":0,"url":"https:\/\/www.bagesturisme.cat\/wp-content\/uploads\/2016\/12\/menjador-2.jpg","link":"https:\/\/www.bagesturisme.cat\/es\/restauracio\/restaurant-moli-boixeda\/menjador-5\/","alt":"","author":"15","description":"","caption":"","name":"menjador-5","status":"inherit","uploaded_to":293,"date":"2018-11-27 10:45:55","modified":"2018-11-27 10:46:06","menu_order":0,"mime_type":"image\/jpeg","type":"image","subtype":"jpeg","icon":"https:\/\/www.bagesturisme.cat\/wp-includes\/images\/media\/default.png","width":600,"height":340,"sizes":{"thumbnail":"https:\/\/www.bagesturisme.cat\/wp-content\/uploads\/2016\/12\/menjador-2-150x150.jpg","thumbnail-width":150,"thumbnail-height":150,"medium":"https:\/\/www.bagesturisme.cat\/wp-content\/uploads\/2016\/12\/menjador-2.jpg","medium-width":600,"medium-height":340,"medium_large":"https:\/\/www.bagesturisme.cat\/wp-content\/uploads\/2016\/12\/menjador-2.jpg","medium_large-width":600,"medium_large-height":340,"large":"https:\/\/www.bagesturisme.cat\/wp-content\/uploads\/2016\/12\/menjador-2.jpg","large-width":600,"large-height":340,"1536x1536":"https:\/\/www.bagesturisme.cat\/wp-content\/uploads\/2016\/12\/menjador-2.jpg","1536x1536-width":600,"1536x1536-height":340,"2048x2048":"https:\/\/www.bagesturisme.cat\/wp-content\/uploads\/2016\/12\/menjador-2.jpg","2048x2048-width":600,"2048x2048-height":340,"blog-large":"https:\/\/www.bagesturisme.cat\/wp-content\/uploads\/2016\/12\/menjador-2.jpg","blog-large-width":480,"blog-large-height":272,"blog-medium":"https:\/\/www.bagesturisme.cat\/wp-content\/uploads\/2016\/12\/menjador-2.jpg","blog-medium-width":320,"blog-medium-height":181,"recent-posts":"https:\/\/www.bagesturisme.cat\/wp-content\/uploads\/2016\/12\/menjador-2.jpg","recent-posts-width":600,"recent-posts-height":340,"recent-works-thumbnail":"https:\/\/www.bagesturisme.cat\/wp-content\/uploads\/2016\/12\/menjador-2.jpg","recent-works-thumbnail-width":66,"recent-works-thumbnail-height":37,"fusion-200":"https:\/\/www.bagesturisme.cat\/wp-content\/uploads\/2016\/12\/menjador-2.jpg","fusion-200-width":200,"fusion-200-height":113,"fusion-400":"https:\/\/www.bagesturisme.cat\/wp-content\/uploads\/2016\/12\/menjador-2.jpg","fusion-400-width":400,"fusion-400-height":227,"fusion-600":"https:\/\/www.bagesturisme.cat\/wp-content\/uploads\/2016\/12\/menjador-2.jpg","fusion-600-width":600,"fusion-600-height":340,"fusion-800":"https:\/\/www.bagesturisme.cat\/wp-content\/uploads\/2016\/12\/menjador-2.jpg","fusion-800-width":600,"fusion-800-height":340,"fusion-1200":"https:\/\/www.bagesturisme.cat\/wp-content\/uploads\/2016\/12\/menjador-2.jpg","fusion-1200-width":600,"fusion-1200-height":340,"portfolio-full":"https:\/\/www.bagesturisme.cat\/wp-content\/uploads\/2016\/12\/menjador-2.jpg","portfolio-full-width":600,"portfolio-full-height":340,"portfolio-one":"https:\/\/www.bagesturisme.cat\/wp-content\/uploads\/2016\/12\/menjador-2.jpg","portfolio-one-width":480,"portfolio-one-height":272,"portfolio-two":"https:\/\/www.bagesturisme.cat\/wp-content\/uploads\/2016\/12\/menjador-2.jpg","portfolio-two-width":460,"portfolio-two-height":261,"portfolio-three":"https:\/\/www.bagesturisme.cat\/wp-content\/uploads\/2016\/12\/menjador-2.jpg","portfolio-three-width":300,"portfolio-three-height":170,"portfolio-five":"https:\/\/www.bagesturisme.cat\/wp-content\/uploads\/2016\/12\/menjador-2.jpg","portfolio-five-width":177,"portfolio-five-height":100}},{"ID":6411,"id":6411,"title":"menjador 2 el mol\u00ed de boixeda","filename":"menjador-2-1.jpg","filesize":0,"url":"https:\/\/www.bagesturisme.cat\/wp-content\/uploads\/2016\/12\/menjador-2-1.jpg","link":"https:\/\/www.bagesturisme.cat\/es\/restauracio\/restaurant-moli-boixeda\/menjador-2-2\/","alt":"","author":"15","description":"","caption":"","name":"menjador-2-2","status":"inherit","uploaded_to":293,"date":"2018-11-27 10:46:18","modified":"2018-11-27 10:46:27","menu_order":0,"mime_type":"image\/jpeg","type":"image","subtype":"jpeg","icon":"https:\/\/www.bagesturisme.cat\/wp-includes\/images\/media\/default.png","width":800,"height":600,"sizes":{"thumbnail":"https:\/\/www.bagesturisme.cat\/wp-content\/uploads\/2016\/12\/menjador-2-1-150x150.jpg","thumbnail-width":150,"thumbnail-height":150,"medium":"https:\/\/www.bagesturisme.cat\/wp-content\/uploads\/2016\/12\/menjador-2-1-533x400.jpg","medium-width":533,"medium-height":400,"medium_large":"https:\/\/www.bagesturisme.cat\/wp-content\/uploads\/2016\/12\/menjador-2-1-768x576.jpg","medium_large-width":768,"medium_large-height":576,"large":"https:\/\/www.bagesturisme.cat\/wp-content\/uploads\/2016\/12\/menjador-2-1.jpg","large-width":800,"large-height":600,"1536x1536":"https:\/\/www.bagesturisme.cat\/wp-content\/uploads\/2016\/12\/menjador-2-1.jpg","1536x1536-width":800,"1536x1536-height":600,"2048x2048":"https:\/\/www.bagesturisme.cat\/wp-content\/uploads\/2016\/12\/menjador-2-1.jpg","2048x2048-width":800,"2048x2048-height":600,"blog-large":"https:\/\/www.bagesturisme.cat\/wp-content\/uploads\/2016\/12\/menjador-2-1.jpg","blog-large-width":363,"blog-large-height":272,"blog-medium":"https:\/\/www.bagesturisme.cat\/wp-content\/uploads\/2016\/12\/menjador-2-1.jpg","blog-medium-width":269,"blog-medium-height":202,"recent-posts":"https:\/\/www.bagesturisme.cat\/wp-content\/uploads\/2016\/12\/menjador-2-1.jpg","recent-posts-width":588,"recent-posts-height":441,"recent-works-thumbnail":"https:\/\/www.bagesturisme.cat\/wp-content\/uploads\/2016\/12\/menjador-2-1.jpg","recent-works-thumbnail-width":66,"recent-works-thumbnail-height":50,"fusion-200":"https:\/\/www.bagesturisme.cat\/wp-content\/uploads\/2016\/12\/menjador-2-1.jpg","fusion-200-width":200,"fusion-200-height":150,"fusion-400":"https:\/\/www.bagesturisme.cat\/wp-content\/uploads\/2016\/12\/menjador-2-1.jpg","fusion-400-width":400,"fusion-400-height":300,"fusion-600":"https:\/\/www.bagesturisme.cat\/wp-content\/uploads\/2016\/12\/menjador-2-1.jpg","fusion-600-width":600,"fusion-600-height":450,"fusion-800":"https:\/\/www.bagesturisme.cat\/wp-content\/uploads\/2016\/12\/menjador-2-1.jpg","fusion-800-width":800,"fusion-800-height":600,"fusion-1200":"https:\/\/www.bagesturisme.cat\/wp-content\/uploads\/2016\/12\/menjador-2-1.jpg","fusion-1200-width":800,"fusion-1200-height":600,"portfolio-full":"https:\/\/www.bagesturisme.cat\/wp-content\/uploads\/2016\/12\/menjador-2-1.jpg","portfolio-full-width":533,"portfolio-full-height":400,"portfolio-one":"https:\/\/www.bagesturisme.cat\/wp-content\/uploads\/2016\/12\/menjador-2-1.jpg","portfolio-one-width":363,"portfolio-one-height":272,"portfolio-two":"https:\/\/www.bagesturisme.cat\/wp-content\/uploads\/2016\/12\/menjador-2-1.jpg","portfolio-two-width":393,"portfolio-two-height":295,"portfolio-three":"https:\/\/www.bagesturisme.cat\/wp-content\/uploads\/2016\/12\/menjador-2-1.jpg","portfolio-three-width":285,"portfolio-three-height":214,"portfolio-five":"https:\/\/www.bagesturisme.cat\/wp-content\/uploads\/2016\/12\/menjador-2-1.jpg","portfolio-five-width":177,"portfolio-five-height":133}}],"ubicacio":{"address":"BV-3008, 08259 Fonollosa, Barcelona, Espa\u00f1a","lat":"41.76326949796349","lng":"1.7294347286224365"}},"_links":{"self":[{"href":"https:\/\/www.bagesturisme.cat\/es\/wp-json\/wp\/v2\/restauracio\/293","targetHints":{"allow":["GET"]}}],"collection":[{"href":"https:\/\/www.bagesturisme.cat\/es\/wp-json\/wp\/v2\/restauracio"}],"about":[{"href":"https:\/\/www.bagesturisme.cat\/es\/wp-json\/wp\/v2\/types\/restauracio"}],"author":[{"embeddable":true,"href":"https:\/\/www.bagesturisme.cat\/es\/wp-json\/wp\/v2\/users\/15"}],"version-history":[{"count":20,"href":"https:\/\/www.bagesturisme.cat\/es\/wp-json\/wp\/v2\/restauracio\/293\/revisions"}],"predecessor-version":[{"id":8956,"href":"https:\/\/www.bagesturisme.cat\/es\/wp-json\/wp\/v2\/restauracio\/293\/revisions\/8956"}],"wp:featuredmedia":[{"embeddable":true,"href":"https:\/\/www.bagesturisme.cat\/es\/wp-json\/wp\/v2\/media\/8955"}],"wp:attachment":[{"href":"https:\/\/www.bagesturisme.cat\/es\/wp-json\/wp\/v2\/media?parent=293"}],"curies":[{"name":"wp","href":"https:\/\/api.w.org\/{rel}","templated":true}]}}

Restaurant El Molí de Boixeda

Cuina tradicional i de temporada, entorn i vistes immillorables. Casa feta al 1917, havia sigut un molí i centre neuràlgic del poble des l’any 1920 fins el 1950.</p>
<p>Amb productes de qualitat i de la terra, elaborem una cuina tradicional i catalana, plats de cuina actual respectant i aprofitant al màxim els productes de temporada, caça, bolets, verdures i fruites. Us suggerim la nostra carta de postres artesanals d&#8217;ara i de sempre. A la carta de vins podeu descobrir vins autòctons de la zona de Fonollosa.</p>
<p>El restaurant disposa d&#8217;un amplíssim aparcament propi pels nostres clients, parc infantil, taules exteriors on és permès fumar, cafeteria amb llar de foc i zona wifi.</p>
<p>Horaris:</p>
<p>Dilluns &#8211; diumenge: 8:30h &#8211; 17.00h</p>
<p>Dissabtes: 8:30h &#8211; 23.00h</p>
<p>Divendres a la nit tancat, excepte amb reserva prèvia per a grups (mínim 20 persones)</p>
<p>Dimecres tancat per descans setmanal, excepte festius.

Molí de Boixeda

11.-Molí-de-Boixeda-1.jpg

https://www.bagesturisme.cat/wp-content/uploads/2016/12/11.-Molí-de-Boixeda-1.jpg

https://www.bagesturisme.cat/wp-content/uploads/2016/12/11.-Molí-de-Boixeda-1-150x150.jpg

menjador el molí de boixeda

menjador 2 el molí de boixeda

BV-3008, 08259 Fonollosa, Barcelona, España
