{"id":268,"date":"2016-12-15T14:23:21","date_gmt":"2016-12-15T13:23:21","guid":{"rendered":"https:\/\/bagesturisme.cat\/restauracio\/restaurant-el-kursaal\/"},"modified":"2021-02-23T12:18:03","modified_gmt":"2021-02-23T11:18:03","slug":"restaurant-el-kursaal","status":"publish","type":"restauracio","link":"https:\/\/www.bagesturisme.cat\/es\/restauracio\/restaurant-el-kursaal\/","title":{"rendered":"Restaurant El Kursaal"},"content":{"rendered":"<p>Al bell mig de Manresa i d&#8217;un Passeig Pere III cosmopolita, s&#8217;al\u00e7a la majestuosa terrassa del teatre Kursaal, que d\u00f3na la benvinguda a tots aquells que v\u00e9nen a gaudir del seu Espai gastron\u00f2mic. Situat al primer pis del teatre, l&#8217;Espai gastron\u00f2mic t\u00e9 el privilegi de situar-se en un dels empla\u00e7aments amb m\u00e9s encant de la ciutat.<br \/>\nEl restaurant, projectat per SIAC interiorisme, ha estat concebut com un espai que recorda les sales del nou teatre per\u00f2 que al mateix temps evoqui instants del vell, esdevenint, al final, un espai agradable, c\u00e0lid i innovador en qu\u00e8 els clients, la conversa distesa i el bon menjar acabin sent els aut\u00e8ntics protagonistes d&#8217;aquest espectacle anomenat Espai gastron\u00f2mic.<\/p>\n<p>El concepte del restaurant est\u00e0 enfocat amb productes de la terra i de qualitat.<\/p>\n<p>Una carta redu\u00efda per preservar al m\u00e0xim la qualitat de producte i perqu\u00e8 aquesta pugui ser renovada segons els productes de temporada i un men\u00fa de 13 euros pensat per ser \u00e0gil, simple i de qualitat, \u00e9s l&#8217;aposta del restaurant encap\u00e7alat pel restaurador bagenc, Jordi Ruiz.<br \/>\nEl restaurant vol tamb\u00e9 esdevenir aut\u00e8ntic punt de trobada de tots aquells amants de les arts esc\u00e8niques que abans d&#8217;entrar al teatre volen sopar o fer un mos, i d&#8217;aquells que un cop acabat l&#8217;espectacle tenen ganes de sopar tot comentant l&#8217;obra que han vist. Durant les tardes, l&#8217;espai es transforma en el lloc perfecte per fer aquelles tert\u00falies imaginatives, desenfadades, intenses, trivials&#8230; que sorgeixen segur, fruit de l&#8217;energia que transmeten unes parets plenes de cultura i creativitat.<\/p>\n","protected":false},"author":2,"featured_media":8971,"template":"","class_list":["post-268","restauracio","type-restauracio","status-publish","has-post-thumbnail","hentry","municipi-manresa","indicadors-restaurants-gastronomics"],"acf":{"adreca":"Pg. Pere III, 35, Manresa","web":"http:\/\/www.restaurantkursaal.cat","email":"jordi@restaurantkursaal.cat","tel":"93 875 34 02 \u00b7 93 872 21 88","galeria":[{"ID":4026,"id":4026,"title":"","filename":"a99d83b0ce25c80195f26f992ba24188b47f8583.jpg","filesize":0,"url":"https:\/\/www.bagesturisme.cat\/wp-content\/uploads\/2016\/12\/a99d83b0ce25c80195f26f992ba24188b47f8583.jpg","link":"https:\/\/www.bagesturisme.cat\/es\/restauracio\/restaurant-el-kursaal\/a99d83b0ce25c80195f26f992ba24188b47f8583\/","alt":"","author":"3","description":"","caption":"","name":"a99d83b0ce25c80195f26f992ba24188b47f8583","status":"inherit","uploaded_to":268,"date":"2017-09-26 12:29:34","modified":"2017-09-26 12:29:49","menu_order":0,"mime_type":"image\/jpeg","type":"image","subtype":"jpeg","icon":"https:\/\/www.bagesturisme.cat\/wp-includes\/images\/media\/default.png","width":612,"height":408,"sizes":{"thumbnail":"https:\/\/www.bagesturisme.cat\/wp-content\/uploads\/2016\/12\/a99d83b0ce25c80195f26f992ba24188b47f8583-150x150.jpg","thumbnail-width":150,"thumbnail-height":150,"medium":"https:\/\/www.bagesturisme.cat\/wp-content\/uploads\/2016\/12\/a99d83b0ce25c80195f26f992ba24188b47f8583-600x400.jpg","medium-width":600,"medium-height":400,"medium_large":"https:\/\/www.bagesturisme.cat\/wp-content\/uploads\/2016\/12\/a99d83b0ce25c80195f26f992ba24188b47f8583.jpg","medium_large-width":612,"medium_large-height":408,"large":"https:\/\/www.bagesturisme.cat\/wp-content\/uploads\/2016\/12\/a99d83b0ce25c80195f26f992ba24188b47f8583.jpg","large-width":612,"large-height":408,"1536x1536":"https:\/\/www.bagesturisme.cat\/wp-content\/uploads\/2016\/12\/a99d83b0ce25c80195f26f992ba24188b47f8583.jpg","1536x1536-width":612,"1536x1536-height":408,"2048x2048":"https:\/\/www.bagesturisme.cat\/wp-content\/uploads\/2016\/12\/a99d83b0ce25c80195f26f992ba24188b47f8583.jpg","2048x2048-width":612,"2048x2048-height":408,"blog-large":"https:\/\/www.bagesturisme.cat\/wp-content\/uploads\/2016\/12\/a99d83b0ce25c80195f26f992ba24188b47f8583.jpg","blog-large-width":408,"blog-large-height":272,"blog-medium":"https:\/\/www.bagesturisme.cat\/wp-content\/uploads\/2016\/12\/a99d83b0ce25c80195f26f992ba24188b47f8583.jpg","blog-medium-width":303,"blog-medium-height":202,"recent-posts":"https:\/\/www.bagesturisme.cat\/wp-content\/uploads\/2016\/12\/a99d83b0ce25c80195f26f992ba24188b47f8583.jpg","recent-posts-width":612,"recent-posts-height":408,"recent-works-thumbnail":"https:\/\/www.bagesturisme.cat\/wp-content\/uploads\/2016\/12\/a99d83b0ce25c80195f26f992ba24188b47f8583.jpg","recent-works-thumbnail-width":66,"recent-works-thumbnail-height":44,"fusion-200":"https:\/\/www.bagesturisme.cat\/wp-content\/uploads\/2016\/12\/a99d83b0ce25c80195f26f992ba24188b47f8583.jpg","fusion-200-width":200,"fusion-200-height":133,"fusion-400":"https:\/\/www.bagesturisme.cat\/wp-content\/uploads\/2016\/12\/a99d83b0ce25c80195f26f992ba24188b47f8583.jpg","fusion-400-width":400,"fusion-400-height":267,"fusion-600":"https:\/\/www.bagesturisme.cat\/wp-content\/uploads\/2016\/12\/a99d83b0ce25c80195f26f992ba24188b47f8583.jpg","fusion-600-width":600,"fusion-600-height":400,"fusion-800":"https:\/\/www.bagesturisme.cat\/wp-content\/uploads\/2016\/12\/a99d83b0ce25c80195f26f992ba24188b47f8583.jpg","fusion-800-width":612,"fusion-800-height":408,"fusion-1200":"https:\/\/www.bagesturisme.cat\/wp-content\/uploads\/2016\/12\/a99d83b0ce25c80195f26f992ba24188b47f8583.jpg","fusion-1200-width":612,"fusion-1200-height":408,"portfolio-full":"https:\/\/www.bagesturisme.cat\/wp-content\/uploads\/2016\/12\/a99d83b0ce25c80195f26f992ba24188b47f8583.jpg","portfolio-full-width":600,"portfolio-full-height":400,"portfolio-one":"https:\/\/www.bagesturisme.cat\/wp-content\/uploads\/2016\/12\/a99d83b0ce25c80195f26f992ba24188b47f8583.jpg","portfolio-one-width":408,"portfolio-one-height":272,"portfolio-two":"https:\/\/www.bagesturisme.cat\/wp-content\/uploads\/2016\/12\/a99d83b0ce25c80195f26f992ba24188b47f8583.jpg","portfolio-two-width":443,"portfolio-two-height":295,"portfolio-three":"https:\/\/www.bagesturisme.cat\/wp-content\/uploads\/2016\/12\/a99d83b0ce25c80195f26f992ba24188b47f8583.jpg","portfolio-three-width":300,"portfolio-three-height":200,"portfolio-five":"https:\/\/www.bagesturisme.cat\/wp-content\/uploads\/2016\/12\/a99d83b0ce25c80195f26f992ba24188b47f8583.jpg","portfolio-five-width":177,"portfolio-five-height":118}},{"ID":4027,"id":4027,"title":"","filename":"b58ca936ca61e2ca9a54dbfe069205a0e3a5ac9f-1.jpg","filesize":0,"url":"https:\/\/www.bagesturisme.cat\/wp-content\/uploads\/2016\/12\/b58ca936ca61e2ca9a54dbfe069205a0e3a5ac9f-1.jpg","link":"https:\/\/www.bagesturisme.cat\/es\/restauracio\/restaurant-el-kursaal\/b58ca936ca61e2ca9a54dbfe069205a0e3a5ac9f-1\/","alt":"","author":"3","description":"","caption":"","name":"b58ca936ca61e2ca9a54dbfe069205a0e3a5ac9f-1","status":"inherit","uploaded_to":268,"date":"2017-09-26 12:30:09","modified":"2017-09-26 12:30:19","menu_order":0,"mime_type":"image\/jpeg","type":"image","subtype":"jpeg","icon":"https:\/\/www.bagesturisme.cat\/wp-includes\/images\/media\/default.png","width":612,"height":408,"sizes":{"thumbnail":"https:\/\/www.bagesturisme.cat\/wp-content\/uploads\/2016\/12\/b58ca936ca61e2ca9a54dbfe069205a0e3a5ac9f-1-150x150.jpg","thumbnail-width":150,"thumbnail-height":150,"medium":"https:\/\/www.bagesturisme.cat\/wp-content\/uploads\/2016\/12\/b58ca936ca61e2ca9a54dbfe069205a0e3a5ac9f-1-600x400.jpg","medium-width":600,"medium-height":400,"medium_large":"https:\/\/www.bagesturisme.cat\/wp-content\/uploads\/2016\/12\/b58ca936ca61e2ca9a54dbfe069205a0e3a5ac9f-1.jpg","medium_large-width":612,"medium_large-height":408,"large":"https:\/\/www.bagesturisme.cat\/wp-content\/uploads\/2016\/12\/b58ca936ca61e2ca9a54dbfe069205a0e3a5ac9f-1.jpg","large-width":612,"large-height":408,"1536x1536":"https:\/\/www.bagesturisme.cat\/wp-content\/uploads\/2016\/12\/b58ca936ca61e2ca9a54dbfe069205a0e3a5ac9f-1.jpg","1536x1536-width":612,"1536x1536-height":408,"2048x2048":"https:\/\/www.bagesturisme.cat\/wp-content\/uploads\/2016\/12\/b58ca936ca61e2ca9a54dbfe069205a0e3a5ac9f-1.jpg","2048x2048-width":612,"2048x2048-height":408,"blog-large":"https:\/\/www.bagesturisme.cat\/wp-content\/uploads\/2016\/12\/b58ca936ca61e2ca9a54dbfe069205a0e3a5ac9f-1.jpg","blog-large-width":408,"blog-large-height":272,"blog-medium":"https:\/\/www.bagesturisme.cat\/wp-content\/uploads\/2016\/12\/b58ca936ca61e2ca9a54dbfe069205a0e3a5ac9f-1.jpg","blog-medium-width":303,"blog-medium-height":202,"recent-posts":"https:\/\/www.bagesturisme.cat\/wp-content\/uploads\/2016\/12\/b58ca936ca61e2ca9a54dbfe069205a0e3a5ac9f-1.jpg","recent-posts-width":612,"recent-posts-height":408,"recent-works-thumbnail":"https:\/\/www.bagesturisme.cat\/wp-content\/uploads\/2016\/12\/b58ca936ca61e2ca9a54dbfe069205a0e3a5ac9f-1.jpg","recent-works-thumbnail-width":66,"recent-works-thumbnail-height":44,"fusion-200":"https:\/\/www.bagesturisme.cat\/wp-content\/uploads\/2016\/12\/b58ca936ca61e2ca9a54dbfe069205a0e3a5ac9f-1.jpg","fusion-200-width":200,"fusion-200-height":133,"fusion-400":"https:\/\/www.bagesturisme.cat\/wp-content\/uploads\/2016\/12\/b58ca936ca61e2ca9a54dbfe069205a0e3a5ac9f-1.jpg","fusion-400-width":400,"fusion-400-height":267,"fusion-600":"https:\/\/www.bagesturisme.cat\/wp-content\/uploads\/2016\/12\/b58ca936ca61e2ca9a54dbfe069205a0e3a5ac9f-1.jpg","fusion-600-width":600,"fusion-600-height":400,"fusion-800":"https:\/\/www.bagesturisme.cat\/wp-content\/uploads\/2016\/12\/b58ca936ca61e2ca9a54dbfe069205a0e3a5ac9f-1.jpg","fusion-800-width":612,"fusion-800-height":408,"fusion-1200":"https:\/\/www.bagesturisme.cat\/wp-content\/uploads\/2016\/12\/b58ca936ca61e2ca9a54dbfe069205a0e3a5ac9f-1.jpg","fusion-1200-width":612,"fusion-1200-height":408,"portfolio-full":"https:\/\/www.bagesturisme.cat\/wp-content\/uploads\/2016\/12\/b58ca936ca61e2ca9a54dbfe069205a0e3a5ac9f-1.jpg","portfolio-full-width":600,"portfolio-full-height":400,"portfolio-one":"https:\/\/www.bagesturisme.cat\/wp-content\/uploads\/2016\/12\/b58ca936ca61e2ca9a54dbfe069205a0e3a5ac9f-1.jpg","portfolio-one-width":408,"portfolio-one-height":272,"portfolio-two":"https:\/\/www.bagesturisme.cat\/wp-content\/uploads\/2016\/12\/b58ca936ca61e2ca9a54dbfe069205a0e3a5ac9f-1.jpg","portfolio-two-width":443,"portfolio-two-height":295,"portfolio-three":"https:\/\/www.bagesturisme.cat\/wp-content\/uploads\/2016\/12\/b58ca936ca61e2ca9a54dbfe069205a0e3a5ac9f-1.jpg","portfolio-three-width":300,"portfolio-three-height":200,"portfolio-five":"https:\/\/www.bagesturisme.cat\/wp-content\/uploads\/2016\/12\/b58ca936ca61e2ca9a54dbfe069205a0e3a5ac9f-1.jpg","portfolio-five-width":177,"portfolio-five-height":118}}],"ubicacio":{"address":"Passeig Pere III, 35 08242 Manresa","lat":"41.7279766","lng":"1.8234975000000304"}},"_links":{"self":[{"href":"https:\/\/www.bagesturisme.cat\/es\/wp-json\/wp\/v2\/restauracio\/268","targetHints":{"allow":["GET"]}}],"collection":[{"href":"https:\/\/www.bagesturisme.cat\/es\/wp-json\/wp\/v2\/restauracio"}],"about":[{"href":"https:\/\/www.bagesturisme.cat\/es\/wp-json\/wp\/v2\/types\/restauracio"}],"author":[{"embeddable":true,"href":"https:\/\/www.bagesturisme.cat\/es\/wp-json\/wp\/v2\/users\/2"}],"version-history":[{"count":8,"href":"https:\/\/www.bagesturisme.cat\/es\/wp-json\/wp\/v2\/restauracio\/268\/revisions"}],"predecessor-version":[{"id":4029,"href":"https:\/\/www.bagesturisme.cat\/es\/wp-json\/wp\/v2\/restauracio\/268\/revisions\/4029"}],"wp:featuredmedia":[{"embeddable":true,"href":"https:\/\/www.bagesturisme.cat\/es\/wp-json\/wp\/v2\/media\/8971"}],"wp:attachment":[{"href":"https:\/\/www.bagesturisme.cat\/es\/wp-json\/wp\/v2\/media?parent=268"}],"curies":[{"name":"wp","href":"https:\/\/api.w.org\/{rel}","templated":true}]}}

<p>Al bell mig de Manresa i d&#8217;un Passeig Pere III cosmopolita, s&#8217;alça la majestuosa terrassa del teatre Kursaal, que dóna la benvinguda a tots aquells que vénen a gaudir del seu Espai gastronòmic. Situat al primer pis del teatre, l&#8217;Espai gastronòmic té el privilegi de situar-se en un dels emplaçaments amb més encant de la ciutat.<br />
El restaurant, projectat per SIAC interiorisme, ha estat concebut com un espai que recorda les sales del nou teatre però que al mateix temps evoqui instants del vell, esdevenint, al final, un espai agradable, càlid i innovador en què els clients, la conversa distesa i el bon menjar acabin sent els autèntics protagonistes d&#8217;aquest espectacle anomenat Espai gastronòmic.</p>
<p>El concepte del restaurant està enfocat amb productes de la terra i de qualitat.</p>
<p>Una carta reduïda per preservar al màxim la qualitat de producte i perquè aquesta pugui ser renovada segons els productes de temporada i un menú de 13 euros pensat per ser àgil, simple i de qualitat, és l&#8217;aposta del restaurant encapçalat pel restaurador bagenc, Jordi Ruiz.<br />
El restaurant vol també esdevenir autèntic punt de trobada de tots aquells amants de les arts escèniques que abans d&#8217;entrar al teatre volen sopar o fer un mos, i d&#8217;aquells que un cop acabat l&#8217;espectacle tenen ganes de sopar tot comentant l&#8217;obra que han vist. Durant les tardes, l&#8217;espai es transforma en el lloc perfecte per fer aquelles tertúlies imaginatives, desenfadades, intenses, trivials&#8230; que sorgeixen segur, fruit de l&#8217;energia que transmeten unes parets plenes de cultura i creativitat.</p>
