{"id":212,"date":"2016-12-15T14:23:20","date_gmt":"2016-12-15T13:23:20","guid":{"rendered":"https:\/\/bagesturisme.cat\/restauracio\/fonda-st-benet\/"},"modified":"2022-09-28T13:52:03","modified_gmt":"2022-09-28T12:52:03","slug":"fonda-st-benet","status":"publish","type":"restauracio","link":"https:\/\/www.bagesturisme.cat\/es\/restauracio\/fonda-st-benet\/","title":{"rendered":"Restaurant La Fonda"},"content":{"rendered":"<p>L\u2019 edifici de La F\u00e0brica es el escenari de aquest restaurant obert \u00a0a tot el p\u00fablic. La Fonda ofereix un men\u00fa assequible con una restauraci\u00f3 excel\u00b7lent i saludable.<\/p>\n<p>El\u00a0 xef Josep Casas ens ofereix tot un m\u00f3n de reinterpretacions de la cuina catalana. Aquest m\u00f3n fa refer\u00e8ncia a la cuina de l\u2019Ignasi Dom\u00e8nech, manres\u00e0 i pioner de la gastronomia catalana moderna.<br \/>\nLa zona de cafeteria de La Fonda de Sant Benet ofereix una amplia carta de caf\u00e8s, tes, combinats, cerveses, licors i aig\u00fces . Una petita carta de snacks creatius i entrepans gastron\u00f2mics completen la oferta culin\u00e0ria del restaurant.<\/p>\n<p>Situada al nucli urb\u00e0 del municipi, a peu de carretera. Fou fundada l&#8217;any 1975 i t\u00e9 dues sales, bar i restaurant.<\/p>\n<p><!--more--><br \/>\n<strong class=\"ultra\">Horaris:<\/strong><br \/>\nBar-cafeteria: 09:00h &#8211; 17:00h<br \/>\nDinars: 13:00h &#8211; 16:00h<\/p>\n","protected":false},"author":26,"featured_media":9122,"template":"","class_list":["post-212","restauracio","type-restauracio","status-publish","has-post-thumbnail","hentry","municipi-sant-fruitos-de-bages","indicadors-restaurants-gastronomics"],"acf":{"adreca":"Cam\u00ed de Sant Benet, s\/n, Sant fruit\u00f3s de Bages","web":"http:\/\/www.monstbenet.com","email":"lafonda@monstbenet.com","tel":"93 875 94 13","galeria":false,"ubicacio":{"address":"Cam\u00ed de Sant Benet, sn","lat":"41.7445537","lng":"1.9003020999999762"}},"_links":{"self":[{"href":"https:\/\/www.bagesturisme.cat\/es\/wp-json\/wp\/v2\/restauracio\/212","targetHints":{"allow":["GET"]}}],"collection":[{"href":"https:\/\/www.bagesturisme.cat\/es\/wp-json\/wp\/v2\/restauracio"}],"about":[{"href":"https:\/\/www.bagesturisme.cat\/es\/wp-json\/wp\/v2\/types\/restauracio"}],"author":[{"embeddable":true,"href":"https:\/\/www.bagesturisme.cat\/es\/wp-json\/wp\/v2\/users\/26"}],"version-history":[{"count":8,"href":"https:\/\/www.bagesturisme.cat\/es\/wp-json\/wp\/v2\/restauracio\/212\/revisions"}],"predecessor-version":[{"id":4242,"href":"https:\/\/www.bagesturisme.cat\/es\/wp-json\/wp\/v2\/restauracio\/212\/revisions\/4242"}],"wp:featuredmedia":[{"embeddable":true,"href":"https:\/\/www.bagesturisme.cat\/es\/wp-json\/wp\/v2\/media\/9122"}],"wp:attachment":[{"href":"https:\/\/www.bagesturisme.cat\/es\/wp-json\/wp\/v2\/media?parent=212"}],"curies":[{"name":"wp","href":"https:\/\/api.w.org\/{rel}","templated":true}]}}

<p>L’ edifici de La Fàbrica es el escenari de aquest restaurant obert  a tot el públic. La Fonda ofereix un menú assequible con una restauració excel·lent i saludable.</p>
<p>El  xef Josep Casas ens ofereix tot un món de reinterpretacions de la cuina catalana. Aquest món fa referència a la cuina de l’Ignasi Domènech, manresà i pioner de la gastronomia catalana moderna.<br />
La zona de cafeteria de La Fonda de Sant Benet ofereix una amplia carta de cafès, tes, combinats, cerveses, licors i aigües . Una petita carta de snacks creatius i entrepans gastronòmics completen la oferta culinària del restaurant.</p>
<p>Situada al nucli urbà del municipi, a peu de carretera. Fou fundada l&#8217;any 1975 i té dues sales, bar i restaurant.</p>
<p><!--more--><br />
<strong class="ultra">Horaris:</strong><br />
Bar-cafeteria: 09:00h &#8211; 17:00h<br />
Dinars: 13:00h &#8211; 16:00h</p>

Camí de Sant Benet, s/n, Sant fruitós de Bages

Camí de Sant Benet, sn
