{"id":205,"date":"2016-12-15T14:23:20","date_gmt":"2016-12-15T13:23:20","guid":{"rendered":"https:\/\/bagesturisme.cat\/restauracio\/restaurant-cal-miliu\/"},"modified":"2024-09-24T10:44:18","modified_gmt":"2024-09-24T09:44:18","slug":"restaurant-cal-miliu","status":"publish","type":"restauracio","link":"https:\/\/www.bagesturisme.cat\/es\/restauracio\/restaurant-cal-miliu\/","title":{"rendered":"Restaurant Cal Miliu"},"content":{"rendered":"<p style=\"text-align: justify;\">El Restaurant Cal Miliu \u00e9s situat al nucli de l\u2019Estaci\u00f3 de Rajadell, i gaudeix d\u2019immillorables comunicacions, ja que es troba a un quil\u00f2metre esc\u00e0s de l\u2019Eix Transversal (C-25), a la sortida 123.Va obrir les seves portes l\u2019any 1975 i des del primer dia ofereix cuina de mercat elaborada amb productes de primera qualitat, com les ja tradicionals patates emmascarades, els peus de porc guisats, els fesolets o el reconegut pica-pica de Cal Miliu.<\/p>\n<p style=\"text-align: justify;\">Disposa de diverses sales tant pel que fa a grups redu\u00efts com a grans celebracions de tot tipus: banquets, convencions i reunions d&#8217;empresa.<\/p>\n<p style=\"text-align: justify;\">Amb una \u00e0mplia varietat de plats t\u00edpics de la gastronomia catalana aix\u00ed com tamb\u00e9 gran ventall de postres casolans, cuinats a l\u2019estil casol\u00e0, i amb un tracte cordial i amable, el Restaurant Cal Miliu ha assolit una notorietat important al llarg dels anys.<\/p>\n<p>\u00a0","protected":false},"author":23,"featured_media":9162,"template":"","class_list":["post-205","restauracio","type-restauracio","status-publish","has-post-thumbnail","hentry","municipi-rajadell","indicadors-restaurants-gastronomics"],"acf":{"adreca":"Carrer de l'Estaci\u00f3 33-35, Rajadell","web":"http:\/\/www.calmiliu.com","email":"info@calmiliu.com","tel":"93 836 80 76","galeria":false,"ubicacio":{"address":"Eix Transversal C-25 Avinguda de l\u2019Estaci\u00f3 s\/n 08256 Rajadell","lat":"41.73222190000001","lng":"1.699594100000013"}},"_links":{"self":[{"href":"https:\/\/www.bagesturisme.cat\/es\/wp-json\/wp\/v2\/restauracio\/205","targetHints":{"allow":["GET"]}}],"collection":[{"href":"https:\/\/www.bagesturisme.cat\/es\/wp-json\/wp\/v2\/restauracio"}],"about":[{"href":"https:\/\/www.bagesturisme.cat\/es\/wp-json\/wp\/v2\/types\/restauracio"}],"author":[{"embeddable":true,"href":"https:\/\/www.bagesturisme.cat\/es\/wp-json\/wp\/v2\/users\/23"}],"version-history":[{"count":13,"href":"https:\/\/www.bagesturisme.cat\/es\/wp-json\/wp\/v2\/restauracio\/205\/revisions"}],"predecessor-version":[{"id":12040,"href":"https:\/\/www.bagesturisme.cat\/es\/wp-json\/wp\/v2\/restauracio\/205\/revisions\/12040"}],"wp:featuredmedia":[{"embeddable":true,"href":"https:\/\/www.bagesturisme.cat\/es\/wp-json\/wp\/v2\/media\/9162"}],"wp:attachment":[{"href":"https:\/\/www.bagesturisme.cat\/es\/wp-json\/wp\/v2\/media?parent=205"}],"curies":[{"name":"wp","href":"https:\/\/api.w.org\/{rel}","templated":true}]}}

<p style="text-align: justify;">El Restaurant Cal Miliu és situat al nucli de l’Estació de Rajadell, i gaudeix d’immillorables comunicacions, ja que es troba a un quilòmetre escàs de l’Eix Transversal (C-25), a la sortida 123.Va obrir les seves portes l’any 1975 i des del primer dia ofereix cuina de mercat elaborada amb productes de primera qualitat, com les ja tradicionals patates emmascarades, els peus de porc guisats, els fesolets o el reconegut pica-pica de Cal Miliu.</p>
<p style="text-align: justify;">Disposa de diverses sales tant pel que fa a grups reduïts com a grans celebracions de tot tipus: banquets, convencions i reunions d&#8217;empresa.</p>
<p style="text-align: justify;">Amb una àmplia varietat de plats típics de la gastronomia catalana així com també gran ventall de postres casolans, cuinats a l’estil casolà, i amb un tracte cordial i amable, el Restaurant Cal Miliu ha assolit una notorietat important al llarg dels anys.</p>
<p>

Carrer de l'Estació 33-35, Rajadell

Eix Transversal C-25 Avinguda de l’Estació s/n 08256 Rajadell
