{"id":17025,"date":"2025-08-13T09:07:15","date_gmt":"2025-08-13T08:07:15","guid":{"rendered":"https:\/\/www.bagesturisme.cat\/?post_type=avada_portfolio&#038;p=17025"},"modified":"2025-10-17T08:45:51","modified_gmt":"2025-10-17T07:45:51","slug":"festa-major-i-correbou-de-cardona","status":"publish","type":"avada_portfolio","link":"https:\/\/www.bagesturisme.cat\/es\/portfolio-items\/festa-major-i-correbou-de-cardona\/","title":{"rendered":"Festa Major i correbou de Cardona"},"content":{"rendered":"<p class=\"qtranxs-available-languages-message qtranxs-available-languages-message-es\">Disculpa, pero esta entrada est\u00e1 disponible s\u00f3lo en <a href=\"https:\/\/www.bagesturisme.cat\/ca\/wp-json\/wp\/v2\/avada_portfolio\/17025\" class=\"qtranxs-available-language-link qtranxs-available-language-link-ca\" title=\"Catal\u00e0\">Catal\u00e0<\/a>.<\/p>","protected":false},"excerpt":{"rendered":"Disculpa, pero esta entrada est\u00e1 disponible s\u00f3lo en Catal\u00e0.","protected":false},"author":3,"featured_media":16966,"menu_order":0,"comment_status":"open","ping_status":"closed","template":"","format":"standard","meta":{"_acf_changed":false,"_eb_attr":"","footnotes":""},"portfolio_category":[427],"portfolio_skills":[],"portfolio_tags":[442],"class_list":["post-17025","avada_portfolio","type-avada_portfolio","status-publish","format-standard","has-post-thumbnail","hentry","portfolio_category-setembre","portfolio_tags-cataleg-del-patrimoni-festiu-de-catalunya"],"acf":[],"_links":{"self":[{"href":"https:\/\/www.bagesturisme.cat\/es\/wp-json\/wp\/v2\/avada_portfolio\/17025","targetHints":{"allow":["GET"]}}],"collection":[{"href":"https:\/\/www.bagesturisme.cat\/es\/wp-json\/wp\/v2\/avada_portfolio"}],"about":[{"href":"https:\/\/www.bagesturisme.cat\/es\/wp-json\/wp\/v2\/types\/avada_portfolio"}],"author":[{"embeddable":true,"href":"https:\/\/www.bagesturisme.cat\/es\/wp-json\/wp\/v2\/users\/3"}],"replies":[{"embeddable":true,"href":"https:\/\/www.bagesturisme.cat\/es\/wp-json\/wp\/v2\/comments?post=17025"}],"version-history":[{"count":2,"href":"https:\/\/www.bagesturisme.cat\/es\/wp-json\/wp\/v2\/avada_portfolio\/17025\/revisions"}],"predecessor-version":[{"id":17330,"href":"https:\/\/www.bagesturisme.cat\/es\/wp-json\/wp\/v2\/avada_portfolio\/17025\/revisions\/17330"}],"wp:featuredmedia":[{"embeddable":true,"href":"https:\/\/www.bagesturisme.cat\/es\/wp-json\/wp\/v2\/media\/16966"}],"wp:attachment":[{"href":"https:\/\/www.bagesturisme.cat\/es\/wp-json\/wp\/v2\/media?parent=17025"}],"wp:term":[{"taxonomy":"portfolio_category","embeddable":true,"href":"https:\/\/www.bagesturisme.cat\/es\/wp-json\/wp\/v2\/portfolio_category?post=17025"},{"taxonomy":"portfolio_skills","embeddable":true,"href":"https:\/\/www.bagesturisme.cat\/es\/wp-json\/wp\/v2\/portfolio_skills?post=17025"},{"taxonomy":"portfolio_tags","embeddable":true,"href":"https:\/\/www.bagesturisme.cat\/es\/wp-json\/wp\/v2\/portfolio_tags?post=17025"}],"curies":[{"name":"wp","href":"https:\/\/api.w.org\/{rel}","templated":true}]}}

<p class="qtranxs-available-languages-message qtranxs-available-languages-message-es">Disculpa, pero esta entrada está disponible sólo en <a href="https://www.bagesturisme.cat/ca/wp-json/wp/v2/avada_portfolio/17025" class="qtranxs-available-language-link qtranxs-available-language-link-ca" title="Català">Català</a>.</p>

Disculpa, pero esta entrada está disponible sólo en Català.
