{"id":7325,"date":"2019-05-30T13:21:13","date_gmt":"2019-05-30T12:21:13","guid":{"rendered":"https:\/\/bagesturisme.cat\/?post_type=allotjament&#038;p=7325"},"modified":"2019-05-30T13:25:06","modified_gmt":"2019-05-30T12:25:06","slug":"casa-rural-cal-mateu-castelladral","status":"publish","type":"allotjament","link":"https:\/\/www.bagesturisme.cat\/es\/allotjament\/casa-rural-cal-mateu-castelladral\/","title":{"rendered":"Casa rural Cal Mateu de Castelladral"},"content":{"rendered":"<p>Antiga pallissa rehabilitada, que antigament havia estat habitada, a 100 m de la casa de cal Mateu, masoveria de La Rovira. Casa de disseny molt acollidora, la perfecta combinaci\u00f3 de tradici\u00f3 i modernitat. Pedra, ferro, bigues de fusta i grans finestrals que ocupen tota la fa\u00e7ana.<\/p>\n<p>Envoltada d\u2019alzines centen\u00e0ries, \u00e9s el lloc ideal per llegir, escriure i gaudir de la natura en estat pur.<\/p>\n<p>Casa petita, \u00edntima, distribu\u00efda en dues plantes, t\u00e9 entrada per ambdues. A la planta baixa hi ha un sol espai amb la cuina, el menjador i la sala d\u2019estar amb la llar de foc. T\u00e9 dues grans portes amb sortida a una immensa terrassa a diferents nivells integrada a l\u2019entorn, i mirador amb vistes a Montserrat. A la primera planta hi ha un bany i dues habitacions amb grans finestrals des d\u2019on es pot gaudir d\u2019un magn\u00edfic despertar amb el cant dels ocells i les muntanyes de Montserrat al fons.<\/p>\n<p>Pau absoluta, intimitat, llum, silenci i harmonia.<\/p>\n","protected":false},"author":21,"featured_media":8662,"template":"","class_list":["post-7325","allotjament","type-allotjament","status-publish","has-post-thumbnail","hentry","municipi-navas","indicadors-familiar","tipus-allotjament-turisme-rural"],"acf":{"adreca":"Cal Mateu \u2013 08671 CASTELLADRAL","web":"https:\/\/www.calmateudecastelladral.com\/ca\/","email":"","tel":"696 966 133","galeria":false,"ubicacio":{"address":"Cal Mateu, 08670 Nav\u00e0s, Barcelona, Espanya","lat":"41.90869690887794","lng":"1.8021011352539062"}},"_links":{"self":[{"href":"https:\/\/www.bagesturisme.cat\/es\/wp-json\/wp\/v2\/allotjament\/7325","targetHints":{"allow":["GET"]}}],"collection":[{"href":"https:\/\/www.bagesturisme.cat\/es\/wp-json\/wp\/v2\/allotjament"}],"about":[{"href":"https:\/\/www.bagesturisme.cat\/es\/wp-json\/wp\/v2\/types\/allotjament"}],"author":[{"embeddable":true,"href":"https:\/\/www.bagesturisme.cat\/es\/wp-json\/wp\/v2\/users\/21"}],"version-history":[{"count":2,"href":"https:\/\/www.bagesturisme.cat\/es\/wp-json\/wp\/v2\/allotjament\/7325\/revisions"}],"predecessor-version":[{"id":7328,"href":"https:\/\/www.bagesturisme.cat\/es\/wp-json\/wp\/v2\/allotjament\/7325\/revisions\/7328"}],"wp:featuredmedia":[{"embeddable":true,"href":"https:\/\/www.bagesturisme.cat\/es\/wp-json\/wp\/v2\/media\/8662"}],"wp:attachment":[{"href":"https:\/\/www.bagesturisme.cat\/es\/wp-json\/wp\/v2\/media?parent=7325"}],"curies":[{"name":"wp","href":"https:\/\/api.w.org\/{rel}","templated":true}]}}

<p>Antiga pallissa rehabilitada, que antigament havia estat habitada, a 100 m de la casa de cal Mateu, masoveria de La Rovira. Casa de disseny molt acollidora, la perfecta combinació de tradició i modernitat. Pedra, ferro, bigues de fusta i grans finestrals que ocupen tota la façana.</p>
<p>Envoltada d’alzines centenàries, és el lloc ideal per llegir, escriure i gaudir de la natura en estat pur.</p>
<p>Casa petita, íntima, distribuïda en dues plantes, té entrada per ambdues. A la planta baixa hi ha un sol espai amb la cuina, el menjador i la sala d’estar amb la llar de foc. Té dues grans portes amb sortida a una immensa terrassa a diferents nivells integrada a l’entorn, i mirador amb vistes a Montserrat. A la primera planta hi ha un bany i dues habitacions amb grans finestrals des d’on es pot gaudir d’un magnífic despertar amb el cant dels ocells i les muntanyes de Montserrat al fons.</p>
<p>Pau absoluta, intimitat, llum, silenci i harmonia.</p>

Cal Mateu, 08670 Navàs, Barcelona, Espanya
