{"id":62,"date":"2016-12-15T13:09:59","date_gmt":"2016-12-15T12:09:59","guid":{"rendered":"https:\/\/bagesturisme.cat\/allotjament\/parador-ducs-de-cardona\/"},"modified":"2021-02-12T11:14:43","modified_gmt":"2021-02-12T10:14:43","slug":"parador-ducs-cardona","status":"publish","type":"allotjament","link":"https:\/\/www.bagesturisme.cat\/es\/allotjament\/parador-ducs-cardona\/","title":{"rendered":"Parador Ducs de Cardona ****"},"content":{"rendered":"El castell de Cardona \u00e9s probablement la fortalesa medieval m\u00e9s important de Catalunya. Est\u00e0 situat dalt d&#8217;un tur\u00f3 que domina la vall salina i la del Cardener. Va ser constru\u00eft a l&#8217;any 886 per Guifr\u00e9 el Pil\u00f3s. D&#8217;estil rom\u00e0nic i g\u00f2tic, inclou l&#8217;anomenada Sala Daurada i la Sala dels Entres\u00f2ls, on l&#8217;any 1534 es va resoldre el plet entre el capell\u00e0 de Sant Miquel i l&#8217;abat de Sant Vicen\u00e7. La seva joia \u00e9s la torre de la Minyona (del segle XI), de 15 metres d&#8217;al\u00e7ada i m\u00e9s de 10 de di\u00e0metre i l&#8217;esgl\u00e9sia rom\u00e0nica de Sant Vicen\u00e7.El castell de Cardona \u00e9s probablement la fortalesa medieval m\u00e9s important de Catalunya. Est\u00e0 situat dalt d&#8217;un tur\u00f3 que domina la vall salina i la del Cardener. Va ser constru\u00eft a l&#8217;any 886 per Guifr\u00e9 el Pil\u00f3s. D&#8217;estil rom\u00e0nic i g\u00f2tic, inclou l&#8217;anomenada Sala Daurada i la Sala dels Entres\u00f2ls, on l&#8217;any 1534 es va resoldre el plet entre el capell\u00e0 de Sant Miquel i l&#8217;abat de Sant Vicen\u00e7. La seva joia \u00e9s la torre de la Minyona (del segle XI), de 15 metres d&#8217;al\u00e7ada i m\u00e9s de 10 de di\u00e0metre i l&#8217;esgl\u00e9sia rom\u00e0nica de Sant Vicen\u00e7.","protected":false},"author":10,"featured_media":8842,"template":"","class_list":["post-62","allotjament","type-allotjament","status-publish","has-post-thumbnail","hentry","municipi-cardona","indicadors-quatre-estrelles","tipus-allotjament-hotel"],"acf":{"adreca":"Castell de Cardona, s\/n, Cardona","web":"http:\/\/www.parador.es","email":"cardona@parador.es","tel":"93 869 12 75","galeria":[{"ID":8842,"id":8842,"title":"Parador exterior","filename":"Parador-exterior.jpg","filesize":451363,"url":"https:\/\/www.bagesturisme.cat\/wp-content\/uploads\/2016\/12\/Parador-exterior.jpg","link":"https:\/\/www.bagesturisme.cat\/es\/allotjament\/parador-ducs-cardona\/parador-exterior\/","alt":"","author":"3","description":"","caption":"","name":"parador-exterior","status":"inherit","uploaded_to":62,"date":"2021-02-12 10:13:20","modified":"2021-02-12 10:13:23","menu_order":0,"mime_type":"image\/jpeg","type":"image","subtype":"jpeg","icon":"https:\/\/www.bagesturisme.cat\/wp-includes\/images\/media\/default.png","width":900,"height":900,"sizes":{"thumbnail":"https:\/\/www.bagesturisme.cat\/wp-content\/uploads\/2016\/12\/Parador-exterior-150x150.jpg","thumbnail-width":150,"thumbnail-height":150,"medium":"https:\/\/www.bagesturisme.cat\/wp-content\/uploads\/2016\/12\/Parador-exterior-400x400.jpg","medium-width":400,"medium-height":400,"medium_large":"https:\/\/www.bagesturisme.cat\/wp-content\/uploads\/2016\/12\/Parador-exterior-768x768.jpg","medium_large-width":768,"medium_large-height":768,"large":"https:\/\/www.bagesturisme.cat\/wp-content\/uploads\/2016\/12\/Parador-exterior.jpg","large-width":900,"large-height":900,"1536x1536":"https:\/\/www.bagesturisme.cat\/wp-content\/uploads\/2016\/12\/Parador-exterior.jpg","1536x1536-width":900,"1536x1536-height":900,"2048x2048":"https:\/\/www.bagesturisme.cat\/wp-content\/uploads\/2016\/12\/Parador-exterior.jpg","2048x2048-width":900,"2048x2048-height":900,"blog-large":"https:\/\/www.bagesturisme.cat\/wp-content\/uploads\/2016\/12\/Parador-exterior.jpg","blog-large-width":272,"blog-large-height":272,"blog-medium":"https:\/\/www.bagesturisme.cat\/wp-content\/uploads\/2016\/12\/Parador-exterior.jpg","blog-medium-width":202,"blog-medium-height":202,"recent-posts":"https:\/\/www.bagesturisme.cat\/wp-content\/uploads\/2016\/12\/Parador-exterior.jpg","recent-posts-width":441,"recent-posts-height":441,"recent-works-thumbnail":"https:\/\/www.bagesturisme.cat\/wp-content\/uploads\/2016\/12\/Parador-exterior.jpg","recent-works-thumbnail-width":66,"recent-works-thumbnail-height":66,"fusion-200":"https:\/\/www.bagesturisme.cat\/wp-content\/uploads\/2016\/12\/Parador-exterior.jpg","fusion-200-width":200,"fusion-200-height":200,"fusion-400":"https:\/\/www.bagesturisme.cat\/wp-content\/uploads\/2016\/12\/Parador-exterior.jpg","fusion-400-width":400,"fusion-400-height":400,"fusion-600":"https:\/\/www.bagesturisme.cat\/wp-content\/uploads\/2016\/12\/Parador-exterior.jpg","fusion-600-width":600,"fusion-600-height":600,"fusion-800":"https:\/\/www.bagesturisme.cat\/wp-content\/uploads\/2016\/12\/Parador-exterior.jpg","fusion-800-width":800,"fusion-800-height":800,"fusion-1200":"https:\/\/www.bagesturisme.cat\/wp-content\/uploads\/2016\/12\/Parador-exterior.jpg","fusion-1200-width":900,"fusion-1200-height":900,"portfolio-full":"https:\/\/www.bagesturisme.cat\/wp-content\/uploads\/2016\/12\/Parador-exterior.jpg","portfolio-full-width":400,"portfolio-full-height":400,"portfolio-one":"https:\/\/www.bagesturisme.cat\/wp-content\/uploads\/2016\/12\/Parador-exterior.jpg","portfolio-one-width":272,"portfolio-one-height":272,"portfolio-two":"https:\/\/www.bagesturisme.cat\/wp-content\/uploads\/2016\/12\/Parador-exterior.jpg","portfolio-two-width":295,"portfolio-two-height":295,"portfolio-three":"https:\/\/www.bagesturisme.cat\/wp-content\/uploads\/2016\/12\/Parador-exterior.jpg","portfolio-three-width":214,"portfolio-three-height":214,"portfolio-five":"https:\/\/www.bagesturisme.cat\/wp-content\/uploads\/2016\/12\/Parador-exterior.jpg","portfolio-five-width":142,"portfolio-five-height":142}},{"ID":8843,"id":8843,"title":"Parador","filename":"Parador.jpg","filesize":423224,"url":"https:\/\/www.bagesturisme.cat\/wp-content\/uploads\/2016\/12\/Parador.jpg","link":"https:\/\/www.bagesturisme.cat\/es\/allotjament\/parador-ducs-cardona\/parador\/","alt":"","author":"3","description":"","caption":"","name":"parador","status":"inherit","uploaded_to":62,"date":"2021-02-12 10:13:21","modified":"2021-02-12 10:13:21","menu_order":0,"mime_type":"image\/jpeg","type":"image","subtype":"jpeg","icon":"https:\/\/www.bagesturisme.cat\/wp-includes\/images\/media\/default.png","width":900,"height":900,"sizes":{"thumbnail":"https:\/\/www.bagesturisme.cat\/wp-content\/uploads\/2016\/12\/Parador-150x150.jpg","thumbnail-width":150,"thumbnail-height":150,"medium":"https:\/\/www.bagesturisme.cat\/wp-content\/uploads\/2016\/12\/Parador-400x400.jpg","medium-width":400,"medium-height":400,"medium_large":"https:\/\/www.bagesturisme.cat\/wp-content\/uploads\/2016\/12\/Parador-768x768.jpg","medium_large-width":768,"medium_large-height":768,"large":"https:\/\/www.bagesturisme.cat\/wp-content\/uploads\/2016\/12\/Parador.jpg","large-width":900,"large-height":900,"1536x1536":"https:\/\/www.bagesturisme.cat\/wp-content\/uploads\/2016\/12\/Parador.jpg","1536x1536-width":900,"1536x1536-height":900,"2048x2048":"https:\/\/www.bagesturisme.cat\/wp-content\/uploads\/2016\/12\/Parador.jpg","2048x2048-width":900,"2048x2048-height":900,"blog-large":"https:\/\/www.bagesturisme.cat\/wp-content\/uploads\/2016\/12\/Parador.jpg","blog-large-width":272,"blog-large-height":272,"blog-medium":"https:\/\/www.bagesturisme.cat\/wp-content\/uploads\/2016\/12\/Parador.jpg","blog-medium-width":202,"blog-medium-height":202,"recent-posts":"https:\/\/www.bagesturisme.cat\/wp-content\/uploads\/2016\/12\/Parador.jpg","recent-posts-width":441,"recent-posts-height":441,"recent-works-thumbnail":"https:\/\/www.bagesturisme.cat\/wp-content\/uploads\/2016\/12\/Parador.jpg","recent-works-thumbnail-width":66,"recent-works-thumbnail-height":66,"fusion-200":"https:\/\/www.bagesturisme.cat\/wp-content\/uploads\/2016\/12\/Parador.jpg","fusion-200-width":200,"fusion-200-height":200,"fusion-400":"https:\/\/www.bagesturisme.cat\/wp-content\/uploads\/2016\/12\/Parador.jpg","fusion-400-width":400,"fusion-400-height":400,"fusion-600":"https:\/\/www.bagesturisme.cat\/wp-content\/uploads\/2016\/12\/Parador.jpg","fusion-600-width":600,"fusion-600-height":600,"fusion-800":"https:\/\/www.bagesturisme.cat\/wp-content\/uploads\/2016\/12\/Parador.jpg","fusion-800-width":800,"fusion-800-height":800,"fusion-1200":"https:\/\/www.bagesturisme.cat\/wp-content\/uploads\/2016\/12\/Parador.jpg","fusion-1200-width":900,"fusion-1200-height":900,"portfolio-full":"https:\/\/www.bagesturisme.cat\/wp-content\/uploads\/2016\/12\/Parador.jpg","portfolio-full-width":400,"portfolio-full-height":400,"portfolio-one":"https:\/\/www.bagesturisme.cat\/wp-content\/uploads\/2016\/12\/Parador.jpg","portfolio-one-width":272,"portfolio-one-height":272,"portfolio-two":"https:\/\/www.bagesturisme.cat\/wp-content\/uploads\/2016\/12\/Parador.jpg","portfolio-two-width":295,"portfolio-two-height":295,"portfolio-three":"https:\/\/www.bagesturisme.cat\/wp-content\/uploads\/2016\/12\/Parador.jpg","portfolio-three-width":214,"portfolio-three-height":214,"portfolio-five":"https:\/\/www.bagesturisme.cat\/wp-content\/uploads\/2016\/12\/Parador.jpg","portfolio-five-width":142,"portfolio-five-height":142}}],"ubicacio":false},"_links":{"self":[{"href":"https:\/\/www.bagesturisme.cat\/es\/wp-json\/wp\/v2\/allotjament\/62","targetHints":{"allow":["GET"]}}],"collection":[{"href":"https:\/\/www.bagesturisme.cat\/es\/wp-json\/wp\/v2\/allotjament"}],"about":[{"href":"https:\/\/www.bagesturisme.cat\/es\/wp-json\/wp\/v2\/types\/allotjament"}],"author":[{"embeddable":true,"href":"https:\/\/www.bagesturisme.cat\/es\/wp-json\/wp\/v2\/users\/10"}],"version-history":[{"count":13,"href":"https:\/\/www.bagesturisme.cat\/es\/wp-json\/wp\/v2\/allotjament\/62\/revisions"}],"predecessor-version":[{"id":8846,"href":"https:\/\/www.bagesturisme.cat\/es\/wp-json\/wp\/v2\/allotjament\/62\/revisions\/8846"}],"wp:featuredmedia":[{"embeddable":true,"href":"https:\/\/www.bagesturisme.cat\/es\/wp-json\/wp\/v2\/media\/8842"}],"wp:attachment":[{"href":"https:\/\/www.bagesturisme.cat\/es\/wp-json\/wp\/v2\/media?parent=62"}],"curies":[{"name":"wp","href":"https:\/\/api.w.org\/{rel}","templated":true}]}}

El castell de Cardona és probablement la fortalesa medieval més important de Catalunya. Està situat dalt d&#8217;un turó que domina la vall salina i la del Cardener. Va ser construït a l&#8217;any 886 per Guifré el Pilós. D&#8217;estil romànic i gòtic, inclou l&#8217;anomenada Sala Daurada i la Sala dels Entresòls, on l&#8217;any 1534 es va resoldre el plet entre el capellà de Sant Miquel i l&#8217;abat de Sant Vicenç. La seva joia és la torre de la Minyona (del segle XI), de 15 metres d&#8217;alçada i més de 10 de diàmetre i l&#8217;església romànica de Sant Vicenç.El castell de Cardona és probablement la fortalesa medieval més important de Catalunya. Està situat dalt d&#8217;un turó que domina la vall salina i la del Cardener. Va ser construït a l&#8217;any 886 per Guifré el Pilós. D&#8217;estil romànic i gòtic, inclou l&#8217;anomenada Sala Daurada i la Sala dels Entresòls, on l&#8217;any 1534 es va resoldre el plet entre el capellà de Sant Miquel i l&#8217;abat de Sant Vicenç. La seva joia és la torre de la Minyona (del segle XI), de 15 metres d&#8217;alçada i més de 10 de diàmetre i l&#8217;església romànica de Sant Vicenç.
