{"id":60,"date":"2016-12-15T13:09:59","date_gmt":"2016-12-15T12:09:59","guid":{"rendered":"https:\/\/bagesturisme.cat\/allotjament\/masia-can-junyent\/"},"modified":"2021-08-17T08:26:33","modified_gmt":"2021-08-17T07:26:33","slug":"masia-can-junyent","status":"publish","type":"allotjament","link":"https:\/\/www.bagesturisme.cat\/es\/allotjament\/masia-can-junyent\/","title":{"rendered":"Masia Can Junyent"},"content":{"rendered":"Situada al municipi de Rajadell, un cop travessat el pintoresc Nucli Antic, a 2 km, trobem la masia Can Junyent, una acollidora casa pairal que data del segle XV. A 550m d&#8217;al\u00e7ada i envoltada de bosc en qu\u00e8 predominen els roures, alzines, arbres fruiters i herbes arom\u00e0tiques, va ser adaptada com a casa de turisme rural l&#8217;any 1994, en la qual els hostes comparteixen espais i agradables experi\u00e8ncies amb els propietaris. <\/p>\n<p>Cal Junyent ofereix estades durant tot l&#8217;any, on podreu desconnectar i relaxar-vos gaudint d&#8217;un entorn natural i r\u00fastic ple de tranquil\u00b7litat i degustar els plats m\u00e9s t\u00edpics de la cuina catalana.<\/p>\n<p>Capacitat per a 7 persones.<\/p>\n<p>Serveis i equipaments: Pensi\u00f3 completa, mitja pensi\u00f3, dormir i esmorzar. Excursions en familia, animals de corral, horta i fruiters ecol\u00f2gics.","protected":false},"author":23,"featured_media":10379,"template":"","class_list":["post-60","allotjament","type-allotjament","status-publish","has-post-thumbnail","hentry","municipi-rajadell","tipus-allotjament-turisme-rural"],"acf":{"adreca":"Can Junyent (cam\u00ed del Nucli Antic de Rajadell en direcci\u00f3 Castellfollit del Boix). Eix transversal C-25, sortida 123,  Rajadell.","web":"","email":"canjunyent@gmail.com\ufeff","tel":"93 836 80 24","galeria":[{"ID":10379,"id":10379,"title":"can junyent","filename":"can-junyent.jpg","filesize":140202,"url":"https:\/\/www.bagesturisme.cat\/wp-content\/uploads\/2016\/12\/can-junyent.jpg","link":"https:\/\/www.bagesturisme.cat\/es\/allotjament\/masia-can-junyent\/can-junyent\/","alt":"","author":"3","description":"","caption":"","name":"can-junyent","status":"inherit","uploaded_to":60,"date":"2021-08-17 07:26:23","modified":"2021-08-17 07:26:26","menu_order":0,"mime_type":"image\/jpeg","type":"image","subtype":"jpeg","icon":"https:\/\/www.bagesturisme.cat\/wp-includes\/images\/media\/default.png","width":800,"height":600,"sizes":{"thumbnail":"https:\/\/www.bagesturisme.cat\/wp-content\/uploads\/2016\/12\/can-junyent-150x150.jpg","thumbnail-width":150,"thumbnail-height":150,"medium":"https:\/\/www.bagesturisme.cat\/wp-content\/uploads\/2016\/12\/can-junyent-533x400.jpg","medium-width":533,"medium-height":400,"medium_large":"https:\/\/www.bagesturisme.cat\/wp-content\/uploads\/2016\/12\/can-junyent-768x576.jpg","medium_large-width":768,"medium_large-height":576,"large":"https:\/\/www.bagesturisme.cat\/wp-content\/uploads\/2016\/12\/can-junyent.jpg","large-width":800,"large-height":600,"1536x1536":"https:\/\/www.bagesturisme.cat\/wp-content\/uploads\/2016\/12\/can-junyent.jpg","1536x1536-width":800,"1536x1536-height":600,"2048x2048":"https:\/\/www.bagesturisme.cat\/wp-content\/uploads\/2016\/12\/can-junyent.jpg","2048x2048-width":800,"2048x2048-height":600,"blog-large":"https:\/\/www.bagesturisme.cat\/wp-content\/uploads\/2016\/12\/can-junyent.jpg","blog-large-width":363,"blog-large-height":272,"blog-medium":"https:\/\/www.bagesturisme.cat\/wp-content\/uploads\/2016\/12\/can-junyent.jpg","blog-medium-width":269,"blog-medium-height":202,"recent-posts":"https:\/\/www.bagesturisme.cat\/wp-content\/uploads\/2016\/12\/can-junyent.jpg","recent-posts-width":588,"recent-posts-height":441,"recent-works-thumbnail":"https:\/\/www.bagesturisme.cat\/wp-content\/uploads\/2016\/12\/can-junyent.jpg","recent-works-thumbnail-width":66,"recent-works-thumbnail-height":50,"fusion-200":"https:\/\/www.bagesturisme.cat\/wp-content\/uploads\/2016\/12\/can-junyent.jpg","fusion-200-width":200,"fusion-200-height":150,"fusion-400":"https:\/\/www.bagesturisme.cat\/wp-content\/uploads\/2016\/12\/can-junyent.jpg","fusion-400-width":400,"fusion-400-height":300,"fusion-600":"https:\/\/www.bagesturisme.cat\/wp-content\/uploads\/2016\/12\/can-junyent.jpg","fusion-600-width":600,"fusion-600-height":450,"fusion-800":"https:\/\/www.bagesturisme.cat\/wp-content\/uploads\/2016\/12\/can-junyent.jpg","fusion-800-width":800,"fusion-800-height":600,"fusion-1200":"https:\/\/www.bagesturisme.cat\/wp-content\/uploads\/2016\/12\/can-junyent.jpg","fusion-1200-width":800,"fusion-1200-height":600,"portfolio-full":"https:\/\/www.bagesturisme.cat\/wp-content\/uploads\/2016\/12\/can-junyent.jpg","portfolio-full-width":533,"portfolio-full-height":400,"portfolio-one":"https:\/\/www.bagesturisme.cat\/wp-content\/uploads\/2016\/12\/can-junyent.jpg","portfolio-one-width":363,"portfolio-one-height":272,"portfolio-two":"https:\/\/www.bagesturisme.cat\/wp-content\/uploads\/2016\/12\/can-junyent.jpg","portfolio-two-width":393,"portfolio-two-height":295,"portfolio-three":"https:\/\/www.bagesturisme.cat\/wp-content\/uploads\/2016\/12\/can-junyent.jpg","portfolio-three-width":285,"portfolio-three-height":214,"portfolio-five":"https:\/\/www.bagesturisme.cat\/wp-content\/uploads\/2016\/12\/can-junyent.jpg","portfolio-five-width":177,"portfolio-five-height":133}}],"ubicacio":{"address":"Rajadell","lat":"41.7284297","lng":"1.7061442000000397"}},"_links":{"self":[{"href":"https:\/\/www.bagesturisme.cat\/es\/wp-json\/wp\/v2\/allotjament\/60","targetHints":{"allow":["GET"]}}],"collection":[{"href":"https:\/\/www.bagesturisme.cat\/es\/wp-json\/wp\/v2\/allotjament"}],"about":[{"href":"https:\/\/www.bagesturisme.cat\/es\/wp-json\/wp\/v2\/types\/allotjament"}],"author":[{"embeddable":true,"href":"https:\/\/www.bagesturisme.cat\/es\/wp-json\/wp\/v2\/users\/23"}],"version-history":[{"count":18,"href":"https:\/\/www.bagesturisme.cat\/es\/wp-json\/wp\/v2\/allotjament\/60\/revisions"}],"predecessor-version":[{"id":10381,"href":"https:\/\/www.bagesturisme.cat\/es\/wp-json\/wp\/v2\/allotjament\/60\/revisions\/10381"}],"wp:featuredmedia":[{"embeddable":true,"href":"https:\/\/www.bagesturisme.cat\/es\/wp-json\/wp\/v2\/media\/10379"}],"wp:attachment":[{"href":"https:\/\/www.bagesturisme.cat\/es\/wp-json\/wp\/v2\/media?parent=60"}],"curies":[{"name":"wp","href":"https:\/\/api.w.org\/{rel}","templated":true}]}}

Situada al municipi de Rajadell, un cop travessat el pintoresc Nucli Antic, a 2 km, trobem la masia Can Junyent, una acollidora casa pairal que data del segle XV. A 550m d&#8217;alçada i envoltada de bosc en què predominen els roures, alzines, arbres fruiters i herbes aromàtiques, va ser adaptada com a casa de turisme rural l&#8217;any 1994, en la qual els hostes comparteixen espais i agradables experiències amb els propietaris. </p>
<p>Cal Junyent ofereix estades durant tot l&#8217;any, on podreu desconnectar i relaxar-vos gaudint d&#8217;un entorn natural i rústic ple de tranquil·litat i degustar els plats més típics de la cuina catalana.</p>
<p>Capacitat per a 7 persones.</p>
<p>Serveis i equipaments: Pensió completa, mitja pensió, dormir i esmorzar. Excursions en familia, animals de corral, horta i fruiters ecològics.

Can Junyent (camí del Nucli Antic de Rajadell en direcció Castellfollit del Boix). Eix transversal C-25, sortida 123,  Rajadell.
