{"id":5781,"date":"2018-08-28T08:38:35","date_gmt":"2018-08-28T07:38:35","guid":{"rendered":"https:\/\/bagesturisme.cat\/?post_type=allotjament&#038;p=5781"},"modified":"2022-06-20T08:26:24","modified_gmt":"2022-06-20T07:26:24","slug":"ca-la-julita","status":"publish","type":"allotjament","link":"https:\/\/www.bagesturisme.cat\/es\/allotjament\/ca-la-julita\/","title":{"rendered":"Ca la Julita"},"content":{"rendered":"Ca la Julita es una mas\u00eda del siglo XIX, autorizada como vivienda de uso tur\u00edstico, ubicada en el entorno del Parque Natural de la Monta\u00f1a de Montserrat, en el municipio de Castellbell i el Vilar, que forma parte del Geoparque Catalu\u00f1a Central.<br \/>\nTambi\u00e9n dispone de una antigua bodega rehabilitada que puede usarse para reuniones familiares o de empresa de peque\u00f1o formato y grupos reducidos, en un entorno rural, tranquilo y acogedor.Ca la Julita es una mas\u00eda del siglo XIX, autorizada como vivienda de uso tur\u00edstico, ubicada en el entorno del Parque Natural de la Monta\u00f1a de Montserrat, en el municipio de Castellbell i el Vilar, que forma parte del Geoparque Catalu\u00f1a Central.<br \/>\nTambi\u00e9n dispone de una antigua bodega rehabilitada que puede usarse para reuniones familiares o de empresa de peque\u00f1o formato y grupos reducidos, en un entorno rural, tranquilo y acogedor.","protected":false},"author":11,"featured_media":8606,"template":"","class_list":["post-5781","allotjament","type-allotjament","status-publish","has-post-thumbnail","hentry","municipi-castellbell-i-el-vilar","indicadors-geoparc-de-la-catalunya-central","indicadors-biosphere","indicadors-pit","indicadors-ruta-del-vi-de-la-do-pla-de-bages","indicadors-familiar","indicadors-pagament-amb-targeta","tipus-allotjament-turisme-rural"],"acf":{"email":"calajulita@gmail.com","adreca":"Raval del Teixidor, 70","web":"https:\/\/www.calajulita.com","tel":"630333593","galeria":[{"ID":8605,"id":8605,"title":"IMG-20190830-WA0006","filename":"IMG-20190830-WA0006.jpg","filesize":414878,"url":"https:\/\/www.bagesturisme.cat\/wp-content\/uploads\/2018\/08\/IMG-20190830-WA0006.jpg","link":"https:\/\/www.bagesturisme.cat\/es\/allotjament\/ca-la-julita\/img-20190830-wa0006-2\/","alt":"","author":"3","description":"","caption":"","name":"img-20190830-wa0006-2","status":"inherit","uploaded_to":5781,"date":"2021-02-01 10:51:49","modified":"2021-02-01 10:52:00","menu_order":0,"mime_type":"image\/jpeg","type":"image","subtype":"jpeg","icon":"https:\/\/www.bagesturisme.cat\/wp-includes\/images\/media\/default.png","width":1600,"height":1200,"sizes":{"thumbnail":"https:\/\/www.bagesturisme.cat\/wp-content\/uploads\/2018\/08\/IMG-20190830-WA0006-150x150.jpg","thumbnail-width":150,"thumbnail-height":150,"medium":"https:\/\/www.bagesturisme.cat\/wp-content\/uploads\/2018\/08\/IMG-20190830-WA0006-533x400.jpg","medium-width":533,"medium-height":400,"medium_large":"https:\/\/www.bagesturisme.cat\/wp-content\/uploads\/2018\/08\/IMG-20190830-WA0006-768x576.jpg","medium_large-width":768,"medium_large-height":576,"large":"https:\/\/www.bagesturisme.cat\/wp-content\/uploads\/2018\/08\/IMG-20190830-WA0006-1280x960.jpg","large-width":1170,"large-height":878,"1536x1536":"https:\/\/www.bagesturisme.cat\/wp-content\/uploads\/2018\/08\/IMG-20190830-WA0006-1536x1152.jpg","1536x1536-width":1536,"1536x1536-height":1152,"2048x2048":"https:\/\/www.bagesturisme.cat\/wp-content\/uploads\/2018\/08\/IMG-20190830-WA0006.jpg","2048x2048-width":1600,"2048x2048-height":1200,"blog-large":"https:\/\/www.bagesturisme.cat\/wp-content\/uploads\/2018\/08\/IMG-20190830-WA0006.jpg","blog-large-width":363,"blog-large-height":272,"blog-medium":"https:\/\/www.bagesturisme.cat\/wp-content\/uploads\/2018\/08\/IMG-20190830-WA0006.jpg","blog-medium-width":269,"blog-medium-height":202,"recent-posts":"https:\/\/www.bagesturisme.cat\/wp-content\/uploads\/2018\/08\/IMG-20190830-WA0006.jpg","recent-posts-width":588,"recent-posts-height":441,"recent-works-thumbnail":"https:\/\/www.bagesturisme.cat\/wp-content\/uploads\/2018\/08\/IMG-20190830-WA0006.jpg","recent-works-thumbnail-width":66,"recent-works-thumbnail-height":50,"fusion-200":"https:\/\/www.bagesturisme.cat\/wp-content\/uploads\/2018\/08\/IMG-20190830-WA0006.jpg","fusion-200-width":200,"fusion-200-height":150,"fusion-400":"https:\/\/www.bagesturisme.cat\/wp-content\/uploads\/2018\/08\/IMG-20190830-WA0006.jpg","fusion-400-width":400,"fusion-400-height":300,"fusion-600":"https:\/\/www.bagesturisme.cat\/wp-content\/uploads\/2018\/08\/IMG-20190830-WA0006.jpg","fusion-600-width":600,"fusion-600-height":450,"fusion-800":"https:\/\/www.bagesturisme.cat\/wp-content\/uploads\/2018\/08\/IMG-20190830-WA0006.jpg","fusion-800-width":800,"fusion-800-height":600,"fusion-1200":"https:\/\/www.bagesturisme.cat\/wp-content\/uploads\/2018\/08\/IMG-20190830-WA0006.jpg","fusion-1200-width":1200,"fusion-1200-height":900,"portfolio-full":"https:\/\/www.bagesturisme.cat\/wp-content\/uploads\/2018\/08\/IMG-20190830-WA0006.jpg","portfolio-full-width":533,"portfolio-full-height":400,"portfolio-one":"https:\/\/www.bagesturisme.cat\/wp-content\/uploads\/2018\/08\/IMG-20190830-WA0006.jpg","portfolio-one-width":363,"portfolio-one-height":272,"portfolio-two":"https:\/\/www.bagesturisme.cat\/wp-content\/uploads\/2018\/08\/IMG-20190830-WA0006.jpg","portfolio-two-width":393,"portfolio-two-height":295,"portfolio-three":"https:\/\/www.bagesturisme.cat\/wp-content\/uploads\/2018\/08\/IMG-20190830-WA0006.jpg","portfolio-three-width":285,"portfolio-three-height":214,"portfolio-five":"https:\/\/www.bagesturisme.cat\/wp-content\/uploads\/2018\/08\/IMG-20190830-WA0006.jpg","portfolio-five-width":177,"portfolio-five-height":133}},{"ID":8606,"id":8606,"title":"Habitacio-blava","filename":"Habitacio-blava-scaled.jpg","filesize":591861,"url":"https:\/\/www.bagesturisme.cat\/wp-content\/uploads\/2018\/08\/Habitacio-blava-scaled.jpg","link":"https:\/\/www.bagesturisme.cat\/es\/allotjament\/ca-la-julita\/habitacio-blava-2\/","alt":"","author":"3","description":"","caption":"","name":"habitacio-blava-2","status":"inherit","uploaded_to":5781,"date":"2021-02-01 10:52:51","modified":"2021-02-01 10:52:58","menu_order":0,"mime_type":"image\/jpeg","type":"image","subtype":"jpeg","icon":"https:\/\/www.bagesturisme.cat\/wp-includes\/images\/media\/default.png","width":2560,"height":1920,"sizes":{"thumbnail":"https:\/\/www.bagesturisme.cat\/wp-content\/uploads\/2018\/08\/Habitacio-blava-150x150.jpg","thumbnail-width":150,"thumbnail-height":150,"medium":"https:\/\/www.bagesturisme.cat\/wp-content\/uploads\/2018\/08\/Habitacio-blava-533x400.jpg","medium-width":533,"medium-height":400,"medium_large":"https:\/\/www.bagesturisme.cat\/wp-content\/uploads\/2018\/08\/Habitacio-blava-768x576.jpg","medium_large-width":768,"medium_large-height":576,"large":"https:\/\/www.bagesturisme.cat\/wp-content\/uploads\/2018\/08\/Habitacio-blava-1280x960.jpg","large-width":1170,"large-height":878,"1536x1536":"https:\/\/www.bagesturisme.cat\/wp-content\/uploads\/2018\/08\/Habitacio-blava-1536x1152.jpg","1536x1536-width":1536,"1536x1536-height":1152,"2048x2048":"https:\/\/www.bagesturisme.cat\/wp-content\/uploads\/2018\/08\/Habitacio-blava-2048x1536.jpg","2048x2048-width":2048,"2048x2048-height":1536,"blog-large":"https:\/\/www.bagesturisme.cat\/wp-content\/uploads\/2018\/08\/Habitacio-blava-scaled.jpg","blog-large-width":363,"blog-large-height":272,"blog-medium":"https:\/\/www.bagesturisme.cat\/wp-content\/uploads\/2018\/08\/Habitacio-blava-scaled.jpg","blog-medium-width":269,"blog-medium-height":202,"recent-posts":"https:\/\/www.bagesturisme.cat\/wp-content\/uploads\/2018\/08\/Habitacio-blava-scaled.jpg","recent-posts-width":588,"recent-posts-height":441,"recent-works-thumbnail":"https:\/\/www.bagesturisme.cat\/wp-content\/uploads\/2018\/08\/Habitacio-blava-scaled.jpg","recent-works-thumbnail-width":66,"recent-works-thumbnail-height":50,"fusion-200":"https:\/\/www.bagesturisme.cat\/wp-content\/uploads\/2018\/08\/Habitacio-blava-scaled.jpg","fusion-200-width":200,"fusion-200-height":150,"fusion-400":"https:\/\/www.bagesturisme.cat\/wp-content\/uploads\/2018\/08\/Habitacio-blava-scaled.jpg","fusion-400-width":400,"fusion-400-height":300,"fusion-600":"https:\/\/www.bagesturisme.cat\/wp-content\/uploads\/2018\/08\/Habitacio-blava-scaled.jpg","fusion-600-width":600,"fusion-600-height":450,"fusion-800":"https:\/\/www.bagesturisme.cat\/wp-content\/uploads\/2018\/08\/Habitacio-blava-scaled.jpg","fusion-800-width":800,"fusion-800-height":600,"fusion-1200":"https:\/\/www.bagesturisme.cat\/wp-content\/uploads\/2018\/08\/Habitacio-blava-scaled.jpg","fusion-1200-width":1200,"fusion-1200-height":900,"portfolio-full":"https:\/\/www.bagesturisme.cat\/wp-content\/uploads\/2018\/08\/Habitacio-blava-scaled.jpg","portfolio-full-width":533,"portfolio-full-height":400,"portfolio-one":"https:\/\/www.bagesturisme.cat\/wp-content\/uploads\/2018\/08\/Habitacio-blava-scaled.jpg","portfolio-one-width":363,"portfolio-one-height":272,"portfolio-two":"https:\/\/www.bagesturisme.cat\/wp-content\/uploads\/2018\/08\/Habitacio-blava-scaled.jpg","portfolio-two-width":393,"portfolio-two-height":295,"portfolio-three":"https:\/\/www.bagesturisme.cat\/wp-content\/uploads\/2018\/08\/Habitacio-blava-scaled.jpg","portfolio-three-width":285,"portfolio-three-height":214,"portfolio-five":"https:\/\/www.bagesturisme.cat\/wp-content\/uploads\/2018\/08\/Habitacio-blava-scaled.jpg","portfolio-five-width":177,"portfolio-five-height":133}}],"ubicacio":false},"_links":{"self":[{"href":"https:\/\/www.bagesturisme.cat\/es\/wp-json\/wp\/v2\/allotjament\/5781","targetHints":{"allow":["GET"]}}],"collection":[{"href":"https:\/\/www.bagesturisme.cat\/es\/wp-json\/wp\/v2\/allotjament"}],"about":[{"href":"https:\/\/www.bagesturisme.cat\/es\/wp-json\/wp\/v2\/types\/allotjament"}],"author":[{"embeddable":true,"href":"https:\/\/www.bagesturisme.cat\/es\/wp-json\/wp\/v2\/users\/11"}],"version-history":[{"count":17,"href":"https:\/\/www.bagesturisme.cat\/es\/wp-json\/wp\/v2\/allotjament\/5781\/revisions"}],"predecessor-version":[{"id":11490,"href":"https:\/\/www.bagesturisme.cat\/es\/wp-json\/wp\/v2\/allotjament\/5781\/revisions\/11490"}],"wp:featuredmedia":[{"embeddable":true,"href":"https:\/\/www.bagesturisme.cat\/es\/wp-json\/wp\/v2\/media\/8606"}],"wp:attachment":[{"href":"https:\/\/www.bagesturisme.cat\/es\/wp-json\/wp\/v2\/media?parent=5781"}],"curies":[{"name":"wp","href":"https:\/\/api.w.org\/{rel}","templated":true}]}}

Ca la Julita es una masía del siglo XIX, autorizada como vivienda de uso turístico, ubicada en el entorno del Parque Natural de la Montaña de Montserrat, en el municipio de Castellbell i el Vilar, que forma parte del Geoparque Cataluña Central.<br />
También dispone de una antigua bodega rehabilitada que puede usarse para reuniones familiares o de empresa de pequeño formato y grupos reducidos, en un entorno rural, tranquilo y acogedor.Ca la Julita es una masía del siglo XIX, autorizada como vivienda de uso turístico, ubicada en el entorno del Parque Natural de la Montaña de Montserrat, en el municipio de Castellbell i el Vilar, que forma parte del Geoparque Cataluña Central.<br />
También dispone de una antigua bodega rehabilitada que puede usarse para reuniones familiares o de empresa de pequeño formato y grupos reducidos, en un entorno rural, tranquilo y acogedor.
