{"id":5078,"date":"2017-10-27T08:23:35","date_gmt":"2017-10-27T07:23:35","guid":{"rendered":"https:\/\/bagesturisme.cat\/?post_type=allotjament&#038;p=5078"},"modified":"2021-02-05T14:15:52","modified_gmt":"2021-02-05T13:15:52","slug":"apartaments-la-farola","status":"publish","type":"allotjament","link":"https:\/\/www.bagesturisme.cat\/es\/allotjament\/apartaments-la-farola\/","title":{"rendered":"Apartaments La Farola"},"content":{"rendered":"Apartamentos de uso tur\u00edstico en el centro de Manresa. Totalmete equipados y se pueden alquilar por d\u00edas, semanas o meses. Disponen de parking y wifi.Apartamentos de uso tur\u00edstico en el centro de Manresa. Totalmete equipados y se pueden alquilar por d\u00edas, semanas o meses. Disponen de parking y wifi.Apartamentos de uso tur\u00edstico en el centro de Manresa. Totalmete equipados y se pueden alquilar por d\u00edas, semanas o meses. Disponen de parking y wifi.Apartamentos de uso tur\u00edstico en el centro de Manresa. Totalmete equipados y se pueden alquilar por d\u00edas, semanas o meses. Disponen de parking y wifi.","protected":false},"author":2,"featured_media":8681,"template":"","class_list":["post-5078","allotjament","type-allotjament","status-publish","has-post-thumbnail","hentry","municipi-manresa","indicadors-familiar","indicadors-pagament-amb-targeta","tipus-allotjament-apartament"],"acf":{"email":"info@lafarola.net","adreca":"C. Canyelles 5","web":"http:\/\/www.lafarola.net","tel":"93 873 13 00","galeria":false,"ubicacio":{"address":"apartament la farola manresa","lat":"41.728672","lng":"1.8244919999999638"}},"_links":{"self":[{"href":"https:\/\/www.bagesturisme.cat\/es\/wp-json\/wp\/v2\/allotjament\/5078","targetHints":{"allow":["GET"]}}],"collection":[{"href":"https:\/\/www.bagesturisme.cat\/es\/wp-json\/wp\/v2\/allotjament"}],"about":[{"href":"https:\/\/www.bagesturisme.cat\/es\/wp-json\/wp\/v2\/types\/allotjament"}],"author":[{"embeddable":true,"href":"https:\/\/www.bagesturisme.cat\/es\/wp-json\/wp\/v2\/users\/2"}],"version-history":[{"count":8,"href":"https:\/\/www.bagesturisme.cat\/es\/wp-json\/wp\/v2\/allotjament\/5078\/revisions"}],"predecessor-version":[{"id":8683,"href":"https:\/\/www.bagesturisme.cat\/es\/wp-json\/wp\/v2\/allotjament\/5078\/revisions\/8683"}],"wp:featuredmedia":[{"embeddable":true,"href":"https:\/\/www.bagesturisme.cat\/es\/wp-json\/wp\/v2\/media\/8681"}],"wp:attachment":[{"href":"https:\/\/www.bagesturisme.cat\/es\/wp-json\/wp\/v2\/media?parent=5078"}],"curies":[{"name":"wp","href":"https:\/\/api.w.org\/{rel}","templated":true}]}}

Apartamentos de uso turístico en el centro de Manresa. Totalmete equipados y se pueden alquilar por días, semanas o meses. Disponen de parking y wifi.Apartamentos de uso turístico en el centro de Manresa. Totalmete equipados y se pueden alquilar por días, semanas o meses. Disponen de parking y wifi.Apartamentos de uso turístico en el centro de Manresa. Totalmete equipados y se pueden alquilar por días, semanas o meses. Disponen de parking y wifi.Apartamentos de uso turístico en el centro de Manresa. Totalmete equipados y se pueden alquilar por días, semanas o meses. Disponen de parking y wifi.
