{"id":4781,"date":"2017-10-20T07:53:51","date_gmt":"2017-10-20T06:53:51","guid":{"rendered":"https:\/\/bagesturisme.cat\/?post_type=allotjament&#038;p=4781"},"modified":"2025-05-06T06:45:21","modified_gmt":"2025-05-06T05:45:21","slug":"cal-pastor-2","status":"publish","type":"allotjament","link":"https:\/\/www.bagesturisme.cat\/es\/allotjament\/cal-pastor-2\/","title":{"rendered":"CAL PASTOR"},"content":{"rendered":"<p><span data-olk-copy-source=\"MessageBody\">Cal Pastor \u00e9s una casa del s.XIX, situada a la Catalunya interior, a la comarca del Bages, en un poble anomenat Salo. La casa rep aquest nom ja que en ella antigament hi vivia al pastor del poble. La casa servia d&#8217;habitatge, graner i una petita botiga on venia els xais. Rodejada de boscos i cultius t\u00edpics de la zona, est\u00e0 restaurada conservant les seves caracter\u00edstiques i mobiliari tradicional, en una zona perfecte per practicar senderisme i ciclisme.<\/span><\/p>\n<p class=\"x_fg-color-1\">La casa disposa de quatre habitacions, dos banys, cuina (totalment equipada i amb xemeneia), sala d&#8217;estar, sala de ping-pong i garatge amb zona de barbacoa.<\/p>\n<p class=\"x_fg-color-1\">A la nostra casa podr\u00e0s gaudir d&#8217;una estan\u00e7a tranquil\u00b7la en contacte amb la natura, amb les seves agradables vistes i amb la possibilitat de poder participar en les tasques de l&#8217;explotaci\u00f3 agr\u00edcola i ramadera, on trobareu cultius, vaques, vedells, porcs, conills, gallines&#8230;<\/p>\n","protected":false},"author":28,"featured_media":15457,"template":"","class_list":["post-4781","allotjament","type-allotjament","status-publish","has-post-thumbnail","hentry","municipi-sant-mateu-de-bages","indicadors-pit","indicadors-familiar","tipus-allotjament-turisme-rural"],"acf":{"email":"info@turismeruralelmoli.es","adreca":"Casa Cal Pastor s\/n <br \/><br \/>\r\nSalo 08269 (Sant Mateu de Bages)","web":"https:\/\/turismeruralelmoli.es\/","tel":"647850162","galeria":false,"ubicacio":{"address":"Casa Cal Pastor s\/n  Salo 08269 (Sant Mateu de Bages)","lat":"41.8452835","lng":"1.6443765000000212"}},"_links":{"self":[{"href":"https:\/\/www.bagesturisme.cat\/es\/wp-json\/wp\/v2\/allotjament\/4781","targetHints":{"allow":["GET"]}}],"collection":[{"href":"https:\/\/www.bagesturisme.cat\/es\/wp-json\/wp\/v2\/allotjament"}],"about":[{"href":"https:\/\/www.bagesturisme.cat\/es\/wp-json\/wp\/v2\/types\/allotjament"}],"author":[{"embeddable":true,"href":"https:\/\/www.bagesturisme.cat\/es\/wp-json\/wp\/v2\/users\/28"}],"version-history":[{"count":9,"href":"https:\/\/www.bagesturisme.cat\/es\/wp-json\/wp\/v2\/allotjament\/4781\/revisions"}],"predecessor-version":[{"id":15454,"href":"https:\/\/www.bagesturisme.cat\/es\/wp-json\/wp\/v2\/allotjament\/4781\/revisions\/15454"}],"wp:featuredmedia":[{"embeddable":true,"href":"https:\/\/www.bagesturisme.cat\/es\/wp-json\/wp\/v2\/media\/15457"}],"wp:attachment":[{"href":"https:\/\/www.bagesturisme.cat\/es\/wp-json\/wp\/v2\/media?parent=4781"}],"curies":[{"name":"wp","href":"https:\/\/api.w.org\/{rel}","templated":true}]}}

<p><span data-olk-copy-source="MessageBody">Cal Pastor és una casa del s.XIX, situada a la Catalunya interior, a la comarca del Bages, en un poble anomenat Salo. La casa rep aquest nom ja que en ella antigament hi vivia al pastor del poble. La casa servia d&#8217;habitatge, graner i una petita botiga on venia els xais. Rodejada de boscos i cultius típics de la zona, està restaurada conservant les seves característiques i mobiliari tradicional, en una zona perfecte per practicar senderisme i ciclisme.</span></p>
<p class="x_fg-color-1">La casa disposa de quatre habitacions, dos banys, cuina (totalment equipada i amb xemeneia), sala d&#8217;estar, sala de ping-pong i garatge amb zona de barbacoa.</p>
<p class="x_fg-color-1">A la nostra casa podràs gaudir d&#8217;una estança tranquil·la en contacte amb la natura, amb les seves agradables vistes i amb la possibilitat de poder participar en les tasques de l&#8217;explotació agrícola i ramadera, on trobareu cultius, vaques, vedells, porcs, conills, gallines&#8230;</p>
