{"id":39,"date":"2016-12-15T13:09:58","date_gmt":"2016-12-15T12:09:58","guid":{"rendered":"https:\/\/bagesturisme.cat\/allotjament\/hostal-muntane\/"},"modified":"2017-09-26T12:09:21","modified_gmt":"2017-09-26T11:09:21","slug":"hostal-muntane","status":"publish","type":"allotjament","link":"https:\/\/www.bagesturisme.cat\/es\/allotjament\/hostal-muntane\/","title":{"rendered":"Hostal Muntan\u00e9 **"},"content":{"rendered":"<p class=\"qtranxs-available-languages-message qtranxs-available-languages-message-es\">Disculpa, pero esta entrada est\u00e1 disponible s\u00f3lo en <a href=\"https:\/\/www.bagesturisme.cat\/ca\/wp-json\/wp\/v2\/allotjament\/39\" class=\"qtranxs-available-language-link qtranxs-available-language-link-ca\" title=\"Catal\u00e0\">Catal\u00e0<\/a>.<\/p>","protected":false},"author":20,"featured_media":8856,"template":"","class_list":["post-39","allotjament","type-allotjament","status-publish","has-post-thumbnail","hentry","municipi-navarcles","indicadors-dos-estrelles","tipus-allotjament-hostal-pensio"],"acf":{"adreca":"C. Forti\u00e0 Sol\u00e0, 1, Navarcles","ubicacio":{"address":"Carrer Forti\u00e0 Sol\u00e0, 1 08271 Navarcles","lat":"41.7512","lng":"1.9038299999999708"},"web":"http:\/\/www.hostalmuntane.com","email":"hostal_muntane@hotmail.com","tel":"93 831 04 40 \u00b7 93 831 03 65","galeria":false},"_links":{"self":[{"href":"https:\/\/www.bagesturisme.cat\/es\/wp-json\/wp\/v2\/allotjament\/39","targetHints":{"allow":["GET"]}}],"collection":[{"href":"https:\/\/www.bagesturisme.cat\/es\/wp-json\/wp\/v2\/allotjament"}],"about":[{"href":"https:\/\/www.bagesturisme.cat\/es\/wp-json\/wp\/v2\/types\/allotjament"}],"author":[{"embeddable":true,"href":"https:\/\/www.bagesturisme.cat\/es\/wp-json\/wp\/v2\/users\/20"}],"version-history":[{"count":9,"href":"https:\/\/www.bagesturisme.cat\/es\/wp-json\/wp\/v2\/allotjament\/39\/revisions"}],"predecessor-version":[{"id":3959,"href":"https:\/\/www.bagesturisme.cat\/es\/wp-json\/wp\/v2\/allotjament\/39\/revisions\/3959"}],"wp:featuredmedia":[{"embeddable":true,"href":"https:\/\/www.bagesturisme.cat\/es\/wp-json\/wp\/v2\/media\/8856"}],"wp:attachment":[{"href":"https:\/\/www.bagesturisme.cat\/es\/wp-json\/wp\/v2\/media?parent=39"}],"curies":[{"name":"wp","href":"https:\/\/api.w.org\/{rel}","templated":true}]}}

Hostal Muntané **

<p class="qtranxs-available-languages-message qtranxs-available-languages-message-es">Disculpa, pero esta entrada está disponible sólo en <a href="https://www.bagesturisme.cat/ca/wp-json/wp/v2/allotjament/39" class="qtranxs-available-language-link qtranxs-available-language-link-ca" title="Català">Català</a>.</p>

C. Fortià Solà, 1, Navarcles

Carrer Fortià Solà, 1 08271 Navarcles
