{"id":3440,"date":"2017-09-18T09:28:51","date_gmt":"2017-09-18T08:28:51","guid":{"rendered":"https:\/\/bagesturisme.cat\/?post_type=allotjament&#038;p=3440"},"modified":"2021-02-24T09:56:04","modified_gmt":"2021-02-24T08:56:04","slug":"cal-mateu","status":"publish","type":"allotjament","link":"https:\/\/www.bagesturisme.cat\/es\/allotjament\/cal-mateu\/","title":{"rendered":"HABITATGE TUR\u00cdSTIC CAL MATEU HUTCC 00443"},"content":{"rendered":"Alojamiento tur\u00edstico completamente rehabilitado, situado en la planta principal de una casa construida por un \u201cindiano\u201d a principios del s.XX.<br \/>\n\u201cCal Mateu\u201d est\u00e1 situado en el municipio de Sant Fruit\u00f3s de Bages, en el centro de Catalu\u00f1a y \u00a1cerca de todas partes!<br \/>\n\u00abCal Mateu\u00bb tiene capacidad para seis personas en tres habitaciones dobles. La vivienda ha sido rehabilitada, conservando los elementos decorativos originales (vidrieras, molduras techos, mosaicos hidr\u00e1ulicos &#8230;)<br \/>\nTiene una superficie de m\u00e1s de 100m2, distribuidos entre recibidor, sala, tres habitaciones, comedor, ba\u00f1o completo, sal\u00f3n, aseo y cocina.<br \/>\nAdem\u00e1s, dispone de una terraza, una galer\u00eda cubierta y tiene acceso directo al jard\u00edn, que es compartido con los propietarios.","protected":false},"author":26,"featured_media":9030,"template":"","class_list":["post-3440","allotjament","type-allotjament","status-publish","has-post-thumbnail","hentry","municipi-sant-fruitos-de-bages"],"acf":{"adreca":"C\/ Nou, 9","web":"http:\/\/www.calmateu.eu\/","email":"info@calmateu.eu","tel":"938760927 \/  654241864 (Marcel)  \/ 669 58 45 35 (Teresa)","galeria":[{"ID":3485,"id":3485,"title":"26terrat","filename":"26terrat.jpg","filesize":3484070,"url":"https:\/\/www.bagesturisme.cat\/wp-content\/uploads\/2017\/09\/26terrat.jpg","link":"https:\/\/www.bagesturisme.cat\/es\/allotjament\/cal-mateu\/26terrat\/","alt":"","author":"26","description":"","caption":"","name":"26terrat","status":"inherit","uploaded_to":3440,"date":"2017-09-18 09:12:12","modified":"2017-09-18 09:12:12","menu_order":0,"mime_type":"image\/jpeg","type":"image","subtype":"jpeg","icon":"https:\/\/www.bagesturisme.cat\/wp-includes\/images\/media\/default.png","width":1966,"height":1398,"sizes":{"thumbnail":"https:\/\/www.bagesturisme.cat\/wp-content\/uploads\/2017\/09\/26terrat-150x150.jpg","thumbnail-width":150,"thumbnail-height":150,"medium":"https:\/\/www.bagesturisme.cat\/wp-content\/uploads\/2017\/09\/26terrat-563x400.jpg","medium-width":563,"medium-height":400,"medium_large":"https:\/\/www.bagesturisme.cat\/wp-content\/uploads\/2017\/09\/26terrat-768x546.jpg","medium_large-width":768,"medium_large-height":546,"large":"https:\/\/www.bagesturisme.cat\/wp-content\/uploads\/2017\/09\/26terrat-1280x910.jpg","large-width":1170,"large-height":832,"1536x1536":"https:\/\/www.bagesturisme.cat\/wp-content\/uploads\/2017\/09\/26terrat.jpg","1536x1536-width":1536,"1536x1536-height":1092,"2048x2048":"https:\/\/www.bagesturisme.cat\/wp-content\/uploads\/2017\/09\/26terrat.jpg","2048x2048-width":1966,"2048x2048-height":1398,"blog-large":"https:\/\/www.bagesturisme.cat\/wp-content\/uploads\/2017\/09\/26terrat.jpg","blog-large-width":383,"blog-large-height":272,"blog-medium":"https:\/\/www.bagesturisme.cat\/wp-content\/uploads\/2017\/09\/26terrat.jpg","blog-medium-width":284,"blog-medium-height":202,"recent-posts":"https:\/\/www.bagesturisme.cat\/wp-content\/uploads\/2017\/09\/26terrat.jpg","recent-posts-width":620,"recent-posts-height":441,"recent-works-thumbnail":"https:\/\/www.bagesturisme.cat\/wp-content\/uploads\/2017\/09\/26terrat.jpg","recent-works-thumbnail-width":66,"recent-works-thumbnail-height":47,"fusion-200":"https:\/\/www.bagesturisme.cat\/wp-content\/uploads\/2017\/09\/26terrat.jpg","fusion-200-width":200,"fusion-200-height":142,"fusion-400":"https:\/\/www.bagesturisme.cat\/wp-content\/uploads\/2017\/09\/26terrat.jpg","fusion-400-width":400,"fusion-400-height":284,"fusion-600":"https:\/\/www.bagesturisme.cat\/wp-content\/uploads\/2017\/09\/26terrat.jpg","fusion-600-width":600,"fusion-600-height":427,"fusion-800":"https:\/\/www.bagesturisme.cat\/wp-content\/uploads\/2017\/09\/26terrat.jpg","fusion-800-width":800,"fusion-800-height":569,"fusion-1200":"https:\/\/www.bagesturisme.cat\/wp-content\/uploads\/2017\/09\/26terrat.jpg","fusion-1200-width":1200,"fusion-1200-height":853,"portfolio-full":"https:\/\/www.bagesturisme.cat\/wp-content\/uploads\/2017\/09\/26terrat.jpg","portfolio-full-width":563,"portfolio-full-height":400,"portfolio-one":"https:\/\/www.bagesturisme.cat\/wp-content\/uploads\/2017\/09\/26terrat.jpg","portfolio-one-width":383,"portfolio-one-height":272,"portfolio-two":"https:\/\/www.bagesturisme.cat\/wp-content\/uploads\/2017\/09\/26terrat.jpg","portfolio-two-width":415,"portfolio-two-height":295,"portfolio-three":"https:\/\/www.bagesturisme.cat\/wp-content\/uploads\/2017\/09\/26terrat.jpg","portfolio-three-width":300,"portfolio-three-height":214,"portfolio-five":"https:\/\/www.bagesturisme.cat\/wp-content\/uploads\/2017\/09\/26terrat.jpg","portfolio-five-width":177,"portfolio-five-height":126}},{"ID":3481,"id":3481,"title":"22galeriaINTERIOR","filename":"22galeriaINTERIOR.jpg","filesize":2039254,"url":"https:\/\/www.bagesturisme.cat\/wp-content\/uploads\/2017\/09\/22galeriaINTERIOR.jpg","link":"https:\/\/www.bagesturisme.cat\/es\/allotjament\/cal-mateu\/22galeriainterior\/","alt":"","author":"26","description":"","caption":"","name":"22galeriainterior","status":"inherit","uploaded_to":3440,"date":"2017-09-18 09:12:09","modified":"2017-09-18 09:12:09","menu_order":0,"mime_type":"image\/jpeg","type":"image","subtype":"jpeg","icon":"https:\/\/www.bagesturisme.cat\/wp-includes\/images\/media\/default.png","width":1311,"height":1966,"sizes":{"thumbnail":"https:\/\/www.bagesturisme.cat\/wp-content\/uploads\/2017\/09\/22galeriaINTERIOR-150x150.jpg","thumbnail-width":150,"thumbnail-height":150,"medium":"https:\/\/www.bagesturisme.cat\/wp-content\/uploads\/2017\/09\/22galeriaINTERIOR-267x400.jpg","medium-width":267,"medium-height":400,"medium_large":"https:\/\/www.bagesturisme.cat\/wp-content\/uploads\/2017\/09\/22galeriaINTERIOR-768x1152.jpg","medium_large-width":768,"medium_large-height":1152,"large":"https:\/\/www.bagesturisme.cat\/wp-content\/uploads\/2017\/09\/22galeriaINTERIOR-683x1024.jpg","large-width":683,"large-height":1024,"1536x1536":"https:\/\/www.bagesturisme.cat\/wp-content\/uploads\/2017\/09\/22galeriaINTERIOR.jpg","1536x1536-width":1024,"1536x1536-height":1536,"2048x2048":"https:\/\/www.bagesturisme.cat\/wp-content\/uploads\/2017\/09\/22galeriaINTERIOR.jpg","2048x2048-width":1311,"2048x2048-height":1966,"blog-large":"https:\/\/www.bagesturisme.cat\/wp-content\/uploads\/2017\/09\/22galeriaINTERIOR.jpg","blog-large-width":181,"blog-large-height":272,"blog-medium":"https:\/\/www.bagesturisme.cat\/wp-content\/uploads\/2017\/09\/22galeriaINTERIOR.jpg","blog-medium-width":135,"blog-medium-height":202,"recent-posts":"https:\/\/www.bagesturisme.cat\/wp-content\/uploads\/2017\/09\/22galeriaINTERIOR.jpg","recent-posts-width":294,"recent-posts-height":441,"recent-works-thumbnail":"https:\/\/www.bagesturisme.cat\/wp-content\/uploads\/2017\/09\/22galeriaINTERIOR.jpg","recent-works-thumbnail-width":44,"recent-works-thumbnail-height":66,"fusion-200":"https:\/\/www.bagesturisme.cat\/wp-content\/uploads\/2017\/09\/22galeriaINTERIOR.jpg","fusion-200-width":200,"fusion-200-height":300,"fusion-400":"https:\/\/www.bagesturisme.cat\/wp-content\/uploads\/2017\/09\/22galeriaINTERIOR.jpg","fusion-400-width":400,"fusion-400-height":600,"fusion-600":"https:\/\/www.bagesturisme.cat\/wp-content\/uploads\/2017\/09\/22galeriaINTERIOR.jpg","fusion-600-width":600,"fusion-600-height":900,"fusion-800":"https:\/\/www.bagesturisme.cat\/wp-content\/uploads\/2017\/09\/22galeriaINTERIOR.jpg","fusion-800-width":800,"fusion-800-height":1200,"fusion-1200":"https:\/\/www.bagesturisme.cat\/wp-content\/uploads\/2017\/09\/22galeriaINTERIOR.jpg","fusion-1200-width":1200,"fusion-1200-height":1800,"portfolio-full":"https:\/\/www.bagesturisme.cat\/wp-content\/uploads\/2017\/09\/22galeriaINTERIOR.jpg","portfolio-full-width":267,"portfolio-full-height":400,"portfolio-one":"https:\/\/www.bagesturisme.cat\/wp-content\/uploads\/2017\/09\/22galeriaINTERIOR.jpg","portfolio-one-width":181,"portfolio-one-height":272,"portfolio-two":"https:\/\/www.bagesturisme.cat\/wp-content\/uploads\/2017\/09\/22galeriaINTERIOR.jpg","portfolio-two-width":197,"portfolio-two-height":295,"portfolio-three":"https:\/\/www.bagesturisme.cat\/wp-content\/uploads\/2017\/09\/22galeriaINTERIOR.jpg","portfolio-three-width":143,"portfolio-three-height":214,"portfolio-five":"https:\/\/www.bagesturisme.cat\/wp-content\/uploads\/2017\/09\/22galeriaINTERIOR.jpg","portfolio-five-width":95,"portfolio-five-height":142}},{"ID":3477,"id":3477,"title":"05habitacio\u2560\u00fcVERDA","filename":"05habitacio\u2560\u00fcVERDA.jpg","filesize":1544482,"url":"https:\/\/www.bagesturisme.cat\/wp-content\/uploads\/2017\/09\/05habitacio\u2560\u00fcVERDA.jpg","link":"https:\/\/www.bagesturisme.cat\/es\/allotjament\/cal-mateu\/05habitacio%e2%95%a0uverda\/","alt":"","author":"26","description":"","caption":"","name":"05habitacio%e2%95%a0uverda","status":"inherit","uploaded_to":3440,"date":"2017-09-18 09:12:05","modified":"2017-09-18 09:12:05","menu_order":0,"mime_type":"image\/jpeg","type":"image","subtype":"jpeg","icon":"https:\/\/www.bagesturisme.cat\/wp-includes\/images\/media\/default.png","width":1966,"height":1311,"sizes":{"thumbnail":"https:\/\/www.bagesturisme.cat\/wp-content\/uploads\/2017\/09\/05habitacio\u2560\u00fcVERDA-150x150.jpg","thumbnail-width":150,"thumbnail-height":150,"medium":"https:\/\/www.bagesturisme.cat\/wp-content\/uploads\/2017\/09\/05habitacio\u2560\u00fcVERDA-600x400.jpg","medium-width":600,"medium-height":400,"medium_large":"https:\/\/www.bagesturisme.cat\/wp-content\/uploads\/2017\/09\/05habitacio\u2560\u00fcVERDA-768x512.jpg","medium_large-width":768,"medium_large-height":512,"large":"https:\/\/www.bagesturisme.cat\/wp-content\/uploads\/2017\/09\/05habitacio\u2560\u00fcVERDA-1280x854.jpg","large-width":1170,"large-height":781,"1536x1536":"https:\/\/www.bagesturisme.cat\/wp-content\/uploads\/2017\/09\/05habitacio\u2560\u00fcVERDA.jpg","1536x1536-width":1536,"1536x1536-height":1024,"2048x2048":"https:\/\/www.bagesturisme.cat\/wp-content\/uploads\/2017\/09\/05habitacio\u2560\u00fcVERDA.jpg","2048x2048-width":1966,"2048x2048-height":1311,"blog-large":"https:\/\/www.bagesturisme.cat\/wp-content\/uploads\/2017\/09\/05habitacio\u2560\u00fcVERDA.jpg","blog-large-width":408,"blog-large-height":272,"blog-medium":"https:\/\/www.bagesturisme.cat\/wp-content\/uploads\/2017\/09\/05habitacio\u2560\u00fcVERDA.jpg","blog-medium-width":303,"blog-medium-height":202,"recent-posts":"https:\/\/www.bagesturisme.cat\/wp-content\/uploads\/2017\/09\/05habitacio\u2560\u00fcVERDA.jpg","recent-posts-width":661,"recent-posts-height":441,"recent-works-thumbnail":"https:\/\/www.bagesturisme.cat\/wp-content\/uploads\/2017\/09\/05habitacio\u2560\u00fcVERDA.jpg","recent-works-thumbnail-width":66,"recent-works-thumbnail-height":44,"fusion-200":"https:\/\/www.bagesturisme.cat\/wp-content\/uploads\/2017\/09\/05habitacio\u2560\u00fcVERDA.jpg","fusion-200-width":200,"fusion-200-height":133,"fusion-400":"https:\/\/www.bagesturisme.cat\/wp-content\/uploads\/2017\/09\/05habitacio\u2560\u00fcVERDA.jpg","fusion-400-width":400,"fusion-400-height":267,"fusion-600":"https:\/\/www.bagesturisme.cat\/wp-content\/uploads\/2017\/09\/05habitacio\u2560\u00fcVERDA.jpg","fusion-600-width":600,"fusion-600-height":400,"fusion-800":"https:\/\/www.bagesturisme.cat\/wp-content\/uploads\/2017\/09\/05habitacio\u2560\u00fcVERDA.jpg","fusion-800-width":800,"fusion-800-height":533,"fusion-1200":"https:\/\/www.bagesturisme.cat\/wp-content\/uploads\/2017\/09\/05habitacio\u2560\u00fcVERDA.jpg","fusion-1200-width":1200,"fusion-1200-height":800,"portfolio-full":"https:\/\/www.bagesturisme.cat\/wp-content\/uploads\/2017\/09\/05habitacio\u2560\u00fcVERDA.jpg","portfolio-full-width":600,"portfolio-full-height":400,"portfolio-one":"https:\/\/www.bagesturisme.cat\/wp-content\/uploads\/2017\/09\/05habitacio\u2560\u00fcVERDA.jpg","portfolio-one-width":408,"portfolio-one-height":272,"portfolio-two":"https:\/\/www.bagesturisme.cat\/wp-content\/uploads\/2017\/09\/05habitacio\u2560\u00fcVERDA.jpg","portfolio-two-width":442,"portfolio-two-height":295,"portfolio-three":"https:\/\/www.bagesturisme.cat\/wp-content\/uploads\/2017\/09\/05habitacio\u2560\u00fcVERDA.jpg","portfolio-three-width":300,"portfolio-three-height":200,"portfolio-five":"https:\/\/www.bagesturisme.cat\/wp-content\/uploads\/2017\/09\/05habitacio\u2560\u00fcVERDA.jpg","portfolio-five-width":177,"portfolio-five-height":118}}],"ubicacio":false},"_links":{"self":[{"href":"https:\/\/www.bagesturisme.cat\/es\/wp-json\/wp\/v2\/allotjament\/3440","targetHints":{"allow":["GET"]}}],"collection":[{"href":"https:\/\/www.bagesturisme.cat\/es\/wp-json\/wp\/v2\/allotjament"}],"about":[{"href":"https:\/\/www.bagesturisme.cat\/es\/wp-json\/wp\/v2\/types\/allotjament"}],"author":[{"embeddable":true,"href":"https:\/\/www.bagesturisme.cat\/es\/wp-json\/wp\/v2\/users\/26"}],"version-history":[{"count":13,"href":"https:\/\/www.bagesturisme.cat\/es\/wp-json\/wp\/v2\/allotjament\/3440\/revisions"}],"predecessor-version":[{"id":9032,"href":"https:\/\/www.bagesturisme.cat\/es\/wp-json\/wp\/v2\/allotjament\/3440\/revisions\/9032"}],"wp:featuredmedia":[{"embeddable":true,"href":"https:\/\/www.bagesturisme.cat\/es\/wp-json\/wp\/v2\/media\/9030"}],"wp:attachment":[{"href":"https:\/\/www.bagesturisme.cat\/es\/wp-json\/wp\/v2\/media?parent=3440"}],"curies":[{"name":"wp","href":"https:\/\/api.w.org\/{rel}","templated":true}]}}

HABITATGE TURÍSTIC CAL MATEU HUTCC 00443

Alojamiento turístico completamente rehabilitado, situado en la planta principal de una casa construida por un “indiano” a principios del s.XX.<br />
“Cal Mateu” está situado en el municipio de Sant Fruitós de Bages, en el centro de Cataluña y ¡cerca de todas partes!<br />
«Cal Mateu» tiene capacidad para seis personas en tres habitaciones dobles. La vivienda ha sido rehabilitada, conservando los elementos decorativos originales (vidrieras, molduras techos, mosaicos hidráulicos &#8230;)<br />
Tiene una superficie de más de 100m2, distribuidos entre recibidor, sala, tres habitaciones, comedor, baño completo, salón, aseo y cocina.<br />
Además, dispone de una terraza, una galería cubierta y tiene acceso directo al jardín, que es compartido con los propietarios.

05habitacio╠üVERDA

05habitacio╠üVERDA.jpg

https://www.bagesturisme.cat/wp-content/uploads/2017/09/05habitacio╠üVERDA.jpg

https://www.bagesturisme.cat/wp-content/uploads/2017/09/05habitacio╠üVERDA-150x150.jpg

https://www.bagesturisme.cat/wp-content/uploads/2017/09/05habitacio╠üVERDA-600x400.jpg

https://www.bagesturisme.cat/wp-content/uploads/2017/09/05habitacio╠üVERDA-768x512.jpg

https://www.bagesturisme.cat/wp-content/uploads/2017/09/05habitacio╠üVERDA-1280x854.jpg
