{"id":2547,"date":"2017-08-01T12:28:40","date_gmt":"2017-08-01T11:28:40","guid":{"rendered":"https:\/\/bagesturisme.cat\/allotjament\/cal-baro-dabella-copy\/"},"modified":"2017-09-25T09:34:03","modified_gmt":"2017-09-25T08:34:03","slug":"cal-baro-dabella-copy","status":"publish","type":"allotjament","link":"https:\/\/www.bagesturisme.cat\/es\/allotjament\/cal-baro-dabella-copy\/","title":{"rendered":"Hotel Rural La Premsa"},"content":{"rendered":"<p>El nom de La Premsa \u00e9s fruit de la important producci\u00f3 d&#8217;oli\u00a0que va funcionar des de pricipis del segle passat fins l&#8217;any 1980. La Premsa, coneguda antigament amb el nom de cal Cots, \u00e9s una masia documentada des de l&#8217;any 1637, per\u00f2 que probablement ja existia l&#8217;any 1307, quan apareixen documentacions sobre la fam\u00edlia propiet\u00e0ria de l&#8217;\u00e8poca, els Calvet.<\/p>\n<p>L&#8217;edifici, avui format per la uni\u00f3 de dues cases diferenciades per\u00f2 connectades, era situat al peu del cam\u00ed que unia Cardona amb Manresa i Vic des d&#8217;abans de l&#8217;any 1000. Com passa amb la majoria de cases pairals, la finca de cal Cots es va construir i rehabilitar en diferents fases, i per aix\u00f2 avui hi conviuen voltes i arcs d&#8217;origen medieval amb obertures renaixentistes i elements decoratius m\u00e9s moderns, alguns del segle XX.<\/p>\n<p>Les nou habitacions amb qu\u00e8 compta La Premsa ocupen les dues plantes que van ser habitades durant segles per les fam\u00edlies que van viure en aquesta masia. La rehabilitaci\u00f3 de l&#8217;edifici ha servit per convertir totes les estances en espaioses habitacions, completament equipades amb tots els elements que garanteixin el confort dels nostres hostes.<\/p>\n","protected":false},"author":10,"featured_media":3830,"template":"","class_list":["post-2547","allotjament","type-allotjament","status-publish","has-post-thumbnail","hentry","municipi-cardona","tipus-allotjament-turisme-rural"],"acf":{"ubicacio":{"address":"Carrer de l\u2019Esglesia, 53, 08261 - La Coromina, Cardona","lat":"41.90925","lng":"1.6956599999999753"},"adreca":"C. de l\u2019Esglesia, 53, Cardona","web":"http:\/\/www.lapremsahotelrural.com","email":"lapremsa@lapremsahotelrural.com","tel":"93 869 17 83","galeria":false},"_links":{"self":[{"href":"https:\/\/www.bagesturisme.cat\/es\/wp-json\/wp\/v2\/allotjament\/2547","targetHints":{"allow":["GET"]}}],"collection":[{"href":"https:\/\/www.bagesturisme.cat\/es\/wp-json\/wp\/v2\/allotjament"}],"about":[{"href":"https:\/\/www.bagesturisme.cat\/es\/wp-json\/wp\/v2\/types\/allotjament"}],"author":[{"embeddable":true,"href":"https:\/\/www.bagesturisme.cat\/es\/wp-json\/wp\/v2\/users\/10"}],"version-history":[{"count":5,"href":"https:\/\/www.bagesturisme.cat\/es\/wp-json\/wp\/v2\/allotjament\/2547\/revisions"}],"predecessor-version":[{"id":3825,"href":"https:\/\/www.bagesturisme.cat\/es\/wp-json\/wp\/v2\/allotjament\/2547\/revisions\/3825"}],"wp:featuredmedia":[{"embeddable":true,"href":"https:\/\/www.bagesturisme.cat\/es\/wp-json\/wp\/v2\/media\/3830"}],"wp:attachment":[{"href":"https:\/\/www.bagesturisme.cat\/es\/wp-json\/wp\/v2\/media?parent=2547"}],"curies":[{"name":"wp","href":"https:\/\/api.w.org\/{rel}","templated":true}]}}

<p>El nom de La Premsa és fruit de la important producció d&#8217;oli que va funcionar des de pricipis del segle passat fins l&#8217;any 1980. La Premsa, coneguda antigament amb el nom de cal Cots, és una masia documentada des de l&#8217;any 1637, però que probablement ja existia l&#8217;any 1307, quan apareixen documentacions sobre la família propietària de l&#8217;època, els Calvet.</p>
<p>L&#8217;edifici, avui format per la unió de dues cases diferenciades però connectades, era situat al peu del camí que unia Cardona amb Manresa i Vic des d&#8217;abans de l&#8217;any 1000. Com passa amb la majoria de cases pairals, la finca de cal Cots es va construir i rehabilitar en diferents fases, i per això avui hi conviuen voltes i arcs d&#8217;origen medieval amb obertures renaixentistes i elements decoratius més moderns, alguns del segle XX.</p>
<p>Les nou habitacions amb què compta La Premsa ocupen les dues plantes que van ser habitades durant segles per les famílies que van viure en aquesta masia. La rehabilitació de l&#8217;edifici ha servit per convertir totes les estances en espaioses habitacions, completament equipades amb tots els elements que garanteixin el confort dels nostres hostes.</p>
