{"id":17527,"date":"2025-12-05T14:41:38","date_gmt":"2025-12-05T13:41:38","guid":{"rendered":"https:\/\/www.bagesturisme.cat\/?post_type=allotjament&#038;p=17527"},"modified":"2025-12-05T14:41:38","modified_gmt":"2025-12-05T13:41:38","slug":"espai-barrina-natura-creativitat","status":"publish","type":"allotjament","link":"https:\/\/www.bagesturisme.cat\/es\/allotjament\/espai-barrina-natura-creativitat\/","title":{"rendered":"Espai Barrina: Natura &amp; Creativitat"},"content":{"rendered":"Espai Barrina es una mas\u00eda viva, arraigada en el legado de quince generaciones y abierta al presente como un espacio de acogida, calma e inspiraci\u00f3n. Un lugar de cocreaci\u00f3n, coworking y coliving donde la sabidur\u00eda de la tierra convive con la innovaci\u00f3n, la proximidad con la creatividad y la tradici\u00f3n con el esp\u00edritu de transformaci\u00f3n.","protected":false},"author":28,"featured_media":17528,"template":"","class_list":["post-17527","allotjament","type-allotjament","status-publish","has-post-thumbnail","hentry","municipi-sant-mateu-de-bages","tipus-allotjament-turisme-rural"],"acf":{"email":"hola@espaibarrina.com","adreca":"Masia Cal Prat Barrina, s\/n","web":"http:\/\/www.espaibarrina.com","tel":"687097281","galeria":false,"ubicacio":false},"_links":{"self":[{"href":"https:\/\/www.bagesturisme.cat\/es\/wp-json\/wp\/v2\/allotjament\/17527","targetHints":{"allow":["GET"]}}],"collection":[{"href":"https:\/\/www.bagesturisme.cat\/es\/wp-json\/wp\/v2\/allotjament"}],"about":[{"href":"https:\/\/www.bagesturisme.cat\/es\/wp-json\/wp\/v2\/types\/allotjament"}],"author":[{"embeddable":true,"href":"https:\/\/www.bagesturisme.cat\/es\/wp-json\/wp\/v2\/users\/28"}],"version-history":[{"count":1,"href":"https:\/\/www.bagesturisme.cat\/es\/wp-json\/wp\/v2\/allotjament\/17527\/revisions"}],"predecessor-version":[{"id":17529,"href":"https:\/\/www.bagesturisme.cat\/es\/wp-json\/wp\/v2\/allotjament\/17527\/revisions\/17529"}],"wp:featuredmedia":[{"embeddable":true,"href":"https:\/\/www.bagesturisme.cat\/es\/wp-json\/wp\/v2\/media\/17528"}],"wp:attachment":[{"href":"https:\/\/www.bagesturisme.cat\/es\/wp-json\/wp\/v2\/media?parent=17527"}],"curies":[{"name":"wp","href":"https:\/\/api.w.org\/{rel}","templated":true}]}}

Espai Barrina es una masía viva, arraigada en el legado de quince generaciones y abierta al presente como un espacio de acogida, calma e inspiración. Un lugar de cocreación, coworking y coliving donde la sabiduría de la tierra convive con la innovación, la proximidad con la creatividad y la tradición con el espíritu de transformación.
