{"id":16,"date":"2016-12-15T13:09:56","date_gmt":"2016-12-15T12:09:56","guid":{"rendered":"https:\/\/bagesturisme.cat\/allotjament\/ca-lasenegre\/"},"modified":"2021-02-12T10:43:54","modified_gmt":"2021-02-12T09:43:54","slug":"la-cabana-de-castelltallat","status":"publish","type":"allotjament","link":"https:\/\/www.bagesturisme.cat\/es\/allotjament\/la-cabana-de-castelltallat\/","title":{"rendered":"Cal Marquet"},"content":{"rendered":"Cal Marquet \u00e9s una masia rural situada en un ambient tranquil, entre natura, al centre de Catalunya, entre el Bages i el Solson\u00e8s, m\u00e9s concretament a la Serra de Castelltallat. La major part de la serralada pertany al municipi de Sant Mateu de Bages.<br \/>\nLa masia \u00e9s una antic mas restaurat en estil r\u00fastic que barreja elements tradicionals amb altres actuals a fi de crear un ambient acollidor.<\/p>\n<p>Capacitat m\u00e0xima 10 persones<\/p>\n<p>&#8211; 5 habitacions<\/p>\n<p>&#8211; 3 banys exteriors compartits<\/p>\n<p>&#8211; Rentadora<\/p>\n<p>&#8211; Llar de foc<\/p>\n<p>&#8211; TV<\/p>\n<p>&#8211; Piscina<\/p>\n<p>&#8211; Barbacoa<\/p>\n<p>Admeten animalsCal Marquet \u00e9s una masia rural situada en un ambient tranquil, entre natura, al centre de Catalunya, entre el Bages i el Solson\u00e8s, m\u00e9s concretament a la Serra de Castelltallat. La major part de la serralada pertany al municipi de Sant Mateu de Bages.<br \/>\nLa masia \u00e9s una antic mas restaurat en estil r\u00fastic que barreja elements tradicionals amb altres actuals a fi de crear un ambient acollidor.<\/p>\n<p>Capacitat m\u00e0xima 10 persones<\/p>\n<p>&#8211; 5 habitacions<\/p>\n<p>&#8211; 3 banys exteriors compartits<\/p>\n<p>&#8211; Rentadora<\/p>\n<p>&#8211; Llar de foc<\/p>\n<p>&#8211; TV<\/p>\n<p>&#8211; Piscina<\/p>\n<p>&#8211; Barbacoa<\/p>\n<p>Admeten animals","protected":false},"author":28,"featured_media":8812,"template":"","class_list":["post-16","allotjament","type-allotjament","status-publish","has-post-thumbnail","hentry","municipi-sant-mateu-de-bages","tipus-allotjament-turisme-rural"],"acf":{"ubicacio":{"address":"Cal Marquet S\/N. 08263 (St. Mateu de Bages)","lat":"41.81889899999999","lng":"1.6174800000000005"},"adreca":"Cal Marquet, s\/n, 08263 Castelltallat","web":"http:\/\/www.calmarquet.net","email":"calmarquet@calmarquet.net","tel":"93 743 30 52","galeria":false},"_links":{"self":[{"href":"https:\/\/www.bagesturisme.cat\/es\/wp-json\/wp\/v2\/allotjament\/16","targetHints":{"allow":["GET"]}}],"collection":[{"href":"https:\/\/www.bagesturisme.cat\/es\/wp-json\/wp\/v2\/allotjament"}],"about":[{"href":"https:\/\/www.bagesturisme.cat\/es\/wp-json\/wp\/v2\/types\/allotjament"}],"author":[{"embeddable":true,"href":"https:\/\/www.bagesturisme.cat\/es\/wp-json\/wp\/v2\/users\/28"}],"version-history":[{"count":14,"href":"https:\/\/www.bagesturisme.cat\/es\/wp-json\/wp\/v2\/allotjament\/16\/revisions"}],"predecessor-version":[{"id":8814,"href":"https:\/\/www.bagesturisme.cat\/es\/wp-json\/wp\/v2\/allotjament\/16\/revisions\/8814"}],"wp:featuredmedia":[{"embeddable":true,"href":"https:\/\/www.bagesturisme.cat\/es\/wp-json\/wp\/v2\/media\/8812"}],"wp:attachment":[{"href":"https:\/\/www.bagesturisme.cat\/es\/wp-json\/wp\/v2\/media?parent=16"}],"curies":[{"name":"wp","href":"https:\/\/api.w.org\/{rel}","templated":true}]}}

Cal Marquet és una masia rural situada en un ambient tranquil, entre natura, al centre de Catalunya, entre el Bages i el Solsonès, més concretament a la Serra de Castelltallat. La major part de la serralada pertany al municipi de Sant Mateu de Bages.<br />
La masia és una antic mas restaurat en estil rústic que barreja elements tradicionals amb altres actuals a fi de crear un ambient acollidor.</p>
<p>Capacitat màxima 10 persones</p>
<p>&#8211; 5 habitacions</p>
<p>&#8211; 3 banys exteriors compartits</p>
<p>&#8211; Rentadora</p>
<p>&#8211; Llar de foc</p>
<p>&#8211; TV</p>
<p>&#8211; Piscina</p>
<p>&#8211; Barbacoa</p>
<p>Admeten animalsCal Marquet és una masia rural situada en un ambient tranquil, entre natura, al centre de Catalunya, entre el Bages i el Solsonès, més concretament a la Serra de Castelltallat. La major part de la serralada pertany al municipi de Sant Mateu de Bages.<br />
La masia és una antic mas restaurat en estil rústic que barreja elements tradicionals amb altres actuals a fi de crear un ambient acollidor.</p>
<p>Capacitat màxima 10 persones</p>
<p>&#8211; 5 habitacions</p>
<p>&#8211; 3 banys exteriors compartits</p>
<p>&#8211; Rentadora</p>
<p>&#8211; Llar de foc</p>
<p>&#8211; TV</p>
<p>&#8211; Piscina</p>
<p>&#8211; Barbacoa</p>
<p>Admeten animals
