{"id":15,"date":"2016-12-15T13:09:56","date_gmt":"2016-12-15T12:09:56","guid":{"rendered":"https:\/\/bagesturisme.cat\/allotjament\/apartaments-cal-carter\/"},"modified":"2021-04-07T11:27:38","modified_gmt":"2021-04-07T10:27:38","slug":"apartaments-cal-carter","status":"publish","type":"allotjament","link":"https:\/\/www.bagesturisme.cat\/es\/allotjament\/apartaments-cal-carter\/","title":{"rendered":"Apartaments Cal Carter"},"content":{"rendered":"<p style=\"text-align: justify;\">Mura \u00e9s un petit poble pintoresc que el podem localitzar al sud-est de la comarca del Bages i al nord-oest del Vall\u00e8s Occidental. Est\u00e0 situat a 454m d&#8217;altitud en ple Parc Natural de Sant Lloren\u00e7 del Munt i l&#8217;Obac i al vell mig de les valls del Montcau.<\/p>\n<p>Els apartaments de Cal Carter estan dissenyats seguint una l\u00ednia d&#8217;ambients espaiosos, c\u00e0lids i confortables amb una forta inspiraci\u00f3 tradicional. T\u00e9 servei de restaurant.\u00a0Es tracta d&#8217;un conjunt 3 apartaments, totalment equipats, dos d&#8217;ells amb capacitat per a\u00a0 6 persones i l&#8217;altre per a 5. Disposen de bany, cuina, sal\u00f3-menjador amb llar de foc, calefacci\u00f3 i TV.<\/p>\n<p>Aquests apartaments es poden llogar per dies, i a menys persones de la capacitat\u00a0 que aquests apartaments tenen.<\/p>\n<p>&#8211; Bar<\/p>\n<p>&#8211; Restaurant servei mitja pensi\u00f3, complerta i a la carta<\/p>\n<p>&#8211; P\u00e0rquing<\/p>\n<p>&#8211; Calefacci\u00f3<\/p>\n<p>&#8211; Televisi\u00f3<\/p>\n<p>&#8211; Bany complert<\/p>\n<p>&#8211; Balc\u00f3<\/p>\n<p>&#8211; Llar de foc","protected":false},"author":19,"featured_media":9041,"template":"","class_list":["post-15","allotjament","type-allotjament","status-publish","has-post-thumbnail","hentry","municipi-fonollosa","indicadors-pagament-amb-targeta","tipus-allotjament-apartament"],"acf":{"ubicacio":{"address":"C\/ Puig-gili, 2-5, 08278 Mura","lat":"41.6999799","lng":"1.9760200000000623"},"adreca":"C. Puig-gili, 2-5, Mura","web":"http:\/\/www.calcarter.net","email":"apartaments@calcarter.net","tel":"93 831 70 36 \u00b7 93 831 73 36","galeria":false},"_links":{"self":[{"href":"https:\/\/www.bagesturisme.cat\/es\/wp-json\/wp\/v2\/allotjament\/15","targetHints":{"allow":["GET"]}}],"collection":[{"href":"https:\/\/www.bagesturisme.cat\/es\/wp-json\/wp\/v2\/allotjament"}],"about":[{"href":"https:\/\/www.bagesturisme.cat\/es\/wp-json\/wp\/v2\/types\/allotjament"}],"author":[{"embeddable":true,"href":"https:\/\/www.bagesturisme.cat\/es\/wp-json\/wp\/v2\/users\/19"}],"version-history":[{"count":13,"href":"https:\/\/www.bagesturisme.cat\/es\/wp-json\/wp\/v2\/allotjament\/15\/revisions"}],"predecessor-version":[{"id":9776,"href":"https:\/\/www.bagesturisme.cat\/es\/wp-json\/wp\/v2\/allotjament\/15\/revisions\/9776"}],"wp:featuredmedia":[{"embeddable":true,"href":"https:\/\/www.bagesturisme.cat\/es\/wp-json\/wp\/v2\/media\/9041"}],"wp:attachment":[{"href":"https:\/\/www.bagesturisme.cat\/es\/wp-json\/wp\/v2\/media?parent=15"}],"curies":[{"name":"wp","href":"https:\/\/api.w.org\/{rel}","templated":true}]}}

<p style="text-align: justify;">Mura és un petit poble pintoresc que el podem localitzar al sud-est de la comarca del Bages i al nord-oest del Vallès Occidental. Està situat a 454m d&#8217;altitud en ple Parc Natural de Sant Llorenç del Munt i l&#8217;Obac i al vell mig de les valls del Montcau.</p>
<p>Els apartaments de Cal Carter estan dissenyats seguint una línia d&#8217;ambients espaiosos, càlids i confortables amb una forta inspiració tradicional. Té servei de restaurant. Es tracta d&#8217;un conjunt 3 apartaments, totalment equipats, dos d&#8217;ells amb capacitat per a  6 persones i l&#8217;altre per a 5. Disposen de bany, cuina, saló-menjador amb llar de foc, calefacció i TV.</p>
<p>Aquests apartaments es poden llogar per dies, i a menys persones de la capacitat  que aquests apartaments tenen.</p>
<p>&#8211; Bar</p>
<p>&#8211; Restaurant servei mitja pensió, complerta i a la carta</p>
<p>&#8211; Pàrquing</p>
<p>&#8211; Calefacció</p>
<p>&#8211; Televisió</p>
<p>&#8211; Bany complert</p>
<p>&#8211; Balcó</p>
<p>&#8211; Llar de foc
