{"id":14416,"date":"2024-07-04T10:07:37","date_gmt":"2024-07-04T09:07:37","guid":{"rendered":"https:\/\/bagesturisme.cat\/allotjament\/area-de-servei-autocaravanes-torre-roca-copy\/"},"modified":"2024-07-09T07:32:34","modified_gmt":"2024-07-09T06:32:34","slug":"area-de-servei-autocaravanes-manresa","status":"publish","type":"allotjament","link":"https:\/\/www.bagesturisme.cat\/es\/allotjament\/area-de-servei-autocaravanes-manresa\/","title":{"rendered":"\u00c1rea de autocaravanas Manresa"},"content":{"rendered":"\u00c1rea de servicio y pernoctaci\u00f3n para autocaravanas en la zona deportiva El Congost, a las afueras de Manresa.<\/p>\n<h4><strong>UBICACI\u00d3N<\/strong><\/h4>\n<ul>\n<li><a href=\"https:\/\/maps.app.goo.gl\/ocf7zkp2pSvTsFLd9\">Mapa<\/a><\/li>\n<li><a href=\"https:\/\/park4night.com\/es\/place\/75190\">Park4Night<\/a><\/li>\n<li>Coordenadas: NN 41\u00b043\u201930.3204\u201d E 1\u00b048\u201937.7892\u201d<\/li>\n<\/ul>\n<h4><strong>SERVICIOS<\/strong><\/h4>\n<ul>\n<li>Descarga de aguas grises y negras<\/li>\n<li>Carga de aguas limpias<\/li>\n<li>Aparcamiento y pernocta (m\u00e1ximo 72h)<\/li>\n<\/ul>\n<h3>SERVICIOS COMPLEMETARIOS<\/h3>\n<ul>\n<li>Polideportivo Nou Congost<\/li>\n<li><a href=\"https:\/\/bagesturisme.cat\/restauracio\/?m=manresa&amp;r=&amp;c=\">Restauraci\u00f3n<\/a><\/li>\n<li><a href=\"https:\/\/bagesturisme.cat\/activitats\/cultura\/?m=manresa&amp;c=\">Patrimonio Cultural<\/a><\/li>\n<li><a href=\"https:\/\/bagesturisme.cat\/rutes\/?m=manresa&amp;d=\">Rutas<\/a><\/li>\n<\/ul>","protected":false},"author":2,"featured_media":11234,"template":"","class_list":["post-14416","allotjament","type-allotjament","status-publish","has-post-thumbnail","hentry","municipi-manresa","tipus-allotjament-area-dautocaravanes"],"acf":{"galeria":false,"adreca":"Camp de Futbol de la Coromina","web":"http:\/\/www.manresaturisme.cat\/esp\/article\/15793-zona-d-autocaravanes-el-congost","email":" turisme@manresaturisme.cat","tel":"93 878 23 00","ubicacio":false},"_links":{"self":[{"href":"https:\/\/www.bagesturisme.cat\/es\/wp-json\/wp\/v2\/allotjament\/14416","targetHints":{"allow":["GET"]}}],"collection":[{"href":"https:\/\/www.bagesturisme.cat\/es\/wp-json\/wp\/v2\/allotjament"}],"about":[{"href":"https:\/\/www.bagesturisme.cat\/es\/wp-json\/wp\/v2\/types\/allotjament"}],"author":[{"embeddable":true,"href":"https:\/\/www.bagesturisme.cat\/es\/wp-json\/wp\/v2\/users\/2"}],"version-history":[{"count":5,"href":"https:\/\/www.bagesturisme.cat\/es\/wp-json\/wp\/v2\/allotjament\/14416\/revisions"}],"predecessor-version":[{"id":14421,"href":"https:\/\/www.bagesturisme.cat\/es\/wp-json\/wp\/v2\/allotjament\/14416\/revisions\/14421"}],"wp:featuredmedia":[{"embeddable":true,"href":"https:\/\/www.bagesturisme.cat\/es\/wp-json\/wp\/v2\/media\/11234"}],"wp:attachment":[{"href":"https:\/\/www.bagesturisme.cat\/es\/wp-json\/wp\/v2\/media?parent=14416"}],"curies":[{"name":"wp","href":"https:\/\/api.w.org\/{rel}","templated":true}]}}

Área de autocaravanas Manresa

Área de servicio y pernoctación para autocaravanas en la zona deportiva El Congost, a las afueras de Manresa.</p>
<h4><strong>UBICACIÓN</strong></h4>
<ul>
<li><a href="https://maps.app.goo.gl/ocf7zkp2pSvTsFLd9">Mapa</a></li>
<li><a href="https://park4night.com/es/place/75190">Park4Night</a></li>
<li>Coordenadas: NN 41°43’30.3204” E 1°48’37.7892”</li>
</ul>
<h4><strong>SERVICIOS</strong></h4>
<ul>
<li>Descarga de aguas grises y negras</li>
<li>Carga de aguas limpias</li>
<li>Aparcamiento y pernocta (máximo 72h)</li>
</ul>
<h3>SERVICIOS COMPLEMETARIOS</h3>
<ul>
<li>Polideportivo Nou Congost</li>
<li><a href="https://bagesturisme.cat/restauracio/?m=manresa&amp;r=&amp;c=">Restauración</a></li>
<li><a href="https://bagesturisme.cat/activitats/cultura/?m=manresa&amp;c=">Patrimonio Cultural</a></li>
<li><a href="https://bagesturisme.cat/rutes/?m=manresa&amp;d=">Rutas</a></li>
</ul>
