{"id":14404,"date":"2024-07-04T09:41:49","date_gmt":"2024-07-04T08:41:49","guid":{"rendered":"https:\/\/bagesturisme.cat\/allotjament\/area-de-servei-autocaravanes-sallent-copy\/"},"modified":"2024-07-04T10:00:29","modified_gmt":"2024-07-04T09:00:29","slug":"area-de-servei-autocaravanes-torre-roca","status":"publish","type":"allotjament","link":"https:\/\/www.bagesturisme.cat\/es\/allotjament\/area-de-servei-autocaravanes-torre-roca\/","title":{"rendered":"\u00c1rea de autocaravanas Sallent-Balsareny (La Torre d&#8217;en Roca)"},"content":{"rendered":"\u00c1rea de servicio y pernoctaci\u00f3n para autocaravanas en el Parking de La Torre d&#8217;en Roca (agrotienda y restaurante) en la Carretera de Sallent a Balsareny.<\/p>\n<h4><strong>UBICACI\u00d3N<\/strong><\/h4>\n<ul>\n<li><a href=\"https:\/\/maps.app.goo.gl\/quwFjPKE2TKEhMCi8\">Mapa<\/a><\/li>\n<li><a href=\"https:\/\/park4night.com\/es\/place\/304262\">Park4Night<\/a><\/li>\n<li>Coordenadas: N 41\u00b050\u20193.0552\u201d E 1\u00b052\u201936.1416\u201d<\/li>\n<\/ul>\n<p><strong>SERVICIOS<\/strong><\/p>\n<ul>\n<li>Punto de luz y agua gratuitos<\/li>\n<li>Aparcamiento y pernocta<\/li>\n<\/ul>\n<h3>SERVICIOS COMPELMENTARIOS<\/h3>\n<ul>\n<li>Agrotienda y Restaurante La Torre d&#8217;en Roca<\/li>\n<li><a href=\"https:\/\/bagesturisme.cat\/restauracio\/?m=sallent&amp;r=&amp;c=\">Restauraci\u00f3n<\/a><\/li>\n<li><a href=\"https:\/\/bagesturisme.cat\/activitats\/cultura\/?m=sallent&amp;c=\">Patrimonio Cultural<\/a><\/li>\n<li><a href=\"https:\/\/bagesturisme.cat\/rutes\/?m=sallent&amp;d=\">Rutas en el entorno<\/a><\/li>\n<\/ul>","protected":false},"author":7,"featured_media":11234,"template":"","class_list":["post-14404","allotjament","type-allotjament","status-publish","has-post-thumbnail","hentry","municipi-sallent","municipi-balsareny","tipus-allotjament-area-dautocaravanes"],"acf":{"galeria":false,"adreca":"Camp de Futbol de la Coromina","web":"http:\/\/www.rebostdelatorre.cat","email":"elrebostdelatorre@gmail.com","tel":"667 150 150","ubicacio":false},"_links":{"self":[{"href":"https:\/\/www.bagesturisme.cat\/es\/wp-json\/wp\/v2\/allotjament\/14404","targetHints":{"allow":["GET"]}}],"collection":[{"href":"https:\/\/www.bagesturisme.cat\/es\/wp-json\/wp\/v2\/allotjament"}],"about":[{"href":"https:\/\/www.bagesturisme.cat\/es\/wp-json\/wp\/v2\/types\/allotjament"}],"author":[{"embeddable":true,"href":"https:\/\/www.bagesturisme.cat\/es\/wp-json\/wp\/v2\/users\/7"}],"version-history":[{"count":11,"href":"https:\/\/www.bagesturisme.cat\/es\/wp-json\/wp\/v2\/allotjament\/14404\/revisions"}],"predecessor-version":[{"id":14415,"href":"https:\/\/www.bagesturisme.cat\/es\/wp-json\/wp\/v2\/allotjament\/14404\/revisions\/14415"}],"wp:featuredmedia":[{"embeddable":true,"href":"https:\/\/www.bagesturisme.cat\/es\/wp-json\/wp\/v2\/media\/11234"}],"wp:attachment":[{"href":"https:\/\/www.bagesturisme.cat\/es\/wp-json\/wp\/v2\/media?parent=14404"}],"curies":[{"name":"wp","href":"https:\/\/api.w.org\/{rel}","templated":true}]}}

Área de autocaravanas Sallent-Balsareny (La Torre d&#8217;en Roca)

Área de servicio y pernoctación para autocaravanas en el Parking de La Torre d&#8217;en Roca (agrotienda y restaurante) en la Carretera de Sallent a Balsareny.</p>
<h4><strong>UBICACIÓN</strong></h4>
<ul>
<li><a href="https://maps.app.goo.gl/quwFjPKE2TKEhMCi8">Mapa</a></li>
<li><a href="https://park4night.com/es/place/304262">Park4Night</a></li>
<li>Coordenadas: N 41°50’3.0552” E 1°52’36.1416”</li>
</ul>
<p><strong>SERVICIOS</strong></p>
<ul>
<li>Punto de luz y agua gratuitos</li>
<li>Aparcamiento y pernocta</li>
</ul>
<h3>SERVICIOS COMPELMENTARIOS</h3>
<ul>
<li>Agrotienda y Restaurante La Torre d&#8217;en Roca</li>
<li><a href="https://bagesturisme.cat/restauracio/?m=sallent&amp;r=&amp;c=">Restauración</a></li>
<li><a href="https://bagesturisme.cat/activitats/cultura/?m=sallent&amp;c=">Patrimonio Cultural</a></li>
<li><a href="https://bagesturisme.cat/rutes/?m=sallent&amp;d=">Rutas en el entorno</a></li>
</ul>
