{"id":14,"date":"2016-12-15T13:09:56","date_gmt":"2016-12-15T12:09:56","guid":{"rendered":"https:\/\/bagesturisme.cat\/allotjament\/alberg-viladoms-de-baix\/"},"modified":"2021-02-05T14:56:20","modified_gmt":"2021-02-05T13:56:20","slug":"alberg-viladoms-baix","status":"publish","type":"allotjament","link":"https:\/\/www.bagesturisme.cat\/es\/allotjament\/alberg-viladoms-baix\/","title":{"rendered":"Alberg Viladoms de Baix"},"content":{"rendered":"Viladoms de Baix pertany al terme municipal de Castellbell i el Vilar, situat al sud de la comarca del Bages, tocant al Vall\u00e8s Occidental. Aquest terme de quatre nuclis de cases, la Vall de Montserrat, conforma un paisatge ben caracter\u00edstic amb una extraordin\u00e0ria panor\u00e0mica de la muntanya de Montserrat, la qual fou declarada Parc Natural el 1987.<\/p>\n<p>L&#8217;edificaci\u00f3 amb un estil modern i futurista, obra de l&#8217;arquitecte Carles Ferrater, \u00e9s una remodelaci\u00f3 integral i est\u00e0 formada per un conjunt de m\u00f2duls- casetes que constitueixen les sales, el menjador i les habitacions de 4, 6 i 8 places amb bany complet incorporat.<br \/>\n<b><br \/>\nCapacitat:<\/b> 90 places<\/p>\n<p><b>Instal\u00b7lacions i serveis:<\/b><br \/>\n1 edifici amb 4 habitacions de 8 places.<br \/>\n3 m\u00f2duls- casetes de 6 places.<br \/>\n1 edifici amb 4 habitacions de 4 places.<br \/>\n3 m\u00f2duls- casetes amb 2 habitacions de 4 places cada un.<br \/>\nHabitacions amb sanitari adaptat.<br \/>\n1 edifici menjador.<br \/>\n1 sala d&#8217;estar- recepci\u00f3.<br \/>\n3 sales convertibles en una gran sala.<br \/>\nCalefacci\u00f3.<br \/>\nTel\u00e8fon p\u00fablic.<br \/>\nServei de bugaderia.<br \/>\n\u00c0mplies zones de bosc.<br \/>\nActivitats educatives sobre tem\u00e0tica ambiental.<br \/>\nInstal\u00b7lacions esportives: pista de b\u00e0squet, pista de voleibol i taules de ping pong.<br \/>\nPiscina amb grua.<br \/>\nWi-fi.Viladoms de Baix pertany al terme municipal de Castellbell i el Vilar, situat al sud de la comarca del Bages, tocant al Vall\u00e8s Occidental. Aquest terme de quatre nuclis de cases, la Vall de Montserrat, conforma un paisatge ben caracter\u00edstic amb una extraordin\u00e0ria panor\u00e0mica de la muntanya de Montserrat, la qual fou declarada Parc Natural el 1987.<\/p>\n<p>L&#8217;edificaci\u00f3 amb un estil modern i futurista, obra de l&#8217;arquitecte Carles Ferrater, \u00e9s una remodelaci\u00f3 integral i est\u00e0 formada per un conjunt de m\u00f2duls- casetes que constitueixen les sales, el menjador i les habitacions de 4, 6 i 8 places amb bany complet incorporat.<br \/>\n<b><br \/>\nCapacitat:<\/b> 90 places<\/p>\n<p><b>Instal\u00b7lacions i serveis:<\/b><br \/>\n1 edifici amb 4 habitacions de 8 places.<br \/>\n3 m\u00f2duls- casetes de 6 places.<br \/>\n1 edifici amb 4 habitacions de 4 places.<br \/>\n3 m\u00f2duls- casetes amb 2 habitacions de 4 places cada un.<br \/>\nHabitacions amb sanitari adaptat.<br \/>\n1 edifici menjador.<br \/>\n1 sala d&#8217;estar- recepci\u00f3.<br \/>\n3 sales convertibles en una gran sala.<br \/>\nCalefacci\u00f3.<br \/>\nTel\u00e8fon p\u00fablic.<br \/>\nServei de bugaderia.<br \/>\n\u00c0mplies zones de bosc.<br \/>\nActivitats educatives sobre tem\u00e0tica ambiental.<br \/>\nInstal\u00b7lacions esportives: pista de b\u00e0squet, pista de voleibol i taules de ping pong.<br \/>\nPiscina amb grua.<br \/>\nWi-fi.","protected":false},"author":11,"featured_media":8718,"template":"","class_list":["post-14","allotjament","type-allotjament","status-publish","has-post-thumbnail","hentry","municipi-castellbell-i-el-vilar","tipus-allotjament-alberg-refugi"],"acf":{"ubicacio":{"address":"Alberg Viladoms de Baix","lat":"41.6155719","lng":"1.888237600000025"},"adreca":"Ctra. de la Bauma - Vacarisses, Km 5'150, Castellbell i el Vilar","web":"https:\/\/cases.fundesplai.org","email":"casesdecolonies@fundesplai.org","tel":"93 474 46 78","galeria":[{"ID":8717,"id":8717,"title":"Viladoms_Habitacions-1200x675","filename":"Viladoms_Habitacions-1200x675-1.jpg","filesize":96494,"url":"https:\/\/www.bagesturisme.cat\/wp-content\/uploads\/2016\/12\/Viladoms_Habitacions-1200x675-1.jpg","link":"https:\/\/www.bagesturisme.cat\/es\/allotjament\/alberg-viladoms-baix\/viladoms_habitacions-1200x675\/","alt":"","author":"3","description":"","caption":"","name":"viladoms_habitacions-1200x675","status":"inherit","uploaded_to":14,"date":"2021-02-05 13:56:07","modified":"2021-02-05 13:56:10","menu_order":0,"mime_type":"image\/jpeg","type":"image","subtype":"jpeg","icon":"https:\/\/www.bagesturisme.cat\/wp-includes\/images\/media\/default.png","width":1200,"height":675,"sizes":{"thumbnail":"https:\/\/www.bagesturisme.cat\/wp-content\/uploads\/2016\/12\/Viladoms_Habitacions-1200x675-1-150x150.jpg","thumbnail-width":150,"thumbnail-height":150,"medium":"https:\/\/www.bagesturisme.cat\/wp-content\/uploads\/2016\/12\/Viladoms_Habitacions-1200x675-1-711x400.jpg","medium-width":711,"medium-height":400,"medium_large":"https:\/\/www.bagesturisme.cat\/wp-content\/uploads\/2016\/12\/Viladoms_Habitacions-1200x675-1-768x432.jpg","medium_large-width":768,"medium_large-height":432,"large":"https:\/\/www.bagesturisme.cat\/wp-content\/uploads\/2016\/12\/Viladoms_Habitacions-1200x675-1.jpg","large-width":1170,"large-height":658,"1536x1536":"https:\/\/www.bagesturisme.cat\/wp-content\/uploads\/2016\/12\/Viladoms_Habitacions-1200x675-1.jpg","1536x1536-width":1200,"1536x1536-height":675,"2048x2048":"https:\/\/www.bagesturisme.cat\/wp-content\/uploads\/2016\/12\/Viladoms_Habitacions-1200x675-1.jpg","2048x2048-width":1200,"2048x2048-height":675,"blog-large":"https:\/\/www.bagesturisme.cat\/wp-content\/uploads\/2016\/12\/Viladoms_Habitacions-1200x675-1.jpg","blog-large-width":484,"blog-large-height":272,"blog-medium":"https:\/\/www.bagesturisme.cat\/wp-content\/uploads\/2016\/12\/Viladoms_Habitacions-1200x675-1.jpg","blog-medium-width":320,"blog-medium-height":180,"recent-posts":"https:\/\/www.bagesturisme.cat\/wp-content\/uploads\/2016\/12\/Viladoms_Habitacions-1200x675-1.jpg","recent-posts-width":700,"recent-posts-height":394,"recent-works-thumbnail":"https:\/\/www.bagesturisme.cat\/wp-content\/uploads\/2016\/12\/Viladoms_Habitacions-1200x675-1.jpg","recent-works-thumbnail-width":66,"recent-works-thumbnail-height":37,"fusion-200":"https:\/\/www.bagesturisme.cat\/wp-content\/uploads\/2016\/12\/Viladoms_Habitacions-1200x675-1.jpg","fusion-200-width":200,"fusion-200-height":113,"fusion-400":"https:\/\/www.bagesturisme.cat\/wp-content\/uploads\/2016\/12\/Viladoms_Habitacions-1200x675-1.jpg","fusion-400-width":400,"fusion-400-height":225,"fusion-600":"https:\/\/www.bagesturisme.cat\/wp-content\/uploads\/2016\/12\/Viladoms_Habitacions-1200x675-1.jpg","fusion-600-width":600,"fusion-600-height":338,"fusion-800":"https:\/\/www.bagesturisme.cat\/wp-content\/uploads\/2016\/12\/Viladoms_Habitacions-1200x675-1.jpg","fusion-800-width":800,"fusion-800-height":450,"fusion-1200":"https:\/\/www.bagesturisme.cat\/wp-content\/uploads\/2016\/12\/Viladoms_Habitacions-1200x675-1.jpg","fusion-1200-width":1200,"fusion-1200-height":675,"portfolio-full":"https:\/\/www.bagesturisme.cat\/wp-content\/uploads\/2016\/12\/Viladoms_Habitacions-1200x675-1.jpg","portfolio-full-width":711,"portfolio-full-height":400,"portfolio-one":"https:\/\/www.bagesturisme.cat\/wp-content\/uploads\/2016\/12\/Viladoms_Habitacions-1200x675-1.jpg","portfolio-one-width":484,"portfolio-one-height":272,"portfolio-two":"https:\/\/www.bagesturisme.cat\/wp-content\/uploads\/2016\/12\/Viladoms_Habitacions-1200x675-1.jpg","portfolio-two-width":460,"portfolio-two-height":259,"portfolio-three":"https:\/\/www.bagesturisme.cat\/wp-content\/uploads\/2016\/12\/Viladoms_Habitacions-1200x675-1.jpg","portfolio-three-width":300,"portfolio-three-height":169,"portfolio-five":"https:\/\/www.bagesturisme.cat\/wp-content\/uploads\/2016\/12\/Viladoms_Habitacions-1200x675-1.jpg","portfolio-five-width":177,"portfolio-five-height":100}},{"ID":8718,"id":8718,"title":"Viladoms_Exterior_4-1200x675","filename":"Viladoms_Exterior_4-1200x675-1.jpg","filesize":183719,"url":"https:\/\/www.bagesturisme.cat\/wp-content\/uploads\/2016\/12\/Viladoms_Exterior_4-1200x675-1.jpg","link":"https:\/\/www.bagesturisme.cat\/es\/allotjament\/alberg-viladoms-baix\/viladoms_exterior_4-1200x675-3\/","alt":"","author":"3","description":"","caption":"","name":"viladoms_exterior_4-1200x675-3","status":"inherit","uploaded_to":14,"date":"2021-02-05 13:56:08","modified":"2021-02-05 13:56:08","menu_order":0,"mime_type":"image\/jpeg","type":"image","subtype":"jpeg","icon":"https:\/\/www.bagesturisme.cat\/wp-includes\/images\/media\/default.png","width":1200,"height":675,"sizes":{"thumbnail":"https:\/\/www.bagesturisme.cat\/wp-content\/uploads\/2016\/12\/Viladoms_Exterior_4-1200x675-1-150x150.jpg","thumbnail-width":150,"thumbnail-height":150,"medium":"https:\/\/www.bagesturisme.cat\/wp-content\/uploads\/2016\/12\/Viladoms_Exterior_4-1200x675-1-711x400.jpg","medium-width":711,"medium-height":400,"medium_large":"https:\/\/www.bagesturisme.cat\/wp-content\/uploads\/2016\/12\/Viladoms_Exterior_4-1200x675-1-768x432.jpg","medium_large-width":768,"medium_large-height":432,"large":"https:\/\/www.bagesturisme.cat\/wp-content\/uploads\/2016\/12\/Viladoms_Exterior_4-1200x675-1.jpg","large-width":1170,"large-height":658,"1536x1536":"https:\/\/www.bagesturisme.cat\/wp-content\/uploads\/2016\/12\/Viladoms_Exterior_4-1200x675-1.jpg","1536x1536-width":1200,"1536x1536-height":675,"2048x2048":"https:\/\/www.bagesturisme.cat\/wp-content\/uploads\/2016\/12\/Viladoms_Exterior_4-1200x675-1.jpg","2048x2048-width":1200,"2048x2048-height":675,"blog-large":"https:\/\/www.bagesturisme.cat\/wp-content\/uploads\/2016\/12\/Viladoms_Exterior_4-1200x675-1.jpg","blog-large-width":484,"blog-large-height":272,"blog-medium":"https:\/\/www.bagesturisme.cat\/wp-content\/uploads\/2016\/12\/Viladoms_Exterior_4-1200x675-1.jpg","blog-medium-width":320,"blog-medium-height":180,"recent-posts":"https:\/\/www.bagesturisme.cat\/wp-content\/uploads\/2016\/12\/Viladoms_Exterior_4-1200x675-1.jpg","recent-posts-width":700,"recent-posts-height":394,"recent-works-thumbnail":"https:\/\/www.bagesturisme.cat\/wp-content\/uploads\/2016\/12\/Viladoms_Exterior_4-1200x675-1.jpg","recent-works-thumbnail-width":66,"recent-works-thumbnail-height":37,"fusion-200":"https:\/\/www.bagesturisme.cat\/wp-content\/uploads\/2016\/12\/Viladoms_Exterior_4-1200x675-1.jpg","fusion-200-width":200,"fusion-200-height":113,"fusion-400":"https:\/\/www.bagesturisme.cat\/wp-content\/uploads\/2016\/12\/Viladoms_Exterior_4-1200x675-1.jpg","fusion-400-width":400,"fusion-400-height":225,"fusion-600":"https:\/\/www.bagesturisme.cat\/wp-content\/uploads\/2016\/12\/Viladoms_Exterior_4-1200x675-1.jpg","fusion-600-width":600,"fusion-600-height":338,"fusion-800":"https:\/\/www.bagesturisme.cat\/wp-content\/uploads\/2016\/12\/Viladoms_Exterior_4-1200x675-1.jpg","fusion-800-width":800,"fusion-800-height":450,"fusion-1200":"https:\/\/www.bagesturisme.cat\/wp-content\/uploads\/2016\/12\/Viladoms_Exterior_4-1200x675-1.jpg","fusion-1200-width":1200,"fusion-1200-height":675,"portfolio-full":"https:\/\/www.bagesturisme.cat\/wp-content\/uploads\/2016\/12\/Viladoms_Exterior_4-1200x675-1.jpg","portfolio-full-width":711,"portfolio-full-height":400,"portfolio-one":"https:\/\/www.bagesturisme.cat\/wp-content\/uploads\/2016\/12\/Viladoms_Exterior_4-1200x675-1.jpg","portfolio-one-width":484,"portfolio-one-height":272,"portfolio-two":"https:\/\/www.bagesturisme.cat\/wp-content\/uploads\/2016\/12\/Viladoms_Exterior_4-1200x675-1.jpg","portfolio-two-width":460,"portfolio-two-height":259,"portfolio-three":"https:\/\/www.bagesturisme.cat\/wp-content\/uploads\/2016\/12\/Viladoms_Exterior_4-1200x675-1.jpg","portfolio-three-width":300,"portfolio-three-height":169,"portfolio-five":"https:\/\/www.bagesturisme.cat\/wp-content\/uploads\/2016\/12\/Viladoms_Exterior_4-1200x675-1.jpg","portfolio-five-width":177,"portfolio-five-height":100}}]},"_links":{"self":[{"href":"https:\/\/www.bagesturisme.cat\/es\/wp-json\/wp\/v2\/allotjament\/14","targetHints":{"allow":["GET"]}}],"collection":[{"href":"https:\/\/www.bagesturisme.cat\/es\/wp-json\/wp\/v2\/allotjament"}],"about":[{"href":"https:\/\/www.bagesturisme.cat\/es\/wp-json\/wp\/v2\/types\/allotjament"}],"author":[{"embeddable":true,"href":"https:\/\/www.bagesturisme.cat\/es\/wp-json\/wp\/v2\/users\/11"}],"version-history":[{"count":14,"href":"https:\/\/www.bagesturisme.cat\/es\/wp-json\/wp\/v2\/allotjament\/14\/revisions"}],"predecessor-version":[{"id":8720,"href":"https:\/\/www.bagesturisme.cat\/es\/wp-json\/wp\/v2\/allotjament\/14\/revisions\/8720"}],"wp:featuredmedia":[{"embeddable":true,"href":"https:\/\/www.bagesturisme.cat\/es\/wp-json\/wp\/v2\/media\/8718"}],"wp:attachment":[{"href":"https:\/\/www.bagesturisme.cat\/es\/wp-json\/wp\/v2\/media?parent=14"}],"curies":[{"name":"wp","href":"https:\/\/api.w.org\/{rel}","templated":true}]}}

Viladoms de Baix pertany al terme municipal de Castellbell i el Vilar, situat al sud de la comarca del Bages, tocant al Vallès Occidental. Aquest terme de quatre nuclis de cases, la Vall de Montserrat, conforma un paisatge ben característic amb una extraordinària panoràmica de la muntanya de Montserrat, la qual fou declarada Parc Natural el 1987.</p>
<p>L&#8217;edificació amb un estil modern i futurista, obra de l&#8217;arquitecte Carles Ferrater, és una remodelació integral i està formada per un conjunt de mòduls- casetes que constitueixen les sales, el menjador i les habitacions de 4, 6 i 8 places amb bany complet incorporat.<br />
<b><br />
Capacitat:</b> 90 places</p>
<p><b>Instal·lacions i serveis:</b><br />
1 edifici amb 4 habitacions de 8 places.<br />
3 mòduls- casetes de 6 places.<br />
1 edifici amb 4 habitacions de 4 places.<br />
3 mòduls- casetes amb 2 habitacions de 4 places cada un.<br />
Habitacions amb sanitari adaptat.<br />
1 edifici menjador.<br />
1 sala d&#8217;estar- recepció.<br />
3 sales convertibles en una gran sala.<br />
Calefacció.<br />
Telèfon públic.<br />
Servei de bugaderia.<br />
Àmplies zones de bosc.<br />
Activitats educatives sobre temàtica ambiental.<br />
Instal·lacions esportives: pista de bàsquet, pista de voleibol i taules de ping pong.<br />
Piscina amb grua.<br />
Wi-fi.Viladoms de Baix pertany al terme municipal de Castellbell i el Vilar, situat al sud de la comarca del Bages, tocant al Vallès Occidental. Aquest terme de quatre nuclis de cases, la Vall de Montserrat, conforma un paisatge ben característic amb una extraordinària panoràmica de la muntanya de Montserrat, la qual fou declarada Parc Natural el 1987.</p>
<p>L&#8217;edificació amb un estil modern i futurista, obra de l&#8217;arquitecte Carles Ferrater, és una remodelació integral i està formada per un conjunt de mòduls- casetes que constitueixen les sales, el menjador i les habitacions de 4, 6 i 8 places amb bany complet incorporat.<br />
<b><br />
Capacitat:</b> 90 places</p>
<p><b>Instal·lacions i serveis:</b><br />
1 edifici amb 4 habitacions de 8 places.<br />
3 mòduls- casetes de 6 places.<br />
1 edifici amb 4 habitacions de 4 places.<br />
3 mòduls- casetes amb 2 habitacions de 4 places cada un.<br />
Habitacions amb sanitari adaptat.<br />
1 edifici menjador.<br />
1 sala d&#8217;estar- recepció.<br />
3 sales convertibles en una gran sala.<br />
Calefacció.<br />
Telèfon públic.<br />
Servei de bugaderia.<br />
Àmplies zones de bosc.<br />
Activitats educatives sobre temàtica ambiental.<br />
Instal·lacions esportives: pista de bàsquet, pista de voleibol i taules de ping pong.<br />
Piscina amb grua.<br />
Wi-fi.
