{"id":13947,"date":"2024-03-20T07:59:13","date_gmt":"2024-03-20T06:59:13","guid":{"rendered":"https:\/\/bagesturisme.cat\/?post_type=allotjament&#038;p=13947"},"modified":"2024-03-20T07:59:13","modified_gmt":"2024-03-20T06:59:13","slug":"refugi-de-pelegrins-de-castellgali","status":"publish","type":"allotjament","link":"https:\/\/www.bagesturisme.cat\/es\/allotjament\/refugi-de-pelegrins-de-castellgali\/","title":{"rendered":"REFUGIO DE PEREGRINOS"},"content":{"rendered":"Durante el a\u00f1o 2017, el pajar del Mas Plano, datado de finales del s.XIX, se remodel\u00f3 para convertirse en el actual refugio de peregrinos, un espacio donde el peregrino podr\u00e1 descansar de su viaje hacia Montserrat o hacia Manresa, siguiendo el camino de Santiago, el Camino de San Ignacio u otras rutas que atraviesan el municipio, puesto que Castellgal\u00ed es Cruce de caminos.","protected":false},"author":13,"featured_media":13948,"template":"","class_list":["post-13947","allotjament","type-allotjament","status-publish","has-post-thumbnail","hentry","municipi-castellgali","indicadors-biosphere","indicadors-pit","indicadors-pagament-amb-targeta","tipus-allotjament-alberg-refugi"],"acf":{"email":"ctgl.refugi@castellgali.cat","adreca":"Masia El Pla<br \/>\r\n","web":"https:\/\/www.refugipelegrinscastellgali.com\/","tel":"938330021\/938331975","galeria":false,"ubicacio":false},"_links":{"self":[{"href":"https:\/\/www.bagesturisme.cat\/es\/wp-json\/wp\/v2\/allotjament\/13947","targetHints":{"allow":["GET"]}}],"collection":[{"href":"https:\/\/www.bagesturisme.cat\/es\/wp-json\/wp\/v2\/allotjament"}],"about":[{"href":"https:\/\/www.bagesturisme.cat\/es\/wp-json\/wp\/v2\/types\/allotjament"}],"author":[{"embeddable":true,"href":"https:\/\/www.bagesturisme.cat\/es\/wp-json\/wp\/v2\/users\/13"}],"version-history":[{"count":1,"href":"https:\/\/www.bagesturisme.cat\/es\/wp-json\/wp\/v2\/allotjament\/13947\/revisions"}],"predecessor-version":[{"id":13950,"href":"https:\/\/www.bagesturisme.cat\/es\/wp-json\/wp\/v2\/allotjament\/13947\/revisions\/13950"}],"wp:featuredmedia":[{"embeddable":true,"href":"https:\/\/www.bagesturisme.cat\/es\/wp-json\/wp\/v2\/media\/13948"}],"wp:attachment":[{"href":"https:\/\/www.bagesturisme.cat\/es\/wp-json\/wp\/v2\/media?parent=13947"}],"curies":[{"name":"wp","href":"https:\/\/api.w.org\/{rel}","templated":true}]}}

Durante el año 2017, el pajar del Mas Plano, datado de finales del s.XIX, se remodeló para convertirse en el actual refugio de peregrinos, un espacio donde el peregrino podrá descansar de su viaje hacia Montserrat o hacia Manresa, siguiendo el camino de Santiago, el Camino de San Ignacio u otras rutas que atraviesan el municipio, puesto que Castellgalí es Cruce de caminos.
