{"id":12131,"date":"2022-10-26T12:02:30","date_gmt":"2022-10-26T11:02:30","guid":{"rendered":"https:\/\/bagesturisme.cat\/?post_type=allotjament&#038;p=12131"},"modified":"2022-10-26T12:05:46","modified_gmt":"2022-10-26T11:05:46","slug":"area-de-servei-autocaravanes-de-cardona-la-coromina","status":"publish","type":"allotjament","link":"https:\/\/www.bagesturisme.cat\/es\/allotjament\/area-de-servei-autocaravanes-de-cardona-la-coromina\/","title":{"rendered":"\u00c0rea de Servei Autocaravanes de Cardona (La Coromina)"},"content":{"rendered":"<strong>SERVICIOS<\/strong><\/p>\n<ul>\n<li>\u00c1rea p\u00fablica<\/li>\n<li>Entorno urbano<\/li>\n<li>Abierto todo el a\u00f1o<\/li>\n<li>Gratuito<\/li>\n<li>Pernocta visible<\/li>\n<li>iluminaci\u00f3n de v\u00eda p\u00fablica<\/li>\n<li>Carga de agua potable<\/li>\n<li>Vaciado de aguas grises<\/li>\n<li>Vaciado de aguas negras<\/li>\n<li>Zona deportiva<\/li>\n<li>Zona de picnic en el cauce del r\u00edo Cardener<\/li>\n<li>37 plazas<\/li>\n<li>Tiempo permitido 48h<\/li>\n<\/ul>\n<p><strong>OTROS SERVICIOS PR\u00d3XIMOS<\/strong><br \/>\nComercio de \u00abLa Coromina\u00bb<br \/>\nRestauraci\u00f3n<br \/>\nPatrimonio Cultural<br \/>\nRutas de entorno<\/p>\n<h3><\/h3>\n<p>&nbsp;","protected":false},"author":3,"featured_media":11234,"template":"","class_list":["post-12131","allotjament","type-allotjament","status-publish","has-post-thumbnail","hentry","tipus-allotjament-area-dautocaravanes"],"acf":{"galeria":false,"adreca":"Camp de Futbol de la Coromina","web":"https:\/\/cardonaturisme.cat\/ca\/planifica-la-teva-visita\/espai-dautocaravanes\/espai-de-la-coromina\/","email":"oficinaturisme@cardona.cat","tel":"93 869 27 98 ","ubicacio":false},"_links":{"self":[{"href":"https:\/\/www.bagesturisme.cat\/es\/wp-json\/wp\/v2\/allotjament\/12131","targetHints":{"allow":["GET"]}}],"collection":[{"href":"https:\/\/www.bagesturisme.cat\/es\/wp-json\/wp\/v2\/allotjament"}],"about":[{"href":"https:\/\/www.bagesturisme.cat\/es\/wp-json\/wp\/v2\/types\/allotjament"}],"author":[{"embeddable":true,"href":"https:\/\/www.bagesturisme.cat\/es\/wp-json\/wp\/v2\/users\/3"}],"version-history":[{"count":1,"href":"https:\/\/www.bagesturisme.cat\/es\/wp-json\/wp\/v2\/allotjament\/12131\/revisions"}],"predecessor-version":[{"id":12132,"href":"https:\/\/www.bagesturisme.cat\/es\/wp-json\/wp\/v2\/allotjament\/12131\/revisions\/12132"}],"wp:featuredmedia":[{"embeddable":true,"href":"https:\/\/www.bagesturisme.cat\/es\/wp-json\/wp\/v2\/media\/11234"}],"wp:attachment":[{"href":"https:\/\/www.bagesturisme.cat\/es\/wp-json\/wp\/v2\/media?parent=12131"}],"curies":[{"name":"wp","href":"https:\/\/api.w.org\/{rel}","templated":true}]}}

Àrea de Servei Autocaravanes de Cardona (La Coromina)

<strong>SERVICIOS</strong></p>
<ul>
<li>Área pública</li>
<li>Entorno urbano</li>
<li>Abierto todo el año</li>
<li>Gratuito</li>
<li>Pernocta visible</li>
<li>iluminación de vía pública</li>
<li>Carga de agua potable</li>
<li>Vaciado de aguas grises</li>
<li>Vaciado de aguas negras</li>
<li>Zona deportiva</li>
<li>Zona de picnic en el cauce del río Cardener</li>
<li>37 plazas</li>
<li>Tiempo permitido 48h</li>
</ul>
<p><strong>OTROS SERVICIOS PRÓXIMOS</strong><br />
Comercio de «La Coromina»<br />
Restauración<br />
Patrimonio Cultural<br />
Rutas de entorno</p>
<h3></h3>
<p>&nbsp;
