{"id":117,"date":"2018-12-13T10:10:00","date_gmt":"2018-12-13T09:10:00","guid":{"rendered":"https:\/\/bagesturisme.cat\/allotjament\/la-vall-de-la-gavarresa\/"},"modified":"2021-03-11T12:53:31","modified_gmt":"2021-03-11T11:53:31","slug":"la-vall-de-la-gavarresa","status":"publish","type":"allotjament","link":"https:\/\/www.bagesturisme.cat\/es\/allotjament\/la-vall-de-la-gavarresa\/","title":{"rendered":"La Vall de la Gavarresa"},"content":{"rendered":"Masia situada en una finca agr\u00edcola i forestal, parte de la casa ha sido e rehabilitada con fines tur\u00edsticos, se tracta de un alojamiento rural independiente, situado bajo el tejado de la casa, la qual cosa le da total independencia y unas buenas vistas sobre el entorno. En el proceso de restauraci\u00f3n se mantuvo la estructura original de la casa, las paredes de piedra y las vigas de madera. Situada en un entorno muy tranquilo al fondo del valle de la riera Gavarresa, un afluente del rio Llobregat.A pocos metros de la casa encontramos el arroyo, varios cubiertos, campos de cultivo y bosques de encinas y pino blanco y un espectacular acantilado. Dispone de barbacoa, mobiliario exterior y zona de recreo con canasta de baloncesto y mesa de ping pong. Se accede a trav\u00e9s de una pista forestal de 2,5 km. La vivienda inferior est\u00e1 ocupada ocasionalmente por los propietarios.<\/p>\n<p>Situada en la primera planta del edificio y distribuida en un solo nivel, en un primer t\u00e9rmino un espacio muy amplio y acogedor en forma de \u00abL\u00bb formado por una espaciosa cocina, equipada con: vitrocer\u00e1mica, lavavajillas, nevera, lavadora, horno y microondas, una zona de comedor con una larga mesa y luego la zona de estar con chimenea, televisi\u00f3n, sof\u00e1s &#8230; y salida a un tranquilo porche exterior ideal para tomar el fresco. Desde esta gran sala tambi\u00e9n tenemos acceso a dos habitaciones dobles, dos habitaciones con cama de matrimonio y dos ba\u00f1os con ducha. Calefacci\u00f3n central.","protected":false},"author":6,"featured_media":9317,"template":"","class_list":["post-117","allotjament","type-allotjament","status-publish","has-post-thumbnail","hentry","municipi-avinyo","tipus-allotjament-turisme-rural"],"acf":{"ubicacio":{"address":"La Vall de la Gavarresa","lat":"41.88106399999999","lng":"1.999339999999961"},"adreca":"La Vall de la Gavarresa, Aviny\u00f3","web":"https:\/\/www.sites.google.com\/site\/lavalldegavarresa","email":"lavall.gavarresa@gmail.com","tel":"626 87 89 57 \u00b7 679 25 01 82","galeria":[{"ID":9318,"id":9318,"title":"detallcasa","filename":"detallcasa.jpg","filesize":329821,"url":"https:\/\/www.bagesturisme.cat\/wp-content\/uploads\/2018\/12\/detallcasa.jpg","link":"https:\/\/www.bagesturisme.cat\/es\/allotjament\/la-vall-de-la-gavarresa\/detallcasa\/","alt":"","author":"3","description":"","caption":"","name":"detallcasa","status":"inherit","uploaded_to":117,"date":"2021-03-11 11:53:23","modified":"2021-03-11 11:53:26","menu_order":0,"mime_type":"image\/jpeg","type":"image","subtype":"jpeg","icon":"https:\/\/www.bagesturisme.cat\/wp-includes\/images\/media\/default.png","width":1536,"height":2048,"sizes":{"thumbnail":"https:\/\/www.bagesturisme.cat\/wp-content\/uploads\/2018\/12\/detallcasa-150x150.jpg","thumbnail-width":150,"thumbnail-height":150,"medium":"https:\/\/www.bagesturisme.cat\/wp-content\/uploads\/2018\/12\/detallcasa-300x400.jpg","medium-width":300,"medium-height":400,"medium_large":"https:\/\/www.bagesturisme.cat\/wp-content\/uploads\/2018\/12\/detallcasa-768x1024.jpg","medium_large-width":768,"medium_large-height":1024,"large":"https:\/\/www.bagesturisme.cat\/wp-content\/uploads\/2018\/12\/detallcasa-768x1024.jpg","large-width":768,"large-height":1024,"1536x1536":"https:\/\/www.bagesturisme.cat\/wp-content\/uploads\/2018\/12\/detallcasa-1152x1536.jpg","1536x1536-width":1152,"1536x1536-height":1536,"2048x2048":"https:\/\/www.bagesturisme.cat\/wp-content\/uploads\/2018\/12\/detallcasa.jpg","2048x2048-width":1536,"2048x2048-height":2048,"blog-large":"https:\/\/www.bagesturisme.cat\/wp-content\/uploads\/2018\/12\/detallcasa.jpg","blog-large-width":204,"blog-large-height":272,"blog-medium":"https:\/\/www.bagesturisme.cat\/wp-content\/uploads\/2018\/12\/detallcasa.jpg","blog-medium-width":152,"blog-medium-height":202,"recent-posts":"https:\/\/www.bagesturisme.cat\/wp-content\/uploads\/2018\/12\/detallcasa.jpg","recent-posts-width":331,"recent-posts-height":441,"recent-works-thumbnail":"https:\/\/www.bagesturisme.cat\/wp-content\/uploads\/2018\/12\/detallcasa.jpg","recent-works-thumbnail-width":50,"recent-works-thumbnail-height":66,"fusion-200":"https:\/\/www.bagesturisme.cat\/wp-content\/uploads\/2018\/12\/detallcasa.jpg","fusion-200-width":200,"fusion-200-height":267,"fusion-400":"https:\/\/www.bagesturisme.cat\/wp-content\/uploads\/2018\/12\/detallcasa.jpg","fusion-400-width":400,"fusion-400-height":533,"fusion-600":"https:\/\/www.bagesturisme.cat\/wp-content\/uploads\/2018\/12\/detallcasa.jpg","fusion-600-width":600,"fusion-600-height":800,"fusion-800":"https:\/\/www.bagesturisme.cat\/wp-content\/uploads\/2018\/12\/detallcasa.jpg","fusion-800-width":800,"fusion-800-height":1067,"fusion-1200":"https:\/\/www.bagesturisme.cat\/wp-content\/uploads\/2018\/12\/detallcasa.jpg","fusion-1200-width":1200,"fusion-1200-height":1600,"portfolio-full":"https:\/\/www.bagesturisme.cat\/wp-content\/uploads\/2018\/12\/detallcasa.jpg","portfolio-full-width":300,"portfolio-full-height":400,"portfolio-one":"https:\/\/www.bagesturisme.cat\/wp-content\/uploads\/2018\/12\/detallcasa.jpg","portfolio-one-width":204,"portfolio-one-height":272,"portfolio-two":"https:\/\/www.bagesturisme.cat\/wp-content\/uploads\/2018\/12\/detallcasa.jpg","portfolio-two-width":221,"portfolio-two-height":295,"portfolio-three":"https:\/\/www.bagesturisme.cat\/wp-content\/uploads\/2018\/12\/detallcasa.jpg","portfolio-three-width":161,"portfolio-three-height":214,"portfolio-five":"https:\/\/www.bagesturisme.cat\/wp-content\/uploads\/2018\/12\/detallcasa.jpg","portfolio-five-width":107,"portfolio-five-height":142}}]},"_links":{"self":[{"href":"https:\/\/www.bagesturisme.cat\/es\/wp-json\/wp\/v2\/allotjament\/117","targetHints":{"allow":["GET"]}}],"collection":[{"href":"https:\/\/www.bagesturisme.cat\/es\/wp-json\/wp\/v2\/allotjament"}],"about":[{"href":"https:\/\/www.bagesturisme.cat\/es\/wp-json\/wp\/v2\/types\/allotjament"}],"author":[{"embeddable":true,"href":"https:\/\/www.bagesturisme.cat\/es\/wp-json\/wp\/v2\/users\/6"}],"version-history":[{"count":13,"href":"https:\/\/www.bagesturisme.cat\/es\/wp-json\/wp\/v2\/allotjament\/117\/revisions"}],"predecessor-version":[{"id":9320,"href":"https:\/\/www.bagesturisme.cat\/es\/wp-json\/wp\/v2\/allotjament\/117\/revisions\/9320"}],"wp:featuredmedia":[{"embeddable":true,"href":"https:\/\/www.bagesturisme.cat\/es\/wp-json\/wp\/v2\/media\/9317"}],"wp:attachment":[{"href":"https:\/\/www.bagesturisme.cat\/es\/wp-json\/wp\/v2\/media?parent=117"}],"curies":[{"name":"wp","href":"https:\/\/api.w.org\/{rel}","templated":true}]}}

Masia situada en una finca agrícola i forestal, parte de la casa ha sido e rehabilitada con fines turísticos, se tracta de un alojamiento rural independiente, situado bajo el tejado de la casa, la qual cosa le da total independencia y unas buenas vistas sobre el entorno. En el proceso de restauración se mantuvo la estructura original de la casa, las paredes de piedra y las vigas de madera. Situada en un entorno muy tranquilo al fondo del valle de la riera Gavarresa, un afluente del rio Llobregat.A pocos metros de la casa encontramos el arroyo, varios cubiertos, campos de cultivo y bosques de encinas y pino blanco y un espectacular acantilado. Dispone de barbacoa, mobiliario exterior y zona de recreo con canasta de baloncesto y mesa de ping pong. Se accede a través de una pista forestal de 2,5 km. La vivienda inferior está ocupada ocasionalmente por los propietarios.</p>
<p>Situada en la primera planta del edificio y distribuida en un solo nivel, en un primer término un espacio muy amplio y acogedor en forma de «L» formado por una espaciosa cocina, equipada con: vitrocerámica, lavavajillas, nevera, lavadora, horno y microondas, una zona de comedor con una larga mesa y luego la zona de estar con chimenea, televisión, sofás &#8230; y salida a un tranquilo porche exterior ideal para tomar el fresco. Desde esta gran sala también tenemos acceso a dos habitaciones dobles, dos habitaciones con cama de matrimonio y dos baños con ducha. Calefacción central.

La Vall de la Gavarresa, Avinyó
