{"id":11128,"date":"2022-04-04T12:42:07","date_gmt":"2022-04-04T11:42:07","guid":{"rendered":"https:\/\/bagesturisme.cat\/?post_type=allotjament&#038;p=11128"},"modified":"2022-04-19T08:57:33","modified_gmt":"2022-04-19T07:57:33","slug":"camping-cal-paradis-salo-sant-mateu-de-bages","status":"publish","type":"allotjament","link":"https:\/\/www.bagesturisme.cat\/es\/allotjament\/camping-cal-paradis-salo-sant-mateu-de-bages\/","title":{"rendered":"C\u00e0mping Cal Parad\u00eds (Salo, Sant Mateu de Bages)"},"content":{"rendered":"Camping rural. Regulaci\u00f3n: Espacio privado.<\/p>\n<p>Las coordenadas son: N41.84712961894802, 1.6382387434380425<\/p>\n<ul>\n<li>Precio: 28\/noche (autocaravana\/caravana + 2 adultos)<\/li>\n<li>Agua potable<\/li>\n<li>Aguas grises<\/li>\n<li>Aguas negras<\/li>\n<li>Pet Friendly<\/li>\n<li>Zona de picnic<\/li>\n<li>Duchas<\/li>\n<li>Electricidad<\/li>\n<li>WC<\/li>\n<li>Piscina<\/li>\n<li>Lavadora<\/li>\n<li>WiFi<\/li>\n<li>Acampada permitida<\/li>\n<li>Capacidad 20<\/li>\n<li>Tiempo permitido: no hay<\/li>\n<\/ul>\n<p>Crta. BV-3002. km 9","protected":false},"author":28,"featured_media":9062,"template":"","class_list":["post-11128","allotjament","type-allotjament","status-publish","has-post-thumbnail","hentry","municipi-sant-mateu-de-bages","tipus-allotjament-camping"],"acf":{"galeria":false,"adreca":"Ctra. C-55, Km 50, seguir direcci\u00f3 Bv3002 Km9, SALO","web":"http:\/\/www.campingcalparadis.com","email":"calparadis@campingcalparadis.com","tel":"93 869 56 52 \u00b7 673 977 606","ubicacio":false},"_links":{"self":[{"href":"https:\/\/www.bagesturisme.cat\/es\/wp-json\/wp\/v2\/allotjament\/11128","targetHints":{"allow":["GET"]}}],"collection":[{"href":"https:\/\/www.bagesturisme.cat\/es\/wp-json\/wp\/v2\/allotjament"}],"about":[{"href":"https:\/\/www.bagesturisme.cat\/es\/wp-json\/wp\/v2\/types\/allotjament"}],"author":[{"embeddable":true,"href":"https:\/\/www.bagesturisme.cat\/es\/wp-json\/wp\/v2\/users\/28"}],"version-history":[{"count":3,"href":"https:\/\/www.bagesturisme.cat\/es\/wp-json\/wp\/v2\/allotjament\/11128\/revisions"}],"predecessor-version":[{"id":11233,"href":"https:\/\/www.bagesturisme.cat\/es\/wp-json\/wp\/v2\/allotjament\/11128\/revisions\/11233"}],"wp:featuredmedia":[{"embeddable":true,"href":"https:\/\/www.bagesturisme.cat\/es\/wp-json\/wp\/v2\/media\/9062"}],"wp:attachment":[{"href":"https:\/\/www.bagesturisme.cat\/es\/wp-json\/wp\/v2\/media?parent=11128"}],"curies":[{"name":"wp","href":"https:\/\/api.w.org\/{rel}","templated":true}]}}

Càmping Cal Paradís (Salo, Sant Mateu de Bages)

Camping rural. Regulación: Espacio privado.</p>
<p>Las coordenadas son: N41.84712961894802, 1.6382387434380425</p>
<ul>
<li>Precio: 28/noche (autocaravana/caravana + 2 adultos)</li>
<li>Agua potable</li>
<li>Aguas grises</li>
<li>Aguas negras</li>
<li>Pet Friendly</li>
<li>Zona de picnic</li>
<li>Duchas</li>
<li>Electricidad</li>
<li>WC</li>
<li>Piscina</li>
<li>Lavadora</li>
<li>WiFi</li>
<li>Acampada permitida</li>
<li>Capacidad 20</li>
<li>Tiempo permitido: no hay</li>
</ul>
<p>Crta. BV-3002. km 9

Ctra. C-55, Km 50, seguir direcció Bv3002 Km9, SALO
