{"id":10364,"date":"2021-08-17T07:58:52","date_gmt":"2021-08-17T06:58:52","guid":{"rendered":"https:\/\/bagesturisme.cat\/?post_type=allotjament&#038;p=10364"},"modified":"2022-04-04T14:58:52","modified_gmt":"2022-04-04T13:58:52","slug":"area-dautocaravanes-davinyo","status":"publish","type":"allotjament","link":"https:\/\/www.bagesturisme.cat\/es\/allotjament\/area-dautocaravanes-davinyo\/","title":{"rendered":"\u00c0rea d&#8217;autocaravanas de Aviny\u00f3"},"content":{"rendered":"\u00c1rea llana y muy tranquila con capacidad para 10 plazas. Est\u00e1 situada junto a la poblaci\u00f3n, es gratuita, y ofrece una zona de picnic con \u00e1rboles y muy buenas vistas. Al lado encontramos la piscina municipal y la zona deportiva. Dispone de todos los servicios, salvo luz. El agua tiene un coste de 1\u20ac.<\/p>\n<p>Un buen lugar para conocer Avi\u00f1\u00f3n y disfrutar de su entorno, su cultura y su historia.<\/p>\n<p>Las coordenadas son: N41.86545434249857, 1.9748796154504165<\/p>\n<ul>\n<li>Pernocta gratuita<\/li>\n<li>Agua potable (1euro)<\/li>\n<li>Aguas grises<\/li>\n<li>Aguas negras<\/li>\n<li>Pet friendly<\/li>\n<li>Zona Picnic<\/li>\n<li>Capacidad\u00a0 10<\/li>\n<\/ul>\n<p>Calle Industria, s\/n. Avi\u00f1\u00f3n","protected":false},"author":6,"featured_media":10365,"template":"","class_list":["post-10364","allotjament","type-allotjament","status-publish","has-post-thumbnail","hentry","municipi-avinyo","tipus-allotjament-area-dautocaravanes"],"acf":{"galeria":[{"ID":10365,"id":10365,"title":"Autocaravanes_aviny\u00f3","filename":"Autocaravanes_avinyo-scaled.jpg","filesize":825790,"url":"https:\/\/www.bagesturisme.cat\/wp-content\/uploads\/2021\/08\/Autocaravanes_avinyo-scaled.jpg","link":"https:\/\/www.bagesturisme.cat\/es\/allotjament\/area-dautocaravanes-davinyo\/autocaravanes_avinyo\/","alt":"","author":"3","description":"zona autocaravanes aviny\u00f3","caption":"zona autocaravanes aviny\u00f3","name":"autocaravanes_avinyo","status":"inherit","uploaded_to":10364,"date":"2021-08-17 06:58:05","modified":"2021-08-17 06:58:27","menu_order":0,"mime_type":"image\/jpeg","type":"image","subtype":"jpeg","icon":"https:\/\/www.bagesturisme.cat\/wp-includes\/images\/media\/default.png","width":2560,"height":1707,"sizes":{"thumbnail":"https:\/\/www.bagesturisme.cat\/wp-content\/uploads\/2021\/08\/Autocaravanes_avinyo-150x150.jpg","thumbnail-width":150,"thumbnail-height":150,"medium":"https:\/\/www.bagesturisme.cat\/wp-content\/uploads\/2021\/08\/Autocaravanes_avinyo-600x400.jpg","medium-width":600,"medium-height":400,"medium_large":"https:\/\/www.bagesturisme.cat\/wp-content\/uploads\/2021\/08\/Autocaravanes_avinyo-768x512.jpg","medium_large-width":768,"medium_large-height":512,"large":"https:\/\/www.bagesturisme.cat\/wp-content\/uploads\/2021\/08\/Autocaravanes_avinyo-1280x853.jpg","large-width":1170,"large-height":780,"1536x1536":"https:\/\/www.bagesturisme.cat\/wp-content\/uploads\/2021\/08\/Autocaravanes_avinyo-1536x1024.jpg","1536x1536-width":1536,"1536x1536-height":1024,"2048x2048":"https:\/\/www.bagesturisme.cat\/wp-content\/uploads\/2021\/08\/Autocaravanes_avinyo-2048x1365.jpg","2048x2048-width":2048,"2048x2048-height":1365,"blog-large":"https:\/\/www.bagesturisme.cat\/wp-content\/uploads\/2021\/08\/Autocaravanes_avinyo-scaled.jpg","blog-large-width":408,"blog-large-height":272,"blog-medium":"https:\/\/www.bagesturisme.cat\/wp-content\/uploads\/2021\/08\/Autocaravanes_avinyo-scaled.jpg","blog-medium-width":303,"blog-medium-height":202,"recent-posts":"https:\/\/www.bagesturisme.cat\/wp-content\/uploads\/2021\/08\/Autocaravanes_avinyo-scaled.jpg","recent-posts-width":661,"recent-posts-height":441,"recent-works-thumbnail":"https:\/\/www.bagesturisme.cat\/wp-content\/uploads\/2021\/08\/Autocaravanes_avinyo-scaled.jpg","recent-works-thumbnail-width":66,"recent-works-thumbnail-height":44,"fusion-200":"https:\/\/www.bagesturisme.cat\/wp-content\/uploads\/2021\/08\/Autocaravanes_avinyo-scaled.jpg","fusion-200-width":200,"fusion-200-height":133,"fusion-400":"https:\/\/www.bagesturisme.cat\/wp-content\/uploads\/2021\/08\/Autocaravanes_avinyo-scaled.jpg","fusion-400-width":400,"fusion-400-height":267,"fusion-600":"https:\/\/www.bagesturisme.cat\/wp-content\/uploads\/2021\/08\/Autocaravanes_avinyo-scaled.jpg","fusion-600-width":600,"fusion-600-height":400,"fusion-800":"https:\/\/www.bagesturisme.cat\/wp-content\/uploads\/2021\/08\/Autocaravanes_avinyo-scaled.jpg","fusion-800-width":800,"fusion-800-height":533,"fusion-1200":"https:\/\/www.bagesturisme.cat\/wp-content\/uploads\/2021\/08\/Autocaravanes_avinyo-scaled.jpg","fusion-1200-width":1200,"fusion-1200-height":800,"portfolio-full":"https:\/\/www.bagesturisme.cat\/wp-content\/uploads\/2021\/08\/Autocaravanes_avinyo-scaled.jpg","portfolio-full-width":600,"portfolio-full-height":400,"portfolio-one":"https:\/\/www.bagesturisme.cat\/wp-content\/uploads\/2021\/08\/Autocaravanes_avinyo-scaled.jpg","portfolio-one-width":408,"portfolio-one-height":272,"portfolio-two":"https:\/\/www.bagesturisme.cat\/wp-content\/uploads\/2021\/08\/Autocaravanes_avinyo-scaled.jpg","portfolio-two-width":442,"portfolio-two-height":295,"portfolio-three":"https:\/\/www.bagesturisme.cat\/wp-content\/uploads\/2021\/08\/Autocaravanes_avinyo-scaled.jpg","portfolio-three-width":300,"portfolio-three-height":200,"portfolio-five":"https:\/\/www.bagesturisme.cat\/wp-content\/uploads\/2021\/08\/Autocaravanes_avinyo-scaled.jpg","portfolio-five-width":177,"portfolio-five-height":118}}],"adreca":"Carrer Ind\u00fastria, s\/n. Aviny\u00f3","web":"","email":"","tel":"","ubicacio":false},"_links":{"self":[{"href":"https:\/\/www.bagesturisme.cat\/es\/wp-json\/wp\/v2\/allotjament\/10364","targetHints":{"allow":["GET"]}}],"collection":[{"href":"https:\/\/www.bagesturisme.cat\/es\/wp-json\/wp\/v2\/allotjament"}],"about":[{"href":"https:\/\/www.bagesturisme.cat\/es\/wp-json\/wp\/v2\/types\/allotjament"}],"author":[{"embeddable":true,"href":"https:\/\/www.bagesturisme.cat\/es\/wp-json\/wp\/v2\/users\/6"}],"version-history":[{"count":8,"href":"https:\/\/www.bagesturisme.cat\/es\/wp-json\/wp\/v2\/allotjament\/10364\/revisions"}],"predecessor-version":[{"id":11137,"href":"https:\/\/www.bagesturisme.cat\/es\/wp-json\/wp\/v2\/allotjament\/10364\/revisions\/11137"}],"wp:featuredmedia":[{"embeddable":true,"href":"https:\/\/www.bagesturisme.cat\/es\/wp-json\/wp\/v2\/media\/10365"}],"wp:attachment":[{"href":"https:\/\/www.bagesturisme.cat\/es\/wp-json\/wp\/v2\/media?parent=10364"}],"curies":[{"name":"wp","href":"https:\/\/api.w.org\/{rel}","templated":true}]}}

Àrea d&#8217;autocaravanas de Avinyó

Área llana y muy tranquila con capacidad para 10 plazas. Está situada junto a la población, es gratuita, y ofrece una zona de picnic con árboles y muy buenas vistas. Al lado encontramos la piscina municipal y la zona deportiva. Dispone de todos los servicios, salvo luz. El agua tiene un coste de 1€.</p>
<p>Un buen lugar para conocer Aviñón y disfrutar de su entorno, su cultura y su historia.</p>
<p>Las coordenadas son: N41.86545434249857, 1.9748796154504165</p>
<ul>
<li>Pernocta gratuita</li>
<li>Agua potable (1euro)</li>
<li>Aguas grises</li>
<li>Aguas negras</li>
<li>Pet friendly</li>
<li>Zona Picnic</li>
<li>Capacidad  10</li>
</ul>
<p>Calle Industria, s/n. Aviñón

Autocaravanes_avinyó

zona autocaravanes avinyó

Carrer Indústria, s/n. Avinyó
