{"id":102,"date":"2016-12-15T13:10:00","date_gmt":"2016-12-15T12:10:00","guid":{"rendered":"https:\/\/bagesturisme.cat\/allotjament\/casa-rural-les-farreras\/"},"modified":"2024-12-20T20:31:08","modified_gmt":"2024-12-20T19:31:08","slug":"casa-rural-farreras","status":"publish","type":"allotjament","link":"https:\/\/www.bagesturisme.cat\/es\/allotjament\/casa-rural-farreras\/","title":{"rendered":"Casa Rural Les Farreras"},"content":{"rendered":"Les Farreras, es una mas\u00eda catalana del siglo XVII que integra una casa principal y una granja independiente. La granja de agroturismo de Las Farreras se encuentra situada dentro de la finca agr\u00edcola-ganadera que lleva su nombre. La finca est\u00e1 rodeada de granjas, que junto con m\u00e1s de 50 hect\u00e1reas de cereal son la principal actividad de una de las pocas grandes explotaciones agr\u00edcolas que se mantienen vivas alrededor. La casa de agroturismo est\u00e1 construida en uno de los antiguos cubiertos de grano de la finca. Rehabilitada completamente para ofrecer todos los servicios y disfrutar de una estancia de agroturismo en el magn\u00edfico entorno de Salelles y el bosque de Suanya.<\/p>\n<p>Capacidad para 7 personas.<\/p>\n<p>&#8211; 2 Habitaciones dobles con cama de matrimonio, ba\u00f1o y ducha independiente para cada habitaci\u00f3n.<\/p>\n<p>&#8211; 1 Habitaci\u00f3n triple con 3 camas individuales, ba\u00f1o y ducha.<\/p>\n<p>&#8211; Disponemos tambi\u00e9n de forma adicional, de cuna para beb\u00e9s<\/p>\n<p>&#8211; Cocina con nevera, horno el\u00e9ctrico, microondas, vitrocer\u00e1mica, lavavajillas, lavadora-secadora, vajilla y utensilios de cocina.<\/p>\n<p>&#8211; Calefacci\u00f3n central en toda la casa y chimenea en el sal\u00f3n.<\/p>\n<p>&#8211; Televisor y equipo de m\u00fasica.<\/p>\n<p>&#8211; Tabla de picnic con p\u00e9rgola y la barbacoa.<\/p>\n<p>&#8211; Piscina, ping pong y zona de juegos infantil.","protected":false},"author":29,"featured_media":9027,"template":"","class_list":["post-102","allotjament","type-allotjament","status-publish","has-post-thumbnail","hentry","municipi-manresa","indicadors-nens","indicadors-familiar","tipus-allotjament-turisme-rural"],"acf":{"ubicacio":{"address":"Unnamed Road, 08253 Sant Salvador de Guardiola, Barcelona, Espa\u00f1a","lat":"41.70540812063796","lng":"1.7678546905517578"},"adreca":"Casa Les Farreras<br \/><br \/>\r\n08241 - Manresa","web":"http:\/\/www.lesfarreras.salelles.cat","email":"lesfarreras@salelles.cat","tel":"686 42 35 08","galeria":[{"ID":9027,"id":9027,"title":"Les farreras","filename":"Les-farreras.jpg","filesize":121925,"url":"https:\/\/www.bagesturisme.cat\/wp-content\/uploads\/2016\/12\/Les-farreras.jpg","link":"https:\/\/www.bagesturisme.cat\/es\/allotjament\/casa-rural-farreras\/les-farreras\/","alt":"","author":"3","description":"","caption":"","name":"les-farreras","status":"inherit","uploaded_to":102,"date":"2021-02-24 08:53:57","modified":"2021-02-24 08:53:57","menu_order":0,"mime_type":"image\/jpeg","type":"image","subtype":"jpeg","icon":"https:\/\/www.bagesturisme.cat\/wp-includes\/images\/media\/default.png","width":485,"height":328,"sizes":{"thumbnail":"https:\/\/www.bagesturisme.cat\/wp-content\/uploads\/2016\/12\/Les-farreras-150x150.jpg","thumbnail-width":150,"thumbnail-height":150,"medium":"https:\/\/www.bagesturisme.cat\/wp-content\/uploads\/2016\/12\/Les-farreras.jpg","medium-width":485,"medium-height":328,"medium_large":"https:\/\/www.bagesturisme.cat\/wp-content\/uploads\/2016\/12\/Les-farreras.jpg","medium_large-width":485,"medium_large-height":328,"large":"https:\/\/www.bagesturisme.cat\/wp-content\/uploads\/2016\/12\/Les-farreras.jpg","large-width":485,"large-height":328,"1536x1536":"https:\/\/www.bagesturisme.cat\/wp-content\/uploads\/2016\/12\/Les-farreras.jpg","1536x1536-width":485,"1536x1536-height":328,"2048x2048":"https:\/\/www.bagesturisme.cat\/wp-content\/uploads\/2016\/12\/Les-farreras.jpg","2048x2048-width":485,"2048x2048-height":328,"blog-large":"https:\/\/www.bagesturisme.cat\/wp-content\/uploads\/2016\/12\/Les-farreras.jpg","blog-large-width":402,"blog-large-height":272,"blog-medium":"https:\/\/www.bagesturisme.cat\/wp-content\/uploads\/2016\/12\/Les-farreras.jpg","blog-medium-width":299,"blog-medium-height":202,"recent-posts":"https:\/\/www.bagesturisme.cat\/wp-content\/uploads\/2016\/12\/Les-farreras.jpg","recent-posts-width":485,"recent-posts-height":328,"recent-works-thumbnail":"https:\/\/www.bagesturisme.cat\/wp-content\/uploads\/2016\/12\/Les-farreras.jpg","recent-works-thumbnail-width":66,"recent-works-thumbnail-height":45,"fusion-200":"https:\/\/www.bagesturisme.cat\/wp-content\/uploads\/2016\/12\/Les-farreras.jpg","fusion-200-width":200,"fusion-200-height":135,"fusion-400":"https:\/\/www.bagesturisme.cat\/wp-content\/uploads\/2016\/12\/Les-farreras.jpg","fusion-400-width":400,"fusion-400-height":271,"fusion-600":"https:\/\/www.bagesturisme.cat\/wp-content\/uploads\/2016\/12\/Les-farreras.jpg","fusion-600-width":485,"fusion-600-height":328,"fusion-800":"https:\/\/www.bagesturisme.cat\/wp-content\/uploads\/2016\/12\/Les-farreras.jpg","fusion-800-width":485,"fusion-800-height":328,"fusion-1200":"https:\/\/www.bagesturisme.cat\/wp-content\/uploads\/2016\/12\/Les-farreras.jpg","fusion-1200-width":485,"fusion-1200-height":328,"portfolio-full":"https:\/\/www.bagesturisme.cat\/wp-content\/uploads\/2016\/12\/Les-farreras.jpg","portfolio-full-width":485,"portfolio-full-height":328,"portfolio-one":"https:\/\/www.bagesturisme.cat\/wp-content\/uploads\/2016\/12\/Les-farreras.jpg","portfolio-one-width":402,"portfolio-one-height":272,"portfolio-two":"https:\/\/www.bagesturisme.cat\/wp-content\/uploads\/2016\/12\/Les-farreras.jpg","portfolio-two-width":436,"portfolio-two-height":295,"portfolio-three":"https:\/\/www.bagesturisme.cat\/wp-content\/uploads\/2016\/12\/Les-farreras.jpg","portfolio-three-width":300,"portfolio-three-height":203,"portfolio-five":"https:\/\/www.bagesturisme.cat\/wp-content\/uploads\/2016\/12\/Les-farreras.jpg","portfolio-five-width":177,"portfolio-five-height":120}}]},"_links":{"self":[{"href":"https:\/\/www.bagesturisme.cat\/es\/wp-json\/wp\/v2\/allotjament\/102","targetHints":{"allow":["GET"]}}],"collection":[{"href":"https:\/\/www.bagesturisme.cat\/es\/wp-json\/wp\/v2\/allotjament"}],"about":[{"href":"https:\/\/www.bagesturisme.cat\/es\/wp-json\/wp\/v2\/types\/allotjament"}],"author":[{"embeddable":true,"href":"https:\/\/www.bagesturisme.cat\/es\/wp-json\/wp\/v2\/users\/29"}],"version-history":[{"count":15,"href":"https:\/\/www.bagesturisme.cat\/es\/wp-json\/wp\/v2\/allotjament\/102\/revisions"}],"predecessor-version":[{"id":9029,"href":"https:\/\/www.bagesturisme.cat\/es\/wp-json\/wp\/v2\/allotjament\/102\/revisions\/9029"}],"wp:featuredmedia":[{"embeddable":true,"href":"https:\/\/www.bagesturisme.cat\/es\/wp-json\/wp\/v2\/media\/9027"}],"wp:attachment":[{"href":"https:\/\/www.bagesturisme.cat\/es\/wp-json\/wp\/v2\/media?parent=102"}],"curies":[{"name":"wp","href":"https:\/\/api.w.org\/{rel}","templated":true}]}}

Les Farreras, es una masía catalana del siglo XVII que integra una casa principal y una granja independiente. La granja de agroturismo de Las Farreras se encuentra situada dentro de la finca agrícola-ganadera que lleva su nombre. La finca está rodeada de granjas, que junto con más de 50 hectáreas de cereal son la principal actividad de una de las pocas grandes explotaciones agrícolas que se mantienen vivas alrededor. La casa de agroturismo está construida en uno de los antiguos cubiertos de grano de la finca. Rehabilitada completamente para ofrecer todos los servicios y disfrutar de una estancia de agroturismo en el magnífico entorno de Salelles y el bosque de Suanya.</p>
<p>Capacidad para 7 personas.</p>
<p>&#8211; 2 Habitaciones dobles con cama de matrimonio, baño y ducha independiente para cada habitación.</p>
<p>&#8211; 1 Habitación triple con 3 camas individuales, baño y ducha.</p>
<p>&#8211; Disponemos también de forma adicional, de cuna para bebés</p>
<p>&#8211; Cocina con nevera, horno eléctrico, microondas, vitrocerámica, lavavajillas, lavadora-secadora, vajilla y utensilios de cocina.</p>
<p>&#8211; Calefacción central en toda la casa y chimenea en el salón.</p>
<p>&#8211; Televisor y equipo de música.</p>
<p>&#8211; Tabla de picnic con pérgola y la barbacoa.</p>
<p>&#8211; Piscina, ping pong y zona de juegos infantil.

Unnamed Road, 08253 Sant Salvador de Guardiola, Barcelona, España
