{"id":15755,"date":"2025-07-08T11:00:09","date_gmt":"2025-07-08T10:00:09","guid":{"rendered":"https:\/\/bagesturisme.cat\/?post_type=agenda&#038;p=15755"},"modified":"2025-08-11T13:21:32","modified_gmt":"2025-08-11T12:21:32","slug":"festa-del-tomaquet","status":"publish","type":"agenda","link":"https:\/\/www.bagesturisme.cat\/es\/esdeveniments\/festa-del-tomaquet\/","title":{"rendered":"FESTA DEL TOM\u00c0QUET"},"content":{"rendered":"<strong>La Fiesta del Tomate llega a la 9\u00aa edici\u00f3n con energ\u00eda y entusiasmo<\/strong><\/p>\n<p>La fiesta vuelve cada a\u00f1o para ayudar a revertir la situaci\u00f3n en lo posible: intentar acortar las cadenas de distribuci\u00f3n para que el campesino pueda ganarse mejor la vida y que esto revierta en el territorio y sus gentes. Dar a conocer el producto local, generar sinergias con otros agentes del territorio como la restauraci\u00f3n, o generar, entre otros, orgullo del producto local, son algunos de los prop\u00f3sitos de la fiesta.<\/p>\n<p>Del 18 al 29 de julio de 2025, hemos programado un mont\u00f3n de actividades con la voluntad de dar a conocer el producto\u00a0estrella de nuestra huerta, el d\u00eda a d\u00eda de nuestro campesinado y remarcar la importancia del consumo de proximidad y de temporada.<\/p>\n<p>Este a\u00f1o, el municipio invitado es Castellnou de Bages, y el producto estrella los quesos y derivados l\u00e1cticos.<\/p>\n<p>S\u00e1bado, 26 de julio, Mercado del Tomate en el Paseo Pedro III<\/p>\n<p>\u00a1Consulta toda la <a href=\"https:\/\/web.manresa.cat\/media\/docs\/docsArticle\/16840\/fdt25-triptic-a4-online_1.pdf\">programaci\u00f3n!<\/a><br \/>\n<a href=\"https:\/\/web.manresa.cat\/festadeltomaquet\/menu\/16824-activitats\">Actividades<\/a>","protected":false},"featured_media":15758,"template":"","tags":[],"class_list":["post-15755","agenda","type-agenda","status-publish","has-post-thumbnail","hentry","municipi-manresa"],"acf":{"data_ordre":"20250819","ordre_final":"20250827","data_actual":"19\/07\/2025","data_general":"finals juliol","entitat":"","adreca":"","telefon":"","email":"","web":"","web_entitat":"","accessible":false,"gratis":false,"galeria":false,"ubicacio":false},"_links":{"self":[{"href":"https:\/\/www.bagesturisme.cat\/es\/wp-json\/wp\/v2\/agenda\/15755","targetHints":{"allow":["GET"]}}],"collection":[{"href":"https:\/\/www.bagesturisme.cat\/es\/wp-json\/wp\/v2\/agenda"}],"about":[{"href":"https:\/\/www.bagesturisme.cat\/es\/wp-json\/wp\/v2\/types\/agenda"}],"wp:featuredmedia":[{"embeddable":true,"href":"https:\/\/www.bagesturisme.cat\/es\/wp-json\/wp\/v2\/media\/15758"}],"wp:attachment":[{"href":"https:\/\/www.bagesturisme.cat\/es\/wp-json\/wp\/v2\/media?parent=15755"}],"wp:term":[{"taxonomy":"post_tag","embeddable":true,"href":"https:\/\/www.bagesturisme.cat\/es\/wp-json\/wp\/v2\/tags?post=15755"}],"curies":[{"name":"wp","href":"https:\/\/api.w.org\/{rel}","templated":true}]}}

FESTA DEL TOMÀQUET

<strong>La Fiesta del Tomate llega a la 9ª edición con energía y entusiasmo</strong></p>
<p>La fiesta vuelve cada año para ayudar a revertir la situación en lo posible: intentar acortar las cadenas de distribución para que el campesino pueda ganarse mejor la vida y que esto revierta en el territorio y sus gentes. Dar a conocer el producto local, generar sinergias con otros agentes del territorio como la restauración, o generar, entre otros, orgullo del producto local, son algunos de los propósitos de la fiesta.</p>
<p>Del 18 al 29 de julio de 2025, hemos programado un montón de actividades con la voluntad de dar a conocer el producto estrella de nuestra huerta, el día a día de nuestro campesinado y remarcar la importancia del consumo de proximidad y de temporada.</p>
<p>Este año, el municipio invitado es Castellnou de Bages, y el producto estrella los quesos y derivados lácticos.</p>
<p>Sábado, 26 de julio, Mercado del Tomate en el Paseo Pedro III</p>
<p>¡Consulta toda la <a href="https://web.manresa.cat/media/docs/docsArticle/16840/fdt25-triptic-a4-online_1.pdf">programación!</a><br />
<a href="https://web.manresa.cat/festadeltomaquet/menu/16824-activitats">Actividades</a>
