{"id":15735,"date":"2025-07-03T13:00:46","date_gmt":"2025-07-03T12:00:46","guid":{"rendered":"https:\/\/bagesturisme.cat\/?post_type=agenda&#038;p=15735"},"modified":"2025-07-04T10:36:22","modified_gmt":"2025-07-04T09:36:22","slug":"pessebre-vivent-del-bages","status":"publish","type":"agenda","link":"https:\/\/www.bagesturisme.cat\/es\/esdeveniments\/pessebre-vivent-del-bages\/","title":{"rendered":"bel\u00e9n viviente del Bages"},"content":{"rendered":"Este Bel\u00e9n de gran prestigio y difusi\u00f3n en Catalu\u00f1a cuenta con la participaci\u00f3n de unas 260 personas de Fals, Rajadell y otras poblaciones de los alrededores que se unen para representar un mensaje de paz, armon\u00eda, cultura y tradiciones populares a trav\u00e9s de los diferentes cuadros con el espacio, la m\u00fasica y la iluminaci\u00f3n m\u00e1s id\u00f3nea.<br \/>\nUn espect\u00e1culo que vale la pena disfrutar!!<\/p>\n<p><strong>www.pessebre.cat<\/strong>","protected":false},"featured_media":15736,"template":"","tags":[],"class_list":["post-15735","agenda","type-agenda","status-publish","has-post-thumbnail","hentry","municipi-fonollosa"],"acf":{"data_ordre":"20251220","ordre_final":"20260106","data_actual":"23\/12\/2025","data_general":"Nadal","entitat":"","adreca":"","telefon":"","email":"","web":"","web_entitat":"","accessible":false,"gratis":false,"galeria":false,"ubicacio":false},"_links":{"self":[{"href":"https:\/\/www.bagesturisme.cat\/es\/wp-json\/wp\/v2\/agenda\/15735","targetHints":{"allow":["GET"]}}],"collection":[{"href":"https:\/\/www.bagesturisme.cat\/es\/wp-json\/wp\/v2\/agenda"}],"about":[{"href":"https:\/\/www.bagesturisme.cat\/es\/wp-json\/wp\/v2\/types\/agenda"}],"wp:featuredmedia":[{"embeddable":true,"href":"https:\/\/www.bagesturisme.cat\/es\/wp-json\/wp\/v2\/media\/15736"}],"wp:attachment":[{"href":"https:\/\/www.bagesturisme.cat\/es\/wp-json\/wp\/v2\/media?parent=15735"}],"wp:term":[{"taxonomy":"post_tag","embeddable":true,"href":"https:\/\/www.bagesturisme.cat\/es\/wp-json\/wp\/v2\/tags?post=15735"}],"curies":[{"name":"wp","href":"https:\/\/api.w.org\/{rel}","templated":true}]}}

belén viviente del Bages

Este Belén de gran prestigio y difusión en Cataluña cuenta con la participación de unas 260 personas de Fals, Rajadell y otras poblaciones de los alrededores que se unen para representar un mensaje de paz, armonía, cultura y tradiciones populares a través de los diferentes cuadros con el espacio, la música y la iluminación más idónea.<br />
Un espectáculo que vale la pena disfrutar!!</p>
<p><strong>www.pessebre.cat</strong>
