{"id":15731,"date":"2025-07-03T12:49:14","date_gmt":"2025-07-03T11:49:14","guid":{"rendered":"https:\/\/bagesturisme.cat\/?post_type=agenda&#038;p=15731"},"modified":"2025-07-04T10:21:40","modified_gmt":"2025-07-04T09:21:40","slug":"fira-medieval-doficis","status":"publish","type":"agenda","link":"https:\/\/www.bagesturisme.cat\/es\/esdeveniments\/fira-medieval-doficis\/","title":{"rendered":"Feria medieval de oficios"},"content":{"rendered":"El casco antiguo de S\u00faria se convierte en el escenario ideal para que te d\u00e9 la sensaci\u00f3n de estar en una peque\u00f1a villa medieval. Las plazas y calles se adornan con paja, damascos y otros elementos para convertir la visita a la Fira en un aut\u00e9ntico viaje en el tiempo, donde podr\u00e1s ver los oficios antiguos y tambi\u00e9n convertirte en artesano\/a con los talleres participativos para peque\u00f1os y mayores. No te pierdas \u201cSalats!\u201d, el espect\u00e1culo estrella donde se representa en clave de humor el descubrimiento de la sal en S\u00faria.<\/p>\n<p><strong>www.suriaturisme.cat<\/strong>","protected":false},"featured_media":15732,"template":"","tags":[],"class_list":["post-15731","agenda","type-agenda","status-publish","has-post-thumbnail","hentry","municipi-suria"],"acf":{"data_ordre":"20251107","ordre_final":"20251109","data_actual":"07\/11\/2025","data_general":"2n cap de setmana de Novembre","entitat":"","adreca":"","telefon":"","email":"","web":"","web_entitat":"","accessible":false,"gratis":false,"galeria":false,"ubicacio":false},"_links":{"self":[{"href":"https:\/\/www.bagesturisme.cat\/es\/wp-json\/wp\/v2\/agenda\/15731","targetHints":{"allow":["GET"]}}],"collection":[{"href":"https:\/\/www.bagesturisme.cat\/es\/wp-json\/wp\/v2\/agenda"}],"about":[{"href":"https:\/\/www.bagesturisme.cat\/es\/wp-json\/wp\/v2\/types\/agenda"}],"wp:featuredmedia":[{"embeddable":true,"href":"https:\/\/www.bagesturisme.cat\/es\/wp-json\/wp\/v2\/media\/15732"}],"wp:attachment":[{"href":"https:\/\/www.bagesturisme.cat\/es\/wp-json\/wp\/v2\/media?parent=15731"}],"wp:term":[{"taxonomy":"post_tag","embeddable":true,"href":"https:\/\/www.bagesturisme.cat\/es\/wp-json\/wp\/v2\/tags?post=15731"}],"curies":[{"name":"wp","href":"https:\/\/api.w.org\/{rel}","templated":true}]}}

El casco antiguo de Súria se convierte en el escenario ideal para que te dé la sensación de estar en una pequeña villa medieval. Las plazas y calles se adornan con paja, damascos y otros elementos para convertir la visita a la Fira en un auténtico viaje en el tiempo, donde podrás ver los oficios antiguos y también convertirte en artesano/a con los talleres participativos para pequeños y mayores. No te pierdas “Salats!”, el espectáculo estrella donde se representa en clave de humor el descubrimiento de la sal en Súria.</p>
<p><strong>www.suriaturisme.cat</strong>
