{"id":15721,"date":"2025-07-03T09:48:18","date_gmt":"2025-07-03T08:48:18","guid":{"rendered":"https:\/\/bagesturisme.cat\/?post_type=agenda&#038;p=15721"},"modified":"2025-07-04T10:53:30","modified_gmt":"2025-07-04T09:53:30","slug":"resistents","status":"publish","type":"agenda","link":"https:\/\/www.bagesturisme.cat\/es\/esdeveniments\/resistents\/","title":{"rendered":"resistentes"},"content":{"rendered":"A partir de 1713, el castillo de Castellbell fue un reducto estrat\u00e9gico de los miquelets, que plantaron cara y encarcelaron a los borb\u00f3nicos que quer\u00edan internarse hacia el interior del pa\u00eds por el Montserrat\u00ed. Con la ca\u00edda de Barcelona y la guerra perdida, Castellbell y el Vilar mantuvo la resistencia hasta la capitulaci\u00f3n de Cardona del 18 de septiembre de 1714. Resistentes conmemora y recrea aquella resistencia a partir del teatro de calle, de un espect\u00e1culo nocturno de gran formato, de la gastronom\u00eda local, de actividades para los m\u00e1s peque\u00f1os y muchas sorpresas m\u00e1s.<\/p>\n<p><strong>www.resistents.cat<\/strong>","protected":false},"featured_media":15723,"template":"","tags":[],"class_list":["post-15721","agenda","type-agenda","status-publish","has-post-thumbnail","hentry","municipi-castellbell-i-el-vilar"],"acf":{"data_ordre":"20260516","ordre_final":"20260517","data_actual":"maig","data_general":"MAIG","entitat":"","adreca":"","telefon":"","email":"","web":"","web_entitat":"","accessible":false,"gratis":false,"galeria":false,"ubicacio":false},"_links":{"self":[{"href":"https:\/\/www.bagesturisme.cat\/es\/wp-json\/wp\/v2\/agenda\/15721","targetHints":{"allow":["GET"]}}],"collection":[{"href":"https:\/\/www.bagesturisme.cat\/es\/wp-json\/wp\/v2\/agenda"}],"about":[{"href":"https:\/\/www.bagesturisme.cat\/es\/wp-json\/wp\/v2\/types\/agenda"}],"wp:featuredmedia":[{"embeddable":true,"href":"https:\/\/www.bagesturisme.cat\/es\/wp-json\/wp\/v2\/media\/15723"}],"wp:attachment":[{"href":"https:\/\/www.bagesturisme.cat\/es\/wp-json\/wp\/v2\/media?parent=15721"}],"wp:term":[{"taxonomy":"post_tag","embeddable":true,"href":"https:\/\/www.bagesturisme.cat\/es\/wp-json\/wp\/v2\/tags?post=15721"}],"curies":[{"name":"wp","href":"https:\/\/api.w.org\/{rel}","templated":true}]}}

A partir de 1713, el castillo de Castellbell fue un reducto estratégico de los miquelets, que plantaron cara y encarcelaron a los borbónicos que querían internarse hacia el interior del país por el Montserratí. Con la caída de Barcelona y la guerra perdida, Castellbell y el Vilar mantuvo la resistencia hasta la capitulación de Cardona del 18 de septiembre de 1714. Resistentes conmemora y recrea aquella resistencia a partir del teatro de calle, de un espectáculo nocturno de gran formato, de la gastronomía local, de actividades para los más pequeños y muchas sorpresas más.</p>
<p><strong>www.resistents.cat</strong>
