{"id":15719,"date":"2025-07-03T09:42:53","date_gmt":"2025-07-03T08:42:53","guid":{"rendered":"https:\/\/bagesturisme.cat\/?post_type=agenda&#038;p=15719"},"modified":"2025-07-04T10:16:55","modified_gmt":"2025-07-04T09:16:55","slug":"festa-de-la-verema-del-pla-de-bages","status":"publish","type":"agenda","link":"https:\/\/www.bagesturisme.cat\/es\/esdeveniments\/festa-de-la-verema-del-pla-de-bages\/","title":{"rendered":"Fiesta de la Vendimia del Pla de Bages"},"content":{"rendered":"El casco antiguo de Art\u00e9s se convierte en un escenario en conmemoraci\u00f3n de la DO Pla de Bages y el reconocimiento a la cultura vitivin\u00edcola de la comarca, con muestra de vinos, presentaci\u00f3n anuales de los productos de las bodegas, espect\u00e1culos, feria de artesanos y actividades familiares.<\/p>\n<p><strong>www.festaveremabages.cat<\/strong>","protected":false},"featured_media":15720,"template":"","tags":[],"class_list":["post-15719","agenda","type-agenda","status-publish","has-post-thumbnail","hentry","municipi-artes"],"acf":{"data_ordre":"20251004","ordre_final":"20251005","data_actual":"04\/10\/2025","data_general":"1r cap de setmana d\u2019octubre","entitat":"","adreca":"","telefon":"","email":"","web":"","web_entitat":"","accessible":false,"gratis":false,"galeria":false,"ubicacio":false},"_links":{"self":[{"href":"https:\/\/www.bagesturisme.cat\/es\/wp-json\/wp\/v2\/agenda\/15719","targetHints":{"allow":["GET"]}}],"collection":[{"href":"https:\/\/www.bagesturisme.cat\/es\/wp-json\/wp\/v2\/agenda"}],"about":[{"href":"https:\/\/www.bagesturisme.cat\/es\/wp-json\/wp\/v2\/types\/agenda"}],"wp:featuredmedia":[{"embeddable":true,"href":"https:\/\/www.bagesturisme.cat\/es\/wp-json\/wp\/v2\/media\/15720"}],"wp:attachment":[{"href":"https:\/\/www.bagesturisme.cat\/es\/wp-json\/wp\/v2\/media?parent=15719"}],"wp:term":[{"taxonomy":"post_tag","embeddable":true,"href":"https:\/\/www.bagesturisme.cat\/es\/wp-json\/wp\/v2\/tags?post=15719"}],"curies":[{"name":"wp","href":"https:\/\/api.w.org\/{rel}","templated":true}]}}

El casco antiguo de Artés se convierte en un escenario en conmemoración de la DO Pla de Bages y el reconocimiento a la cultura vitivinícola de la comarca, con muestra de vinos, presentación anuales de los productos de las bodegas, espectáculos, feria de artesanos y actividades familiares.</p>
<p><strong>www.festaveremabages.cat</strong>
