{"id":15716,"date":"2025-07-02T11:48:43","date_gmt":"2025-07-02T10:48:43","guid":{"rendered":"https:\/\/bagesturisme.cat\/?post_type=agenda&#038;p=15716"},"modified":"2025-07-04T10:56:17","modified_gmt":"2025-07-04T09:56:17","slug":"festa-de-la-sal","status":"publish","type":"agenda","link":"https:\/\/www.bagesturisme.cat\/es\/esdeveniments\/festa-de-la-sal\/","title":{"rendered":"fiesta de la sal"},"content":{"rendered":"La Fiesta de la Sal conmemora el origen de la villa nacida a los pies del imponente Castell, el esplendor de su pasado y la importancia de la preciada sal del Valle Salina. Las calles y plazas<br \/>\ndel centro hist\u00f3rico se convierten en el escenario de un amplio programa de actividades como el mercado medieval, espect\u00e1culos de calle, actividades infantiles, animaciones, gastronom\u00eda, artesan\u00eda y recreaciones hist\u00f3ricas de los ricos se\u00f1ores de la sal.<\/p>\n<p><strong>www.cardona.cat<\/strong>","protected":false},"featured_media":15717,"template":"","tags":[],"class_list":["post-15716","agenda","type-agenda","status-publish","has-post-thumbnail","hentry","municipi-cardona"],"acf":{"data_ordre":"20260606","ordre_final":"20260607","data_actual":"1r cap de setmana de juny","data_general":"1r cap de setmana de juny","entitat":"","adreca":"","telefon":"","email":"","web":"","web_entitat":"","accessible":false,"gratis":false,"galeria":false,"ubicacio":false},"_links":{"self":[{"href":"https:\/\/www.bagesturisme.cat\/es\/wp-json\/wp\/v2\/agenda\/15716","targetHints":{"allow":["GET"]}}],"collection":[{"href":"https:\/\/www.bagesturisme.cat\/es\/wp-json\/wp\/v2\/agenda"}],"about":[{"href":"https:\/\/www.bagesturisme.cat\/es\/wp-json\/wp\/v2\/types\/agenda"}],"wp:featuredmedia":[{"embeddable":true,"href":"https:\/\/www.bagesturisme.cat\/es\/wp-json\/wp\/v2\/media\/15717"}],"wp:attachment":[{"href":"https:\/\/www.bagesturisme.cat\/es\/wp-json\/wp\/v2\/media?parent=15716"}],"wp:term":[{"taxonomy":"post_tag","embeddable":true,"href":"https:\/\/www.bagesturisme.cat\/es\/wp-json\/wp\/v2\/tags?post=15716"}],"curies":[{"name":"wp","href":"https:\/\/api.w.org\/{rel}","templated":true}]}}

La Fiesta de la Sal conmemora el origen de la villa nacida a los pies del imponente Castell, el esplendor de su pasado y la importancia de la preciada sal del Valle Salina. Las calles y plazas<br />
del centro histórico se convierten en el escenario de un amplio programa de actividades como el mercado medieval, espectáculos de calle, actividades infantiles, animaciones, gastronomía, artesanía y recreaciones históricas de los ricos señores de la sal.</p>
<p><strong>www.cardona.cat</strong>
