{"id":15712,"date":"2025-07-02T11:41:14","date_gmt":"2025-07-02T10:41:14","guid":{"rendered":"https:\/\/bagesturisme.cat\/?post_type=agenda&#038;p=15712"},"modified":"2025-07-04T10:22:53","modified_gmt":"2025-07-04T09:22:53","slug":"fira-dels-matiners","status":"publish","type":"agenda","link":"https:\/\/www.bagesturisme.cat\/es\/esdeveniments\/fira-dels-matiners\/","title":{"rendered":"Feria dels Matiners"},"content":{"rendered":"La Feria de los Matiners recupera la victoria de los carlistas contra las tropas de Isabel II, en 1848, durante la Guerra de los Matiners y la Torre de los Soldados de Avi\u00f1\u00f3n.<br \/>\nLos espect\u00e1culos y representaciones teatrales explican los hechos sucedidos el d\u00eda del Combate de Avi\u00f1\u00f3n y la situaci\u00f3n social que se viv\u00eda en Catalu\u00f1a en esas fechas, que van<br \/>\nmotivar el levantamiento de la poblaci\u00f3n contra las reformas econ\u00f3micas y sociales que el gobierno de Madrid impon\u00eda con el objetivo de modernizar el pa\u00eds.<\/p>\n<p><strong>https:\/\/matiners.cat\/<\/strong>","protected":false},"featured_media":15713,"template":"","tags":[],"class_list":["post-15712","agenda","type-agenda","status-publish","has-post-thumbnail","hentry","municipi-avinyo"],"acf":{"data_ordre":"20251109","ordre_final":"20251109","data_actual":"09\/11\/2025","data_general":"novembre","entitat":"","adreca":"","telefon":"","email":"","web":"","web_entitat":"","accessible":false,"gratis":false,"galeria":false,"ubicacio":false},"_links":{"self":[{"href":"https:\/\/www.bagesturisme.cat\/es\/wp-json\/wp\/v2\/agenda\/15712","targetHints":{"allow":["GET"]}}],"collection":[{"href":"https:\/\/www.bagesturisme.cat\/es\/wp-json\/wp\/v2\/agenda"}],"about":[{"href":"https:\/\/www.bagesturisme.cat\/es\/wp-json\/wp\/v2\/types\/agenda"}],"wp:featuredmedia":[{"embeddable":true,"href":"https:\/\/www.bagesturisme.cat\/es\/wp-json\/wp\/v2\/media\/15713"}],"wp:attachment":[{"href":"https:\/\/www.bagesturisme.cat\/es\/wp-json\/wp\/v2\/media?parent=15712"}],"wp:term":[{"taxonomy":"post_tag","embeddable":true,"href":"https:\/\/www.bagesturisme.cat\/es\/wp-json\/wp\/v2\/tags?post=15712"}],"curies":[{"name":"wp","href":"https:\/\/api.w.org\/{rel}","templated":true}]}}

La Feria de los Matiners recupera la victoria de los carlistas contra las tropas de Isabel II, en 1848, durante la Guerra de los Matiners y la Torre de los Soldados de Aviñón.<br />
Los espectáculos y representaciones teatrales explican los hechos sucedidos el día del Combate de Aviñón y la situación social que se vivía en Cataluña en esas fechas, que van<br />
motivar el levantamiento de la población contra las reformas económicas y sociales que el gobierno de Madrid imponía con el objetivo de modernizar el país.</p>
<p><strong>https://matiners.cat/</strong>
